-- https://www.phpmyadmin.net/
--

START TRANSACTION;



-- --------------------------------------------------------

--
-- Table structure for table `p_anno_resp`
--

CREATE TABLE `p_anno_resp` (
  `respID` int UNSIGNED NOT NULL,
  `created` int UNSIGNED NOT NULL,
  `status` tinyint(1) NOT NULL,
  `start_time` int UNSIGNED NOT NULL,
  `end_time` int UNSIGNED NOT NULL,
  `deptID` int UNSIGNED NOT NULL,
  `display` tinyint UNSIGNED NOT NULL,
  `t_clicks` int UNSIGNED NOT NULL,
  `t_up` tinyint UNSIGNED NOT NULL,
  `t_down` tinyint UNSIGNED NOT NULL,
  `title` varchar(125) CHARACTER SET utf8mb3 COLLATE utf8mb3_general_ci NOT NULL,
  `message` text CHARACTER SET utf8mb3 COLLATE utf8mb3_general_ci NOT NULL
) ENGINE=MyISAM DEFAULT CHARSET=latin1;

-- --------------------------------------------------------

--
-- Table structure for table `p_anno_rlog`
--

CREATE TABLE `p_anno_rlog` (
  `md5_vhash` varchar(32) NOT NULL,
  `created` int UNSIGNED NOT NULL
) ENGINE=MyISAM DEFAULT CHARSET=latin1;

-- --------------------------------------------------------

--
-- Table structure for table `p_canned`
--

CREATE TABLE `p_canned` (
  `canID` int UNSIGNED NOT NULL,
  `opID` int UNSIGNED NOT NULL,
  `deptID` int UNSIGNED NOT NULL,
  `catID` smallint NOT NULL DEFAULT '-1',
  `cats_extra` text NOT NULL,
  `title` varchar(80) CHARACTER SET utf8mb3 COLLATE utf8mb3_general_ci NOT NULL,
  `message` mediumtext CHARACTER SET utf8mb3 COLLATE utf8mb3_general_ci NOT NULL
) ENGINE=InnoDB DEFAULT CHARSET=latin1;

--
-- Dumping data for table `p_canned`
--

INSERT INTO `p_canned` (`canID`, `opID`, `deptID`, `catID`, `cats_extra`, `title`, `message`) VALUES
(53, 1111111111, 2, -1, '', 'ILT Student Info Request', 'Can you provide me with:\r\n\r\n1. Student Name & company your request concerns and;\r\n2. The course name and approximate graduation date'),
(54, 1111111111, 1111111111, -1, '', 'Transfer to Registration?', 'Our Registration Department is better able to assist you with your request.\r\n\r\nI can transfer your ComplyChat session to an Education Specialist right now or;\r\n\r\nYou can reach them directly by email at: CustomerService@csregs.com or phone: 800-711-2706 Ext 1.\r\n\r\nWhich would you prefer?'),
(55, 1111111111, 1111111111, -1, '', 'Transfer to Tech Support?', 'Our Tech Support Department is better suited to assist with your request.\r\n\r\nI can either transfer your ComplyChat session to an Agent right now or;\r\n\r\nYou can reach them directly by email or phone: CustomerService@csregs.com \r\n800-711-2706 Ext 320.\r\n\r\nWhich would you prefer?'),
(56, 1111111111, 1111111111, -1, '', 'Phone Call Is Better', 'I have a couple &#34;back and forth&#34; type questions that would be much easier for you (and me) if handled with a personal phone call. \r\n\r\nIf you would be so kind as to provide a phone number to reach you directly, I&#39;ll call you right back.'),
(66, 1111111111, 2, -1, '', 'Cert REPLACEMENT1', 'All courses include one free Certificate (suitable for framing) that&#39;s sent via U.S. Mail to the company. \r\n\r\nIt&#39;s usually addressed to the EH&S Department or the person listed as the EH&S &#34;contact&#34;. \r\n\r\nAll course fees must be paid before a certificate is released. Is this request for a recent completion and can you verify that payment of all registration fees has been made?'),
(67, 1111111111, 2, -1, '', 'Cert REPLACEMENT2', 'There are a couple things I need to check:\r\n\r\n1. If you are still employed at the company who ordered the training, you can request a replacement by clicking this link:\r\nhttps://csregs.com/pages/certificate-request-for-sponsoring-employer\r\n\r\n2. If you&#39;re no longer employed at that company (i.e. you or your new employer are requesting a replacement certificate) you need to obtain written permission from your prior employer. \r\n\r\nWe&#39;ve made the process easy by listing the steps and a form to release the certificate on this webpage: \r\n \r\nhttps://csregs.com/pages/certificate-request-for-employees-and-new-employers\r\n\r\nThere is a $10.00 PER CLASS fee for all replacements. \r\n\r\nDo either of these options resolve your question?'),
(68, 1111111111, 1111111111, -1, '', '2-Finish Chat1-ALL DEPTS', 'We appreciate your using ComplyChat to contact us! Is there anything else we can do to serve you better? \r\n\r\n'),
(69, 1111111111, 1111111111, -1, '', '1- Intro-ALL DEPTS', 'Hi, %%visitor%%!\r\n\r\nMy name is %%operator%%. Welcome to ComplyChat!\r\n\r\nHow are you today? '),
(72, 1111111111, 1111111111, -1, '', 'Need loginCan\'t login-1', 'Because all passwords are encrypted and we cannot see them, the fastest solution is to use the &#34;Forgot Your Password&#34; link? \r\n\r\nIt&#39;s located on our Learning Management System login page: https://csregsonline.com/\r\n\r\nWould you give that a try real quick while I&#39;m here with you?'),
(73, 1111111111, 1111111111, -1, '', '2-Finish Chat2-ALL DEPTS', 'My name is %%operator%%, and you can reach me via email at: %%op_email%% or by phone at 800-711-2706\r\n\r\nHave a great day!'),
(74, 23, 1111111111, -1, '', 'Time Requirement Met', 'After completing any module, if the next module is still grayed out and not able to complete this means you need to have more time logged into the course before continuing.  \r\n \r\nNext to the grayed-out module\'s name there is a small question mark.  If you hover your curser/arrow over the question mark it will give you an explanation.  \r\n\r\nEven if you have completed and passed all previous modules the time requirement must be met.  You will simply just need to go back through the previous module and put some review time in.  The competition status of the module will not change by re-entering it. '),
(75, 23, 2, -1, '', 'Online 40 HAZ difference', 'Once registered for any online training course with Compliance Solutions students have 90 days to complete the training before the course expires. \r\n\r\nWith the standard version of the 40-Hour HAZWOPER students need to complete 32-Hours online, then go to the hands-on class and afterwards back online to complete the exam (passing with a 70% or better) within that 90 days. Once competed with all that their certificate is issued as long as the training has been paid for.\r\n\r\nWith the Hybrid version students will complete 40-Hours of online training and the exam immediately afterwards within the 90 days. The students certificate of completion will then be issued via USPS (as long as they have passed the exam with a 70% or better and the course is paid).  The hands-on dressout portion is not included in this course.\r\n\r\nAt the request of students and clients, Compliance Solutions created this Hybrid, 100% online version of our 40-Hour HAZWOPER course that is specially designed for workers/employees who:\r\n\r\nAre employed by a company that provides hands-on training for their employees or;\r\nHave job descriptions that EXCLUDE exposure to IDLH environments.\r\n\r\nCompliance Solutions offers the hands-On training at 41 U.S. locations (onsite classes are offered for groups of 5 or more).  After registering, and within 12 months, you need hands-on training (per OSHA regulations), simply register for and pay the additional cost.'),
(76, 23, 1111111111, -1, '', 'Browser?', 'Which Browser are you current logged into the training under?\r\n\r\nOur Learning Management System (LMS) supports most modern browsers, particularly Google Chrome, Microsoft Edge, Mozilla Firefox, and Safari.\r\n\r\nNote: Microsoft Internet Explorer is not recommended as you may experience glitching or technical errors.\r\n'),
(77, 23, 1, -1, '', 'Module Stuck Response #1', 'There are several reasons why this may be happening. It is important to understand that this is a “time required” and “content required” course. This means you must meet minimum time requirements for each module and the course, or you cannot continue. To get the best experience from your course, be aware that:\r\n\r\nYour session will “time out” if you are inactive  for 10 minutes\r\nModule quizzes “lock” if you don’t log out properly or close your browser while taking the exam\r\nNot completing ALL module activities (including student activities, videos and interactions or skipping pages)\r\nUsing a browser OTHER THAN: Google Chrome (recommended), Firefox, Safari or Microsoft EDGE (not Internet Explorer)\r\n \r\nDo you have ANY questions on the above?'),
(78, 23, 1, -1, '', 'Module Stuck Response-#2', 'OK, I’m going to issue a “one-time” pass for the module you are stuck on. We highly suggest you review any missed/skipped content or interactions in this module, they may appear on the (Final) Course Assessment.\r\n\r\nGoing forward, avoid the following while training and follow these Tips:\r\n*Engaging in “non-training” activities (writing/answering emails, viewing other windows or browser pages)\r\n*Remain fully engaged in the course while training.\r\n*Refrain from:\r\n1. Phone calls or extended phone calls, breaks, & conversations (more than minute). You’ll be surprised how fast 10-minutes can pass by!\r\n2. “Rushing thru” content and activities. Please, take your time training! We’ve allowed for review and load time\r\n3. Excessive breaks while training. We suggest you log out and take a short 5-10 minute break at least once per hour. This improves retention and comprehension\r\n\r\nFinally, log out properly: Click the “Exit Lesson” button or the “Exit Module” link at the top right of your screen and;\r\n\r\nNEVER use the “X” in the top left corner of the browser window. This closes the page (not the course) and may “lock” your course or even lose accumulated course time. This cannot be recovered.\r\n\r\nCan I help with anything else today?');

-- --------------------------------------------------------

--
-- Table structure for table `p_canned_auto`
--

CREATE TABLE `p_canned_auto` (
  `opID` int UNSIGNED NOT NULL,
  `canID` int UNSIGNED NOT NULL
) ENGINE=MyISAM DEFAULT CHARSET=latin1;

-- --------------------------------------------------------

--
-- Table structure for table `p_departments`
--

CREATE TABLE `p_departments` (
  `deptID` int UNSIGNED NOT NULL,
  `visible` tinyint NOT NULL,
  `display` tinyint UNSIGNED NOT NULL,
  `queue` tinyint NOT NULL,
  `tshare` tinyint NOT NULL,
  `texpire` int UNSIGNED NOT NULL,
  `rname` tinyint UNSIGNED NOT NULL DEFAULT '1',
  `rquestion` tinyint NOT NULL,
  `remail` tinyint NOT NULL,
  `temail` tinyint NOT NULL,
  `aemail` tinyint NOT NULL,
  `temaild` tinyint NOT NULL,
  `rtype` tinyint NOT NULL,
  `rtime` int UNSIGNED NOT NULL,
  `savem` tinyint UNSIGNED NOT NULL,
  `vupload` varchar(45) NOT NULL,
  `ctimer` tinyint(1) NOT NULL DEFAULT '1',
  `custom` text CHARACTER SET utf8mb3 COLLATE utf8mb3_general_ci NOT NULL,
  `smtp` text NOT NULL,
  `lang` varchar(15) NOT NULL,
  `name` varchar(80) CHARACTER SET utf8mb3 COLLATE utf8mb3_general_ci NOT NULL,
  `email` varchar(160) NOT NULL,
  `emailm_cc` varchar(160) NOT NULL,
  `emailt` varchar(160) NOT NULL,
  `emailt_bcc` tinyint(1) NOT NULL,
  `msg_missed` varchar(255) CHARACTER SET utf8mb3 COLLATE utf8mb3_general_ci NOT NULL,
  `msg_greet` text CHARACTER SET utf8mb3 COLLATE utf8mb3_general_ci NOT NULL,
  `msg_offline` text CHARACTER SET utf8mb3 COLLATE utf8mb3_general_ci NOT NULL,
  `msg_busy` text CHARACTER SET utf8mb3 COLLATE utf8mb3_general_ci NOT NULL,
  `msg_email` text CHARACTER SET utf8mb3 COLLATE utf8mb3_general_ci NOT NULL
) ENGINE=InnoDB DEFAULT CHARSET=latin1;

--
-- Dumping data for table `p_departments`
--

INSERT INTO `p_departments` (`deptID`, `visible`, `display`, `queue`, `tshare`, `texpire`, `rname`, `rquestion`, `remail`, `temail`, `aemail`, `temaild`, `rtype`, `rtime`, `savem`, `vupload`, `ctimer`, `custom`, `smtp`, `lang`, `name`, `email`, `emailm_cc`, `emailt`, `emailt_bcc`, `msg_missed`, `msg_greet`, `msg_offline`, `msg_busy`, `msg_email`) VALUES
(1, 1, 1, 0, 1, 0, 1, 1, 1, 1, 1, 1, 1, 60, 6, '0', 1, 'a:8:{i:0;s:7:\"Company\";i:1;s:1:\"1\";i:2;s:13:\"Online Course\";i:3;s:1:\"1\";i:4;s:0:\"\";i:5;i:0;i:6;s:93:\"Question Type:,Computer/Network Issues, Display/Browser Issue, Course Not Working as Expected\";i:7;s:1:\"1\";}', '', 'english', 'Online Training Tech Support', 'dept_techsupport@csregs.com', 'jeff_kline@csregs.com', 'jeff_kline@csregs.com', 0, '', 'Welcome, %%visitor%%. We are locating an Support Specialist. This thread is ONLY for TECHNICAL questions about USING and online course. If your question is unrelated, select a different department from the dropdown menu. Thank you!', 'We appologize but a live agent is not available at this time. Please leave a message and we\'ll reply as soon as someone is available.', 'We are experiencing a large volume of requests at this time. Please leave a message and we\'ll reply as soon as someone is available.', 'Hi %%visitor%%,\r\n\r\nThank you for taking the time to contact us via ComplyChat!  Here is the complete chat transcript for your reference:\r\n\r\n%%transcript%%\r\n\r\n\r\n%%dept_email%%\r\n%%op_email%%\r\n'),
(2, 1, 0, 0, 1, 0, 1, 1, 1, 1, 1, 1, 2, 15, 6, 'PNG,JPG,PDF', 0, 'a:8:{i:0;s:7:\"Company\";i:1;s:1:\"1\";i:2;s:0:\"\";i:3;i:0;i:4;s:0:\"\";i:5;i:0;i:6;s:114:\"Select Area of Inquiry:,New Registration, Existing Registration, Scheduling/Reschedule, Certificate Inquiry, Other\";i:7;s:1:\"1\";}', '', 'english', 'Registration & Customer Service', 'CustomerService@csregs.com', 'jeff_kline@csregs.com', 'sjones@csregs.com', 0, '', 'Welcome, %%visitor%%. We are locating an Registration Specialist. This thread is ONLY for questions about REGISTERING for a class or PREVIOUS customers. If you need a different department, select one from the drop-down.', 'We appologize but a live agent is not available at this time. Please leave a message and we\'ll reply as soon as someone is available.', 'We are experiencing a large volume of requests at this time. Please leave a message and we\'ll reply as soon as someone is available.', 'Hi %%visitor%%,\r\n\r\nThank you for taking the time to contact us via ComplyChat!  Here is the complete chat transcript for your reference:\r\n\r\n%%transcript%%\r\n\r\n%%operator%%\r\n%%op_email%%\r\n'),
(3, 1, 4, 0, 1, 0, 1, 1, 1, 1, 1, 1, 1, 30, 6, 'GIF,PNG,JPG,PDF', 1, 'a:8:{i:0;s:18:\"Online Course Name\";i:1;s:1:\"1\";i:2;s:12:\"Chapter Name\";i:3;i:0;i:4;s:0:\"\";i:5;i:0;i:6;s:34:\"Question Type,Content, Exam, Other\";i:7;s:1:\"1\";}', '', 'english', 'Student Instructor Support', 'dept_instructor_support@csregs.com', 'jeff_kline@csregs.com', '', 0, '', 'Welcome, %%visitor%%. We are locating an Instructor. This thread is ONLY for questions about an ONLINE COURSE you are enrolled in. If you have a different question, select the department from the drop-down.', 'We appologize but a live agent is not available at this time. Please leave a message and we\'ll reply as soon as someone is available.', 'We are experiencing a large volume of requests at this time. Please leave a message and we\'ll reply as soon as someone is available.', 'Hi %%visitor%%,\r\n\r\nThank you for taking the time to contact us via ComplyChat!  Here is the complete chat transcript for your reference:\r\n\r\n%%transcript%%\r\n\r\n%%operator%%\r\n%%op_email%%\r\n'),
(4, 1, 2, 1, 1, 0, 1, 1, 1, 1, 1, 1, 1, 30, 6, 'GIF,PNG,JPG,PDF', 1, 'a:8:{i:0;s:7:\"Company\";i:1;s:1:\"1\";i:2;s:15:\"Training Needed\";i:3;s:1:\"1\";i:4;s:0:\"\";i:5;i:0;i:6;s:48:\"# of Employees to train:,5-10, 11-15, 16 or more\";i:7;s:1:\"1\";}', '', 'english', 'Private Training Quotes', 'dept_onsite@csregs.com', 'jeff_kline@csregs.com', 'sjones@csregs.com', 0, '', 'Welcome, %%visitor%%. We are locating an Education Specialist. This thread is ONLY for inquires and quotes for PRIVATE TRAINING at your site.  If you have a different question, select a department from the drop-down.', 'We appologize but a live agent is not available at this time. Please leave a message and we\'ll reply as soon as someone is available.', 'We are experiencing a large volume of requests at this time. Please leave a message and we\'ll reply as soon as someone is available.', 'Hi %%visitor%%,\r\n\r\nThank you for taking the time to contact us via ComplyChat!  Here is the complete chat transcript for your reference:\r\n\r\n%%transcript%%\r\n\r\n%%operator%%\r\n%%op_email%%\r\n'),
(5, 1, 3, 0, 1, 0, 1, 1, 1, 1, 1, 1, 2, 30, 6, 'GIF,PNG,PDF', 0, 'a:8:{i:0;s:7:\"Company\";i:1;s:1:\"1\";i:2;s:14:\"Invoice Number\";i:3;i:0;i:4;s:0:\"\";i:5;i:0;i:6;s:63:\"Please Select One:,Student, Purchasing Contact, Billing Contact\";i:7;s:1:\"1\";}', '', 'english', 'Accounting-Billing', 'Accounting@csregs.com', 'jeff_kline@csregs.com', '', 0, '', 'An agent will be with you shortly. Thank you for your patience.', 'We appologize but a live agent is not available at this time. Please leave a message and we\'ll reply as soon as someone is available.', 'We are experiencing a large volume of requests at this time. Please leave a message and we\'ll reply as soon as someone is available.', 'Hi %%visitor%%,\r\n\r\nHere is the complete chat transcript for your reference:\r\n\r\n%%transcript%%\r\n\r\n==========\r\n\r\n%%operator%%\r\n%%op_email%%\r\n');

-- --------------------------------------------------------

--
-- Table structure for table `p_dept_groups`
--

CREATE TABLE `p_dept_groups` (
  `groupID` int UNSIGNED NOT NULL,
  `name` varchar(45) CHARACTER SET utf8mb3 COLLATE utf8mb3_general_ci NOT NULL,
  `lang` varchar(15) NOT NULL DEFAULT 'english',
  `deptids` varchar(45) NOT NULL
) ENGINE=MyISAM DEFAULT CHARSET=latin1;

-- --------------------------------------------------------

--
-- Table structure for table `p_dept_ops`
--

CREATE TABLE `p_dept_ops` (
  `deptID` int UNSIGNED NOT NULL,
  `opID` int UNSIGNED NOT NULL,
  `display` tinyint NOT NULL,
  `visible` tinyint NOT NULL,
  `status` tinyint NOT NULL,
  `dept_offline` tinyint UNSIGNED NOT NULL
) ENGINE=InnoDB DEFAULT CHARSET=latin1;

--
-- Dumping data for table `p_dept_ops`
--

INSERT INTO `p_dept_ops` (`deptID`, `opID`, `display`, `visible`, `status`, `dept_offline`) VALUES
(1, 23, 2, 1, 0, 0),
(2, 16, 5, 1, 0, 0),
(2, 19, 2, 1, 0, 0),
(2, 22, 6, 1, 0, 0),
(2, 23, 0, 1, 0, 0),
(2, 25, 7, 1, 0, 0),
(2, 27, 5, 1, 0, 0),
(4, 16, 1, 1, 0, 0),
(4, 22, 0, 1, 0, 0),
(4, 23, 5, 1, 0, 0),
(4, 25, 3, 1, 0, 0),
(5, 14, 4, 1, 0, 0),
(5, 23, 2, 1, 0, 0),
(5, 28, 2, 1, 0, 0),
(5, 31, 3, 1, 0, 0);

-- --------------------------------------------------------

--
-- Table structure for table `p_dept_vars`
--

CREATE TABLE `p_dept_vars` (
  `deptID` int NOT NULL,
  `idle_o` tinyint UNSIGNED NOT NULL,
  `idle_v` tinyint UNSIGNED NOT NULL,
  `trans_f_dept` tinyint UNSIGNED NOT NULL,
  `prechat_form` tinyint(1) NOT NULL DEFAULT '1',
  `offline_form` tinyint UNSIGNED NOT NULL DEFAULT '1',
  `qest` tinyint UNSIGNED NOT NULL,
  `qpos` tinyint UNSIGNED NOT NULL,
  `qlimit` tinyint UNSIGNED NOT NULL DEFAULT '5',
  `timestamp` tinyint UNSIGNED NOT NULL DEFAULT '1',
  `emarketID` int UNSIGNED NOT NULL,
  `qtexts` varchar(255) CHARACTER SET utf8mb3 COLLATE utf8mb3_general_ci NOT NULL,
  `greeting_title` varchar(255) CHARACTER SET utf8mb3 COLLATE utf8mb3_general_ci NOT NULL,
  `greeting_body` varchar(255) CHARACTER SET utf8mb3 COLLATE utf8mb3_general_ci NOT NULL,
  `end_chat_msg` text CHARACTER SET utf8mb3 COLLATE utf8mb3_general_ci NOT NULL,
  `gdpr_msg` text CHARACTER SET utf8mb3 COLLATE utf8mb3_general_ci NOT NULL,
  `offline_msg_template` text CHARACTER SET utf8mb3 COLLATE utf8mb3_general_ci NOT NULL,
  `offline_auto_reply` text CHARACTER SET utf8mb3 COLLATE utf8mb3_general_ci NOT NULL
) ENGINE=MyISAM DEFAULT CHARSET=latin1;

--
-- Dumping data for table `p_dept_vars`
--

INSERT INTO `p_dept_vars` (`deptID`, `idle_o`, `idle_v`, `trans_f_dept`, `prechat_form`, `offline_form`, `qest`, `qpos`, `qlimit`, `timestamp`, `emarketID`, `qtexts`, `greeting_title`, `greeting_body`, `end_chat_msg`, `gdpr_msg`, `offline_msg_template`, `offline_auto_reply`) VALUES
(3, 0, 10, 0, 1, 1, 1, 1, 5, 0, 0, 'a:3:{s:14:\"CHAT_QUEUE_EST\";s:28:\"Estimated wait time is about\";s:18:\"CHAT_QUEUE_EST_MIN\";s:8:\"minutes.\";s:14:\"CHAT_QUEUE_POS\";s:16:\"Queue Position: \";}', '', '', 'Your session on ComplyChat has ended.', 'I agree with the [link]privacy and data policy[/link].-_-Compliance Solutions will not resell or distribute information provided using ComplyChat. This includes any party or entity outside our organization. \r\n \r\n\r\nAnything else is... well, UNCOOL!', '%%visitor_subject%%-_---------------------------\r\nMessage to: %%department_name%%\r\n--------------------------\r\nThe following message has been delivered to our %%department_name%% Department:\r\n\r\n\r\n%%visitor_message%%\r\n\r\nWe\'ll contact you as soon as someone becomes available or on our next business day (if after hours).\r\n\r\n======= Visitor Information =======\r\n\r\n%%custom_variables%%\r\n\r\nName : %%visitor%%\r\nEmail : %%visitor_email%%\r\n\r\nFootprints : %%stat_total_footprints%%\r\nIP Address : %%stat_ip%%\r\nVisitor ID : %%stat_visitor_id%%\r\nClicked From : %%stat_onpage_url%%\r\n\r\n======\r\nMessage sent via Live Chat leave a message.\r\n\r\n', '1-_-no-reply@csregs.com-_-Automatic Reply: %%visitor_subject%%-_-Thank you for contacting our Student Content Helpline. We may be helping another student or you\'ve reached us after department hours. \r\n\r\nGreat customer service is a priority at Compliance Solutions. If you called during normal department business hours (Mon-Fri 7:00-3:30 PM Mountain) we will contact you as soon as possible.  \r\n\r\nThank you for your inquiry, we\'ll reply as soon as possible.  \r\n\r\nHave a SAFE day! \r\n\r\nYour message:\r\n-----\r\n%%visitor_message%%'),
(2, 0, 10, 0, 1, 1, 1, 1, 5, 0, 0, 'a:3:{s:14:\"CHAT_QUEUE_EST\";s:28:\"Estimated wait time is about\";s:18:\"CHAT_QUEUE_EST_MIN\";s:8:\"minutes.\";s:14:\"CHAT_QUEUE_POS\";s:16:\"Queue Position: \";}', '', '', 'Your session on ComplyChat has ended.', 'I agree with the [link]privacy and data policy[/link].-_-Compliance Solutions will not resell or distribute information provided using ComplyChat. This includes any party or entity outside our organization. \r\n \r\n\r\nAnything else is... well, UNCOOL!', '%%visitor_subject%%-_---------------------------\r\nMessage to: %%department_name%%\r\n--------------------------\r\nThe following message has been delivered to our %%department_name%% Department:\r\n\r\n\r\n%%visitor_message%%\r\n\r\nWe\'ll contact you as soon as someone becomes available or on our next business day (if after hours).\r\n\r\n======= Visitor Information =======\r\n\r\n%%custom_variables%%\r\n\r\nName : %%visitor%%\r\nEmail : %%visitor_email%%\r\n\r\nFootprints : %%stat_total_footprints%%\r\nIP Address : %%stat_ip%%\r\nVisitor ID : %%stat_visitor_id%%\r\nClicked From : %%stat_onpage_url%%\r\n\r\n======\r\nMessage sent via Live Chat leave a message.\r\n\r\n', '1-_-no-reply@csregs.com-_-Automatic Reply: %%visitor_subject%%-_-Thank you for contacting us.  A member of our staff will reply as soon as possible.  Have a great day!\r\n\r\nYour message:\r\n-----\r\n%%visitor_message%%\r\n'),
(1, 0, 10, 1, 1, 1, 1, 1, 5, 0, 0, 'a:3:{s:14:\"CHAT_QUEUE_EST\";s:28:\"Estimated wait time is about\";s:18:\"CHAT_QUEUE_EST_MIN\";s:8:\"minutes.\";s:14:\"CHAT_QUEUE_POS\";s:16:\"Queue Position: \";}', '', '', 'Your session on ComplyChat has ended.', 'I agree with the [link]privacy and data policy[/link].-_-Compliance Solutions will not resell or distribute information provided using ComplyChat. This includes any party or entity outside our organization. \r\n \r\n\r\nAnything else is... well, UNCOOL!', '%%visitor_subject%%-_---------------------------\r\nMessage to: %%department_name%%\r\n--------------------------\r\nThe following message has been delivered to our %%department_name%% Department:\r\n\r\n\r\n%%visitor_message%%\r\n\r\nWe\'ll contact you as soon as someone becomes available or on our next business day (if after hours).\r\n\r\n======= Visitor Information =======\r\n\r\n%%custom_variables%%\r\n\r\nName : %%visitor%%\r\nEmail : %%visitor_email%%\r\n\r\nFootprints : %%stat_total_footprints%%\r\nIP Address : %%stat_ip%%\r\nVisitor ID : %%stat_visitor_id%%\r\nClicked From : %%stat_onpage_url%%\r\n\r\n======\r\nMessage sent via Live Chat leave a message.\r\n\r\n', '1-_-no-reply@csregs.com-_-Automatic Reply: %%visitor_subject%%-_-Thank you for contacting us.  A member of our staff will reply as soon as possible.  Have a great day!\r\n\r\nYour message:\r\n-----\r\n%%visitor_message%%\r\n'),
(4, 0, 10, 0, 1, 1, 1, 1, 5, 0, 0, 'a:3:{s:14:\"CHAT_QUEUE_EST\";s:28:\"Estimated wait time is about\";s:18:\"CHAT_QUEUE_EST_MIN\";s:8:\"minutes.\";s:14:\"CHAT_QUEUE_POS\";s:16:\"Queue Position: \";}', '', '', 'Your session on ComplyChat has ended.', 'I agree with the [link]privacy and data policy[/link].-_-Compliance Solutions will not resell or distribute information provided using ComplyChat. This includes any party or entity outside our organization. \r\n \r\n\r\nAnything else is... well, UNCOOL!', '%%visitor_subject%%-_---------------------------\r\nMessage to: %%department_name%%\r\n--------------------------\r\nThe following message has been delivered to our %%department_name%% Department:\r\n\r\n\r\n%%visitor_message%%\r\n\r\nWe\'ll contact you as soon as someone becomes available or on our next business day (if after hours).\r\n\r\n======= Visitor Information =======\r\n\r\n%%custom_variables%%\r\n\r\nName : %%visitor%%\r\nEmail : %%visitor_email%%\r\n\r\nFootprints : %%stat_total_footprints%%\r\nIP Address : %%stat_ip%%\r\nVisitor ID : %%stat_visitor_id%%\r\nClicked From : %%stat_onpage_url%%\r\n\r\n======\r\nMessage sent via Live Chat leave a message.\r\n\r\n', '1-_-no-reply@csregs.com-_-Automatic Reply: %%visitor_subject%%-_-Thank you for contacting us.  A member of our staff will reply as soon as possible.  Have a great day!\r\n\r\nYour message:\r\n-----\r\n%%visitor_message%%\r\n'),
(5, 0, 0, 0, 1, 1, 0, 0, 5, 0, 0, '', '', '', '', '', '', '1-_-no-reply@csregs.com-_-Automatic Reply: %%visitor_subject%%-_-Thank you for contacting our Accounting Department.  we may be helping another customer or you\'ve reached us after department hours. \r\n\r\nGreat customer service is a priority at Compliance Solutions. If you called during normal department business hours (Mon-Fri 7:00-4:00 Mountain) we will contact you as soon as possible.  \r\n\r\nIf you called outside department hours and your call is urgent, you can contact our main office at 800-711-2706. Office hours are 7:00 AM to 5:30 PM Mountain time. \r\n\r\nThank you for your inquiry, we\'ll reply as soon as possible.  \r\n\r\nHave a SAFE day! \r\n\r\nYour message:\r\n-----\r\n%%visitor_message%%\r\n');

-- --------------------------------------------------------

--
-- Table structure for table `p_emarketing`
--

CREATE TABLE `p_emarketing` (
  `statID` int UNSIGNED NOT NULL,
  `emarketID` int UNSIGNED NOT NULL,
  `created` int UNSIGNED NOT NULL,
  `thevalue` tinyint(1) NOT NULL,
  `email` varchar(160) CHARACTER SET utf8mb3 COLLATE utf8mb3_general_ci NOT NULL,
  `md5_vis` varchar(32) NOT NULL,
  `sdate` int UNSIGNED NOT NULL,
  `ces` varchar(32) NOT NULL
) ENGINE=MyISAM DEFAULT CHARSET=latin1;

-- --------------------------------------------------------

--
-- Table structure for table `p_external`
--

CREATE TABLE `p_external` (
  `extID` int UNSIGNED NOT NULL,
  `name` varchar(40) CHARACTER SET utf8mb3 COLLATE utf8mb3_general_ci NOT NULL,
  `url` varchar(255) NOT NULL
) ENGINE=InnoDB DEFAULT CHARSET=latin1;

--
-- Dumping data for table `p_external`
--

INSERT INTO `p_external` (`extID`, `name`, `url`) VALUES
(1, 'Online Store', 'https://csregsonline.com/lms/'),
(2, 'Training Login', 'http://learn.csregs.com'),
(3, 'LMS Traffic', 'https://csregsonline.com/*');

-- --------------------------------------------------------

--
-- Table structure for table `p_ext_ops`
--

CREATE TABLE `p_ext_ops` (
  `extID` int NOT NULL,
  `opID` int NOT NULL
) ENGINE=InnoDB DEFAULT CHARSET=latin1;

--
-- Dumping data for table `p_ext_ops`
--

INSERT INTO `p_ext_ops` (`extID`, `opID`) VALUES
(1, 7),
(1, 14),
(1, 16),
(1, 19),
(1, 22),
(1, 23),
(2, 7),
(3, 7),
(3, 14),
(3, 16),
(3, 19),
(3, 22),
(3, 23);

-- --------------------------------------------------------

--
-- Table structure for table `p_footprints`
--

CREATE TABLE `p_footprints` (
  `created` int UNSIGNED NOT NULL,
  `archive` tinyint(1) NOT NULL,
  `ip` varchar(45) NOT NULL,
  `os` tinyint(1) NOT NULL,
  `browser` tinyint(1) NOT NULL,
  `md5_vis` varchar(32) NOT NULL,
  `md5_page` varchar(32) DEFAULT NULL,
  `onpage` varchar(255) NOT NULL,
  `title` varchar(150) CHARACTER SET utf8mb3 COLLATE utf8mb3_general_ci NOT NULL
) ENGINE=InnoDB DEFAULT CHARSET=latin1;

-- --------------------------------------------------------

--
-- Table structure for table `p_footprints_u`
--

CREATE TABLE `p_footprints_u` (
  `footID` int UNSIGNED NOT NULL,
  `md5_vis` varchar(32) NOT NULL,
  `created` int UNSIGNED NOT NULL,
  `updated` int UNSIGNED NOT NULL,
  `deptID` int UNSIGNED NOT NULL,
  `marketID` int UNSIGNED NOT NULL,
  `chatting` tinyint(1) NOT NULL,
  `os` tinyint(1) NOT NULL,
  `browser` tinyint(1) NOT NULL,
  `footprints` int UNSIGNED NOT NULL,
  `requests` int UNSIGNED NOT NULL,
  `initiates` int UNSIGNED NOT NULL,
  `resolution` varchar(15) NOT NULL,
  `ip` varchar(45) NOT NULL,
  `onpage` varchar(255) NOT NULL,
  `title` varchar(255) CHARACTER SET utf8mb3 COLLATE utf8mb3_general_ci NOT NULL,
  `refer` text CHARACTER SET utf8mb3 COLLATE utf8mb3_general_ci NOT NULL,
  `country` varchar(2) CHARACTER SET utf8mb3 COLLATE utf8mb3_general_ci NOT NULL,
  `region` varchar(42) CHARACTER SET utf8mb3 COLLATE utf8mb3_general_ci NOT NULL,
  `city` varchar(50) CHARACTER SET utf8mb3 COLLATE utf8mb3_general_ci NOT NULL,
  `latitude` float NOT NULL,
  `longitude` float NOT NULL
) ENGINE=InnoDB DEFAULT CHARSET=latin1;

-- --------------------------------------------------------

--
-- Table structure for table `p_footstats`
--

CREATE TABLE `p_footstats` (
  `sdate` int UNSIGNED NOT NULL,
  `md5_page` varchar(32) NOT NULL,
  `total` int UNSIGNED NOT NULL,
  `onpage` varchar(255) NOT NULL
) ENGINE=InnoDB DEFAULT CHARSET=latin1;

-- --------------------------------------------------------

--
-- Table structure for table `p_ips`
--

CREATE TABLE `p_ips` (
  `md5_vis` varchar(32) NOT NULL,
  `ip` varchar(45) NOT NULL,
  `created` int UNSIGNED NOT NULL,
  `t_footprints` int UNSIGNED NOT NULL,
  `t_requests` int UNSIGNED NOT NULL,
  `t_initiate` int UNSIGNED NOT NULL,
  `i_footprints` int UNSIGNED NOT NULL
) ENGINE=MyISAM DEFAULT CHARSET=latin1;

--
-- Dumping data for table `p_ips`
--

INSERT INTO `p_ips` (`md5_vis`, `ip`, `created`, `t_footprints`, `t_requests`, `t_initiate`, `i_footprints`) VALUES
('fb6b06bbb80a7869c2c4a34f82fe7f5d', '135.135.143.21', 1723149046, 0, 1, 0, 1),
('7480c609db2f8e7f05e2fe49d1c1c26f', '96.67.178.1', 1723148560, 0, 2, 0, 1723149460),
('96dfa4fbc39c619b157d4281f114bb52', '162.12.226.28', 1722953066, 0, 1, 0, 1),
('e3746b1514e191e7131b3ed122ad09fd', '172.82.116.53', 1722345149, 0, 1, 0, 1),
('e81584128836ace670729554e20f562e', '98.28.39.76', 1722433717, 0, 1, 0, 1),
('1e1e4ce4fc92515c9e698ea74e9582e1', '65.214.234.58', 1722455896, 0, 1, 0, 1),
('79c8dfc6b25ef5bea664276f8ebb3b66', '68.198.72.214', 1722879589, 0, 1, 0, 1),
('1f2d2fb48348bf150a07b580389a4997', '2001:0DB8:2197:450b:1c77:2223:7bdb:9c27', 1722957081, 0, 1, 0, 1),
('42bd19d878174ae14dda5b6a67c15542', '50.225.59.154', 1722973687, 0, 1, 0, 1),
('4cecdc0ab5f17f3e46fe3cca8d01dbe6', '168.149.146.99', 1723038307, 0, 1, 0, 1),
('3350b8efa17821fc8ed07839d70992c3', '12.124.63.126', 1723216139, 0, 1, 0, 1),
('cbae48036a3b06e8a31a2bef07fa0eed', '72.23.94.16', 1723226368, 0, 1, 0, 1);

-- --------------------------------------------------------

--
-- Table structure for table `p_lang_packs`
--

CREATE TABLE `p_lang_packs` (
  `deptID` int UNSIGNED NOT NULL,
  `lang_vars` text CHARACTER SET utf8mb3 COLLATE utf8mb3_general_ci NOT NULL
) ENGINE=MyISAM DEFAULT CHARSET=latin1;

--
-- Dumping data for table `p_lang_packs`
--

INSERT INTO `p_lang_packs` (`deptID`, `lang_vars`) VALUES
(0, 'a:10:{s:12:\"TXT_LIVECHAT\";s:13:\"Comply%20Chat\";s:12:\"CHAT_WELCOME\";s:31:\"Welcome%20to%20Comply%20Chat%21\";s:20:\"CHAT_WELCOME_SUBTEXT\";s:50:\"To%20start%20a%20Chat%2C%20select%20a%20department\";s:14:\"TXT_DEPARTMENT\";s:10:\"Department\";s:16:\"CHAT_SELECT_DEPT\";s:31:\"---%20select%20department%20---\";s:10:\"TXT_SUBMIT\";s:6:\"Submit\";s:19:\"CHAT_BTN_START_CHAT\";s:12:\"Start%20Chat\";s:14:\"CHAT_BTN_EMAIL\";s:12:\"Send%20Email\";s:10:\"TXT_ONLINE\";s:6:\"Online\";s:11:\"TXT_OFFLINE\";s:7:\"Offline\";}');

-- --------------------------------------------------------

--
-- Table structure for table `p_marketing`
--

CREATE TABLE `p_marketing` (
  `marketID` int UNSIGNED NOT NULL,
  `skey` varchar(4) NOT NULL,
  `name` varchar(80) CHARACTER SET utf8mb3 COLLATE utf8mb3_general_ci NOT NULL,
  `color` varchar(6) NOT NULL
) ENGINE=InnoDB DEFAULT CHARSET=latin1;

-- --------------------------------------------------------

--
-- Table structure for table `p_market_c`
--

CREATE TABLE `p_market_c` (
  `sdate` int UNSIGNED NOT NULL,
  `marketID` int UNSIGNED NOT NULL,
  `clicks` mediumint UNSIGNED NOT NULL
) ENGINE=InnoDB DEFAULT CHARSET=latin1;

-- --------------------------------------------------------

--
-- Table structure for table `p_mboard`
--

CREATE TABLE `p_mboard` (
  `messageID` int UNSIGNED NOT NULL,
  `created` int UNSIGNED NOT NULL,
  `status` tinyint UNSIGNED NOT NULL,
  `opID` int UNSIGNED NOT NULL,
  `message` text CHARACTER SET utf8mb3 COLLATE utf8mb3_general_ci NOT NULL
) ENGINE=MyISAM DEFAULT CHARSET=latin1;

-- --------------------------------------------------------

--
-- Table structure for table `p_messages`
--

CREATE TABLE `p_messages` (
  `messageID` int UNSIGNED NOT NULL,
  `created` int UNSIGNED NOT NULL,
  `chat` tinyint UNSIGNED NOT NULL,
  `deptID` int UNSIGNED NOT NULL,
  `footprints` int UNSIGNED NOT NULL,
  `ip` varchar(45) NOT NULL,
  `vname` varchar(80) NOT NULL,
  `vemail` varchar(160) NOT NULL,
  `ces` varchar(32) NOT NULL,
  `md5_vis` varchar(32) NOT NULL,
  `subject` varchar(155) NOT NULL,
  `onpage` varchar(255) NOT NULL,
  `refer` text CHARACTER SET utf8mb3 COLLATE utf8mb3_general_ci NOT NULL,
  `custom` text CHARACTER SET utf8mb3 COLLATE utf8mb3_general_ci NOT NULL,
  `message` text CHARACTER SET utf8mb3 COLLATE utf8mb3_general_ci NOT NULL
) ENGINE=MyISAM DEFAULT CHARSET=latin1;

--
-- Dumping data for table `p_messages`
--

INSERT INTO `p_messages` (`messageID`, `created`, `chat`, `deptID`, `footprints`, `ip`, `vname`, `vemail`, `ces`, `md5_vis`, `subject`, `onpage`, `refer`, `custom`, `message`) VALUES
(1447, 1719287364, 0, 2, 3, '70.49.103.10', 'Wally Gross', 'webmaster@technomax.com', '', '221202b79be590e32ddd7d9a2e9bba8f', 'Testing URL Redirecr', 'livechatimagelink', '', 'Select Area of Inquiry:-_-Other-cus-Company-_-Technomax-cus-', 'Have a great day!'),
(1442, 1718638836, 1, 2, 1, '161.69.91.10', 'David', 'david_montejano@cargill.com', '343277341N2', '0cdfc16b93cc6f8b1199d89f30c52991', 'DOT', 'https://www.csregs.com/DOT-HAZMAT-Training-Refresher', '', 'Select Area of Inquiry:-_-New Registration-cus-Company-_-Cargill-cus-From-_-Automatic Chat Invite-cus-', 'Hi. DOT HAZMAT refresher, is this training is annualy, or every two years?\nPlease let me know'),
(1462, 1722956962, 0, 4, 1, '50.222.123.98', 'Test Mark Johnson', 'mark.johnson@csregs.com', '', 'd97fbe4cec412f82bc767cf0ae60d982', 'Testing Lead Flow', 'livechatimagelink', '', '# of Employees to train:-_-5-10-cus-Company-_-CSOTI-cus-Training Needed-_-HAZ-cus-', 'Test'),
(1434, 1717442535, 1, 2, 1, '140.215.178.40', 'Lise Pederson', 'LPederson@usbr.gov', '342081021KC', 'f82bb2a257136c5eb6011b8813298b45', 'Cannot register for 8 hr HAZWOPR refresher', 'https://www.csregs.com/OSHA-8-Hour-HAZWOPER-Refresher', '', 'Select Area of Inquiry:-_-New Registration-cus-Company-_-US Bureau of Reclamation-cus-From-_-Automatic Chat Invite-cus-', 'I\'m not able to register for HAZWOPER refresher. The form does not like my email address.'),
(1432, 1717435276, 0, 1, 1, '67.165.219.42', 'Robert Daggs', 'Robert.daggs668@yahoo.com', '', '38f729dbf96ee20ffb95587f4c3527af', 'final exam', 'livechatimagelink', '', 'Question Type:-_-Course Not Working as Expected-cus-Company-_-tech law-cus-Online Course-_-40hr hazwoper test-cus-', 'I did not take my test Friday May 31st I tested my password to make sure I can log in and it said I have 0% failed will I didn\'t even take the test Friday.'),
(1438, 1717618670, 1, 2, 1, '104.56.143.76', 'James', 'jCObb@regenesis.com', '3422571695R', 'e2798ebb82424d632321d5038147fae5', 'Student Info', 'https://www.csregs.com/sca-src-2023-2-0/my_account.ssp#/overview', '', 'Select Area of Inquiry:-_-Existing Registration-cus-Company-_-Regenesis-cus-From-_-Automatic Chat Invite-cus-', 'I need to know what students have completed courses in the last 2 years. Additionally i need to know if there is anything incomplete'),
(1439, 1717691512, 1, 2, 1, '50.174.208.218', 'Maggie Isler', 'maggie.isler@arcadis.com', '342330004EM', '125cbb27c56d00d71788af96b3ecd3e1', 'Adding a Respirator Fit Test', 'https://www.csregs.com/sca-src-2023-2-0/checkout.ssp?is=checkout&client_id=758848651.1717524660&session_id=1717691341#login-register', '', 'Select Area of Inquiry:-_-Existing Registration-cus-Company-_-Arcadis-cus-From-_-Automatic Chat Invite-cus-', 'I am signed up to participate in the 8-hour dress out class this Friday, June 7, 2024, and I would like to add a respirator fit test to my purchase. It is not allowing me to create an account and recover a password, so I cannot access it.'),
(1433, 1717436632, 1, 2, 1, '162.193.141.33', 'Sarah Munday', 's.munday@iwscorp.com', '342075133JC', '7cbcc3a35dbf8810ce85f18b4c716dbc', 'Transfer', 'https://www.csregs.com/H2S-Certification-Hydrogen-Sulfide', '', 'Select Area of Inquiry:-_-Existing Registration-cus-Company-_-Intelligent Wellhead Systems-cus-From-_-Automatic Chat Invite-cus-', 'I have just purchased 4 H2S courses and need them to be transferred to my employees please. SO13991. w.tally@iwscorp.com, c.truex@iwscorp.com, a.rizvi@iwscorp.com, b.brady@iwscorp.com'),
(1435, 1717511731, 1, 2, 1, '97.77.241.86', 'Maria', 'Msantiago@braunintertec.com', '342150076GW', '28d39bd3efb65b2c4be6d064a0b75284', 'scheduled hands-on training', 'https://www.csregs.com/OSHA-40-Hour-HAZWOPER', '', 'Select Area of Inquiry:-_-Scheduling/Reschedule-cus-Company-_-Braun Intertec-cus-From-_-Automatic Chat Invite-cus-', 'Is the 8hr HAZWOPER Refresher the same as the in person 8hr required section included in the 40 HAZWOPER? If not, where can I find the available dates for the in-person training? Thanks!'),
(1437, 1717611604, 1, 2, 1, '4.16.206.194', 'Tiffany George', 'TRGeorge@gsienv.com', '34225008439', '1e2a8408f2e6bf5ba8bdcf304efe37af', 'Class in San Jose Next Week', 'https://www.csregs.com/OSHA-40-Hour-HAZWOPER', '', 'Select Area of Inquiry:-_-New Registration-cus-Company-_-GSI Environmental -cus-From-_-Automatic Chat Invite-cus-', 'Hello, I thought there was a 40 hour HAZWOPER class in San Jose next week, but I\'m not seeing it on the list.  I would like to register one of our employees to attend if the class is still happening.'),
(1440, 1717703941, 1, 2, 1, '24.169.67.18', 'ian', 'imack@foresightland.com', '342342448TA', 'ec569520c1dd7d5cb95ff3121ef9e2e9', 'registration', 'https://www.csregs.com/sca-src-2023-2-0/my_account.ssp?fragment=overview#overview', '', 'Select Area of Inquiry:-_-New Registration-cus-Company-_-foresight-cus-From-_-Automatic Chat Invite-cus-', 'I am still yet to receive an email verification about my osha 10 hr.'),
(1428, 1716503909, 0, 1, 1, '69.204.240.62', 'Wagner', 'wagnerlacort@gmail.com', '', '1d787119738acafef73013f83d061d89', '1', 'livechatimagelink', '', 'Question Type:-_-Course Not Working as Expected-cus-Company-_-R&m-cus-Online Course-_-1 classes-cus-', 'My curso doesn’t go thru'),
(1429, 1716921812, 0, 4, 1, '63.159.211.211', 'Gary Alexander', 'galexander@veeco.com', '', '2f0e01ad69649243d1ca418ac25e98d3', 'pricing for ST. Paul onsite', 'https://www.csregs.com/DOT-HAZMAT-Certification-49-CFR-173', '', 'From-_-Automatic Chat Invite-cus-# of Employees to train:-_-5-10-cus-Company-_-Veeco-cus-Training Needed-_-DOT Hazmat-cus-', 'Pricing for onsite DOT Hazmat class for 10 people in St. Paul MN 55127'),
(1423, 1716301627, 1, 2, 1, '68.175.131.129', 'Sofia Echavarria', 'Sofia.Echavarria@arcadis.com', '340940130Z8', '5ce6b2957ecf9203df05012c178f56b2', 'Locked Out of Account', 'https://www.csregs.com/sca-src-2023-2-0/checkout.ssp?is=register&login=T&reset=T&newcust=T&fragment=login-register&client_id=&session_id=#login-register', '', 'Select Area of Inquiry:-_-Existing Registration-cus-Company-_-Arcadis-cus-From-_-Automatic Chat Invite-cus-', 'Hi! I have tried to reset my password multiple times and it is not sending me a link to my email. I have tried registering a new account and that fails since my email is already being used for an account. How can I fix this?'),
(1421, 1716218814, 1, 2, 1, '172.59.219.245', 'Trevor Cawley', 'trevor.cawley@erm.com', '340857296AX', '7bd6e8606c2cca7b0309ad3c94f86be3', 'OSHA Site supervisor certificate', 'https://www.csregs.com/contact-us', '', 'Select Area of Inquiry:-_-Certificate Inquiry-cus-Company-_-ERM-cus-From-_-Automatic Chat Invite-cus-', 'I have never received my certificate for the 8 hour OSHA site supervisor training I completed, can a pdf of that be sent over to my email?'),
(1422, 1716218850, 1, 2, 1, '104.55.68.53', 'Sarah Munday', 's.munday@iwscorp.com', '340857317N9', '7cbcc3a35dbf8810ce85f18b4c716dbc', 'Course change to another employee', 'https://www.csregs.com/sca-src-2023-2-0/checkout.ssp?is=checkout&client_id=1684226619.1707160662&session_id=1716218496#confirmation?last_order_id=894011', '', 'Select Area of Inquiry:-_-Existing Registration-cus-Company-_-Intelligent Wellhead Systems-cus-From-_-Automatic Chat Invite-cus-', 'I have ordered a course for another employee. The Order number is SO13845. I need it to be for m.smith@iwscorp.com Marcus Smith'),
(1425, 1716334933, 0, 1, 1, '98.203.249.26', 'Rebecca Hao', 'Rebecca.hao@arcadis.com', '', 'b474e7096a1a2e1e9040c1609d703f21', 'The page is stuck and can\'t move forward.', 'http://www.csregs.com/', '', 'Question Type:-_-Display/Browser Issue-cus-Company-_-Arcadis-cus-Online Course-_-HAZWOPER-cus-', 'The page is stuck and can\'t move forward.'),
(1426, 1716379575, 0, 1, 1, '71.73.17.251', 'walter vilk', 'walter.vilk@veolia.com', '', 'ce2970c1c282a6dbd5d14adecd431773', 'Course wont advance to next section', 'livechatimagelink', '', 'Question Type:-_-Course Not Working as Expected-cus-Company-_-veolia Water-cus-Online Course-_-RCRA-cus-', 'Completed the introduction actually 7 times and course wont let me go to the next section??'),
(1419, 1715276507, 1, 2, 1, '12.87.108.246', 'Hiral Patel', 'hpatelhkp0@gmail.com', '339914948ZB', 'a94e5aa31a3b77d5dc181fcf7a701c6d', 'Certificate', 'https://www.csregs.com/', '', 'Select Area of Inquiry:-_-Certificate Inquiry-cus-Company-_-Langan-cus-From-_-Automatic Chat Invite-cus-', 'How can I retrieve my OSHA certificate?'),
(1420, 1715707122, 1, 2, 1, '136.145.214.26', 'Brianna Duggal', 'brianna.duggal@eabminc.com', '340345540QX', '17e268baccaf644cd4e267131e6b1c19', 'Adress Change', 'https://www.csregs.com/', '', 'Select Area of Inquiry:-_-Existing Registration-cus-Company-_-EABM-cus-From-_-Automatic Chat Invite-cus-', 'Is it possible to change the address to the registrations of students?'),
(1416, 1714587710, 0, 3, 1, '64.183.42.239', 'Floyd Carson', 'carsonfloyd1010@gmail.com', '', 'df887a08e6fb118ee729f04b8ece10ef', '8hr refresher Hazwoper', 'https://www.csregs.com/california-training-locations', '', 'From-_-Automatic Chat Invite-cus-Question Type-_-Other-cus-Online Course Name-_-In-class-cus-', 'Do in class training location in Los Angeles'),
(1441, 1717771623, 1, 2, 1, '131.226.45.85', 'Perla', 'perla.reta@cci-corporation.com', '342410104MB', '44682e9401772da1d326e1a14bbed828', 'HAZWOPER Training', 'https://www.csregs.com/24-Hour-HAZWOPER', '', 'Select Area of Inquiry:-_-Other-cus-Company-_-CCI Corporation -cus-From-_-Automatic Chat Invite-cus-', 'Question - Can you please provide me with a discount code for the HAZWOPER trainings. We have sent 6 people so far and are planning on sending more employees this year. It\'s there any discount codes I can use.'),
(1412, 1714153923, 0, 5, 1, '107.77.235.110', 'Clay Bednarz', 'adviser@oshamentor.com', '', '216707483b58e23a6dad0ee142c02783', 'Keyword Domain Names For Sale', 'https://www.csregs.com/about-us', '', 'From-_-Automatic Chat Invite-cus-Please Select One:-_-Purchasing Contact-cus-Company-_-Osha Mentor-cus-', 'Sir/Madam:\nMy name is Clay Bednarz and I am the Founder and former owner of National Environmental Trainers, Inc. I own a list of keyword domain names (intellectual property) that I intend on selling. These particular keyword domain names might be of interest to you. For example, there are a high number of search queries for the term 40 hour HAZWOPER. One of the names we are selling is 40hourhazwoper.com.  Understandably, these keyword rich domain names are certainly an asset. The complete list can be found below. \nThis solicitation will be sent to other companies in the industry as well. If you are interested in buying any of these domain names, please return a written response to me to be received no later than May 31, 2024. Thank you for your time.\n\n\nSincerely,\n\n\nClay Bednarz\n\n\nList of Domain Names\n40hourhazwoper.com\n40hourhazwopercertification.com\n24hourhazwoper.com\nhazwoper40.com\nhazwoper40trainingonline.com\nhazwoper40hourtraining.com  \nhazwoper24.com\nhazwoper24hour.com \nosha40.com\nosha24.com\nhazmat24.com\nhazmat40.com\nrcrahazarouswaste.com\npesticidecertification.com\npesticidestraining.com\nhazwoperfirstreceiver.com\nmsharefresher.com'),
(1390, 1711576886, 1, 2, 1, '98.121.88.251', 'sarah montgomery', 'sarah.montgomery@greensboro-nc.gov', '33621538232', 'f08b7fbc64a1c6d182b049e5e4a58398', 'Cant access the course', 'https://www.csregs.com/OSHA-40-Hour-HAZWOPER', '', 'Select Area of Inquiry:-_-Certificate Inquiry-cus-Company-_-City of Greensboro-cus-From-_-Automatic Chat Invite-cus-', 'I tried to sign myself up for the 8 hr refresher. I don\'t seem to have access things are grayed out. I\'m not sure what I can do to get access. I assigned one seat to Bonnie Ware and tried to assign one to me.'),
(1394, 1712253125, 1, 2, 1, '97.75.108.6', 'Brooke Salisbury', 'brooke.salisbury@freese.com', '336891620WW', '944c7409e9dc072081b4cb57718df454', '40 hour Hazwoper', 'https://www.csregs.com/customer-service', '', 'Select Area of Inquiry:-_-Existing Registration-cus-Company-_-Freese and Nichols-cus-From-_-Automatic Chat Invite-cus-', 'I do not have access to login to download my 40 hour certificate. It was done through an email from my previous employer (TCEQ). Could I receive a copy of my original certificate? Completed July 2020'),
(1402, 1712951148, 1, 2, 1, '73.33.173.213', 'Timothy DiNapoli', 'tdinapoli@langan.com', '337589646EN', '6d1482ac4a82d93299b8b23d38cb66c2', 'Certificate', 'https://www.csregs.com/OSHA-40-Hour-HAZWOPER', '', 'Select Area of Inquiry:-_-Certificate Inquiry-cus-Company-_-Langan Engineering and Environmental Services-cus-From-_-Automatic Chat Invite-cus-', 'I completed the 40 hour HAZWOPER training in July of 2017 and need a copy of my certificate. Can that be emailed?'),
(1403, 1712958228, 1, 2, 1, '100.38.252.123', 'Tom Amorosi', 'tamorosi@ix.netcom.com', '33759670325', '786b9a2d6f3ee7a5c84ed373f30fd650', '8 Hr Hazwoper Refesher', 'https://www.csregs.com/sca-src-2023-2-0/checkout.ssp?is=checkout&client_id=45086355.1712879629&session_id=1712879628#confirmation?last_order_id=884479', '', 'Select Area of Inquiry:-_-Existing Registration-cus-Company-_-Zooarchaeology and Forensic Anthropology Consulting-cus-From-_-Automatic Chat Invite-cus-', 'I can not log onto my account and when I request to change my password no email is sent to my address'),
(1404, 1713023356, 0, 1, 1, '8.29.109.83', 'Nainoa Hart', 'nainoa.a.hart@p66.com', '', '8d9ed7f2b3fbb86586c789834d1d8490', 'Lesson Frozen', 'http://www.csregs.com/', '', 'Question Type:-_-Course Not Working as Expected-cus-Company-_-Phillips 66-cus-Online Course-_-HAZWOPER-cus-', 'My lesson is frozen on Meters and Instrumentation, under the Direct Reading Instruments Knowledge Check section. The slide is blank and wont let me go forward or back in the slides. I\'ve tried restarting the lesson, and I logged out and logged back in.'),
(1405, 1713066174, 0, 2, 1, '174.172.60.215', 'Sabrina Morris', 'Sabrina.Morris@csb.gov', '', 'e6462254e8d872e2a2d7a3acc73f981a', 'Registration of Employees (3) for Kansas Instructor Led Hazwoper Course.', 'livechatimagelink', '', 'Select Area of Inquiry:-_-New Registration-cus-Company-_-U.S. Chemical Safety and Hazard Investigation Board -cus-', 'Hi there: I\'m trying to register three employees from our agency and the platform will only recognize the customer service email. Thak you for your help.'),
(1424, 1716321720, 0, 3, 1, '208.192.160.218', 'Ava Ricciardi', 'ava.ricciardi@wsp.com', '', '4224b77765c6664fa9bafbc8078719da', 'Losing Progress', 'http://www.csregs.com/', '', 'Question Type-_-Other-cus-Online Course Name-_-HAZWOPER 40 hrs-cus-', 'In the middle of a lesson can I exit and then it will save my progress when I reenter that module? Or do I have to complete the Module in one sitting?'),
(1418, 1715213480, 0, 1, 9, '137.83.219.193', 'Kaden Holton', 'kholton@brwncald.com', '', 'f27cd26211c3381adda6252ec152338e', 'My screen is blank at the beginning of the introduction knowledge check.', 'http://www.csregs.com/', '', 'Question Type:-_-Course Not Working as Expected-cus-Company-_-Brown and Caldwell-cus-Online Course-_-Hazwoper-cus-', 'Please reset the module or push me through.'),
(1448, 1719332295, 0, 5, 1, '168.149.146.13', 'Derek Castro', 'derek.castro@thermofisher.com', '', '75a16f95bdf83118ad20e85c1e90085d', 'up to date', 'https://www.csregs.com/', '', 'From-_-Automatic Chat Invite-cus-Please Select One:-_-Student-cus-Company-_-thermofisher-cus-', 'is my DOT still upto date?'),
(1449, 1719417714, 1, 2, 1, '50.201.230.240', 'Heather Hurtado', 'hhurtado@englewoodco.gov', '344056199CK', 'e0fad7a067a3152d2428f1b76d309bf3', 'DOT HAZMAT training, tomorrow?', 'https://www.csregs.com/16-Hour-HAZWOPER', '', 'Select Area of Inquiry:-_-Existing Registration-cus-Company-_-South Platte Renew-cus-From-_-Automatic Chat Invite-cus-', 'I signed up for the DOT HAZMAT training weeks ago that is supposed to be tomorrow, but I don\'t have any details on it yet. Is it in person or online?  Details, please! :)'),
(1415, 1714511964, 1, 2, 1, '108.24.188.216', 'Michael Dzieminski', 'MIKE082260@icloud.com', '339150410TR', '1a2a10d857a03857195712d01ef08b1a', 'web page', 'https://www.csregs.com/training-type/online-training', '', 'Select Area of Inquiry:-_-Other-cus-Company-_-independent-cus-From-_-Automatic Chat Invite-cus-', 'Web page will not open'),
(1411, 1714055871, 1, 2, 1, '151.213.167.182', 'James Martin', 'jmartin@archaea.energy', '3386943657X', '743774f8e0803a2fbcdf71ad879ecf06', 'Password Reset', 'https://www.csregs.com/sca-src-2023-2-0/checkout.ssp?is=login&login=T&fragment=login-register&client_id=42965568.1714051066&session_id=1714055718#login-register', '', 'Select Area of Inquiry:-_-Other-cus-Company-_-Archaea Energy-cus-From-_-Automatic Chat Invite-cus-', 'Password reset email has not come through'),
(1410, 1713939814, 0, 1, 1, '174.218.19.164', 'Allan Van Cleave', 'cleave6@gmail.com', '', 'fbc7e62ea84da14d8123bd1405c0d11d', 'training stuck on final assessment', 'http://www.csregs.com/', '', 'Question Type:-_-Course Not Working as Expected-cus-Company-_-Arcadis-cus-Online Course-_-Hazwoper 40 hour-cus-', 'Hi my course isn\'t letting me move on, I finished the previous section but it froze on the final exam question and now it won\'t update or let me advance? wondering how to fix this.'),
(1409, 1713909473, 0, 1, 1, '4.1.157.114', 'Jessie', 'Jessie.Shepard@stantec.com', '', '7f2c5c2378d72f772aead7050a656f86', 'Webpage wont load', 'https://www.csregs.com/OSHA-40-Hour-HAZWOPER', '', 'From-_-Automatic Chat Invite-cus-Question Type:-_-Display/Browser Issue-cus-Company-_-Stantec-cus-Online Course-_-40 Hour HAZWOPPER-cus-', 'To whom it may concern, I received a registration email from Tracy Axtell to sign up for the 40 hour HAZWOPPER online class. The only thing that opens on the linked page is this chat box. I have tried to manualy type in the address and the page still will not load'),
(1430, 1716926947, 1, 2, 4, '207.246.9.250', 'Matthew Morales', 'mmorales@flagstaffaz.gov', '341565389G9', 'a55a369d6232780b825c164010b959be', 'Expiring training wont allow me to find my training.', 'livechatimagelink', '', 'Select Area of Inquiry:-_-Existing Registration-cus-Company-_-City of Flagstaff-cus-', 'I still have two more weeks before my training expires but when I go to \"My Training\", my existing HazWOpER course is not listed.'),
(1436, 1717522088, 1, 2, 1, '107.135.123.225', 'Lisel Ballmer', 'lisel.ballmer@stantec.com', '342160576KG', '7f7989acb49589f00558431ff6215276', 'Certificate resend', 'https://www.csregs.com/contact-us', '', 'Select Area of Inquiry:-_-Certificate Inquiry-cus-Company-_-Stantec-cus-From-_-Automatic Chat Invite-cus-', 'I never received my 8-hour refresher certificate and would like it re-sent to a new address. Thanks :)'),
(1393, 1712164736, 1, 2, 1, '73.83.153.52', 'Sam', 'sstamper@eaest.com', '3368032337E', 'f9ed154c77f1472aa206c259e673a24a', 'log in issues', 'https://www.csregs.com/sca-src-2023-2-0/checkout.ssp?is=checkout&client_id=1617439116.1712156689&session_id=1712164182#login-register', '', 'Select Area of Inquiry:-_-Existing Registration-cus-Company-_-ea engineering-cus-From-_-Automatic Chat Invite-cus-', 'Hi, I\'ve changed my password so I can get into my account. I can get into where I actually take the training but it says my password is incorrect when I try to log into where I purchase a new training'),
(1399, 1712861394, 0, 3, 1, '64.47.152.74', 'irena petrovic', 'Irena.petrovic@ezag.com', '', '5366c9f573a6323af28edac7520190d8', 'extension for 8 h hazwoper training', 'https://www.csregs.com/contact-us', '', 'From-_-Automatic Chat Invite-cus-Question Type-_-Other-cus-Online Course Name-_-8h hazwoper refresher -cus-Chapter Name-_-extension-cus-', 'Hi, \nCould I get the quote to extend 8 h hazwoper training for 3 students from EZIP: Cary Renquist, Tam Huynh and Younes Loulidi'),
(1397, 1712778594, 1, 2, 1, '50.201.98.98', 'Kirsten', 'kirsten.handley@wsp.com', '337416411QG', 'c70376e45e20468aac1052ce3afb692f', 'Detroit 40 Hour Location', 'https://www.csregs.com/michigan-training-locations', '', 'Select Area of Inquiry:-_-New Registration-cus-Company-_-WSP-cus-From-_-Automatic Chat Invite-cus-', 'Hi! I just registered for the Detroit 40 hour HAZWOPER and I was wondering where is the course held'),
(1398, 1712781982, 1, 2, 1, '67.8.76.249', 'Amanda', 'amanda.baeza54@gmail.com', '33742046838', '70b451f864eda44bc94586430767c68b', '8 hour in person', 'https://www.csregs.com/contact-us', '', 'Select Area of Inquiry:-_-Scheduling/Reschedule-cus-Company-_-Brown and Caldwell-cus-From-_-Automatic Chat Invite-cus-', 'I recently finished the 40 hr HAZWOPER course and need to do the 8 hour in person course. I\'m currently located in Orlando FL and looking for any availablity throughout the state. Do you by chance know where and when these sessions are going on? Thankyou!'),
(1400, 1712873443, 0, 1, 1, '198.245.240.52', 'Christopher Zipperi', 'czipperi@leprinofoods.com', '', '3fa70086d833b64c0dab66b7c72fbad6', 'N/A', 'http://www.csregs.com/', '', 'Question Type:-_-Course Not Working as Expected-cus-Company-_-Leprino Foods-cus-Online Course-_-Power tools / hand tools-cus-', 'The course will not let me past. I have gone through the course more than once and it seems to freeze on the test screen in the middle of the course.'),
(1401, 1712940674, 0, 1, 1, '67.187.155.210', 'Albert Williamsohn', 'Albert.Williamson@trccompanies.com', '', '93f6011bcfd33063c50fcff41bb5896b', 'Advancing Thru Course Material', 'http://www.csregs.com/', '', 'Question Type:-_-Course Not Working as Expected-cus-Company-_-TRC-cus-Online Course-_-24 Hour OSHA Hazwoper-cus-', 'Hello,\nI\'m not able to get past Incompatible Materials in the Introduction. I\'ve watched it four times. Please advise.'),
(1431, 1717434197, 0, 1, 1, '108.169.169.186', 'lon', 'lwilson@metenviro.com', '', 'e2cccbc35377518e8adb9840946938b8', 'log in', 'https://www.csregs.com/sca-src-2023-2-0/checkout.ssp?is=login&login=T&fragment=login-register#login-register', '', 'From-_-Automatic Chat Invite-cus-Question Type:-_-Computer/Network Issues-cus-Company-_-MES -cus-Online Course-_-10 hr-cus-', 'I cannot get a password reset'),
(1396, 1712364669, 0, 3, 1, '67.185.134.189', 'Maddie', 'mbangasser@haleyaldrich.com', '', '0cc8025da551d82075ce946780da47cb', 'difference between standards', 'http://www.csregs.com/', '', 'Question Type-_-Content-cus-Online Course Name-_-Confined Spaces-cus-', 'What are the different occasions one might use 1910 vs 1926 permit type?'),
(1382, 1710445915, 1, 2, 1, '208.127.77.207', 'Heather Lane', 'heather.lane@syensqo.com', '335084363K5', 'ea07271d3b920a3a2416e65d7515f3d2', 'Update Email', 'https://www.csregs.com/OSHA-8-Hour-HAZWOPER-Refresher', '', 'Select Area of Inquiry:-_-Other-cus-Company-_-Cytec-cus-From-_-Automatic Chat Invite-cus-', 'Hi.  I need to update my login with a new email address. How do I do this?  Old email: heather.lane@solvay.com   New email: heather.lane@syensqo.com'),
(1381, 1710357839, 0, 4, 1, '162.201.15.37', 'Chris Ingalls', 'cingalls@ekiconsult.com', '', 'a272ea7194e967720ace69e6c3b5308d', 'HAZWOPER', 'https://www.csregs.com/onsite-courses', '', 'From-_-Automatic Chat Invite-cus-# of Employees to train:-_-11-15-cus-Company-_-EKI-cus-Training Needed-_-8 hour HAZWOPER refresher-cus-', 'Do you have a trainer available in March to conduct an in-person training class at our office in Irvine?'),
(1427, 1716388425, 0, 4, 1, '149.234.194.181', 'Mike Clamors', 'michael.clamors@jll.com', '', 'c5718a26ea5cb0dfd1850f279eee02de', 'Confined Space and Rescue', 'https://www.csregs.com/OSHA-Confined-Space-Training-Construction-General', '', 'From-_-Automatic Chat Invite-cus-# of Employees to train:-_-11-15-cus-Company-_-JLL (Bayer)-cus-Training Needed-_-Initial Confined Space-cus-', 'I am looking for a company to perform onsite permit required confined spaces self rescue training for approx 15 staff.'),
(1417, 1715093478, 1, 2, 1, '165.171.225.5', 'Kaden Holton', 'kholton@brwncald.com', '339731968J5', 'bfb143b733fbc8ab4145a05cd2c06982', 'Hazwoper Training', 'https://www.csregs.com/', '', 'Select Area of Inquiry:-_-Scheduling/Reschedule-cus-Company-_-Brown and Caldwell-cus-From-_-Automatic Chat Invite-cus-', 'What time is the 8 hour Hazwoper course over this Friday in Denver?'),
(1386, 1710947616, 1, 2, 1, '192.25.50.126', 'Scott', 'scott_anderson@non.keysight.com', '335586118Q2', '8a6b8526a28bfb535b812e46aa537cb3', 'erfg', 'https://www.csregs.com/', '', 'Select Area of Inquiry:-_-Existing Registration-cus-Company-_-CBRE-cus-From-_-Automatic Chat Invite-cus-', 'how do I access and assign the classes I just purchased?'),
(1395, 1712263394, 0, 4, 1, '172.58.56.206', 'Fuck u', 'fucku@csregs.com', '', '5166cf478b6097b9c863003a706a8ef8', 'Fire drew', 'https://www.csregs.com/', '', 'From-_-Automatic Chat Invite-cus-# of Employees to train:-_-5-10-cus-Company-_-Mind ur business-cus-Training Needed-_-Everything-cus-', 'Why does drew work there still I hate him'),
(1391, 1711665170, 0, 1, 1, '76.35.212.8', 'Matthew Mueller', 'mmueller@langan.com', '', '367927c9fb727052174e228de4ef3217', 'Hazwoper', 'http://www.csregs.com/', '', 'Question Type:-_-Course Not Working as Expected-cus-Company-_-Langan Engineering -cus-Online Course-_-Hazwoper-cus-', 'I have completed a \"class\" but it will not let me submit the last question on the assessment so I am not able to move to the next class.'),
(1380, 1710278140, 1, 2, 1, '99.30.252.25', 'Lauren Fah', 'lfah66@yahoo.com', '334916639NZ', 'd8dd8dd6f68f192e9a70985ac2abf27e', 'Certificate Inquiry', 'https://www.csregs.com/?client_id=&session_id=', '', 'Select Area of Inquiry:-_-Certificate Inquiry-cus-Company-_-N/A-cus-From-_-Automatic Chat Invite-cus-', 'Hi, I completed my 40-Hour HAZWOPER in March of 2017. I can\'t find the original certificate that was mailed to be and was wondering if there is a way to get an additional copy (either via mail or email). I attended the in-person training on 03/10/2017 and passed the final exam on 03/21/2017. I have tried to login using the \'reset password\' to see if I can access it that way, but is not sending me a reset password email. Thank you!'),
(1392, 1711721867, 0, 5, 1, '65.240.68.34', 'jerry garcia', 'jerry.garcia@roadguardinterlock.com', '', 'fea0bc91d7b75d0f7355e2342385d4ed', 'Invoice', 'https://www.csregs.com/', '', 'From-_-Automatic Chat Invite-cus-Please Select One:-_-Billing Contact-cus-Company-_-RGI-cus-', 'Please forward a paid receipt on my online training course made on 3-28-2024. Thank you.'),
(1457, 1722311186, 0, 1, 1, '174.231.18.158', 'Christopher Carrillo', 'chrisscarrillo12@gmail.com', '', '08550dea3c809dd86f9d57038a88951f', 'Unable to advance on screen', '', '', 'Question Type:-_-Display/Browser Issue-cus-Company-_-World Oil -cus-Online Course-_-Hazwoper -cus-', 'It froze and won’t let me advance on the last course I’m on.'),
(1450, 1720381566, 0, 1, 1, '97.122.222.55', 'Matthew Johnson', 'mjohnson@surveysystems.net', '', '7e0bc941170656613e0e52b087a26a2d', 'QUIZ BLANK', 'http://www.csregs.com/', '', 'Question Type:-_-Course Not Working as Expected-cus-Company-_-Survey Systems Inc. -cus-Online Course-_-HAZWOPER-cus-', 'Fire Protection part 1, got through pre-eval, when I got to first knowledge check I could not submit. Exited module and when I came back in the knowledge check is blank, and Will not let me go back to the beginning of the module. Says I have not viewed some of the previous slides? I have tried logging out, deleting cookies and other files, tired multiple browsers. Im not sure what to do now. It is stuck and I cannot move forwards. Can that module or section be reset by tech support?'),
(1374, 1708109450, 1, 2, 1, '207.98.72.179', 'Jennifer Kane', 'jkan@uoregon.edu', '332747882Y5', '1ad5b377d6d4a0826939a00451127eef', 'Class location', 'https://www.csregs.com/OSHA-40-Hour-HAZWOPER', '', 'Select Area of Inquiry:-_-New Registration-cus-Company-_-University of Oregon -cus-From-_-Automatic Chat Invite-cus-', 'What location is the Portland Oregon 40 hr hazwoper class on 3/19-22?'),
(1376, 1709139184, 0, 4, 1, '174.79.225.142', 'Sandra Osborn', 'sandra.osborn@emnv.doe.gov', '', '4cb778fd83bbcb6ea0718aca4cc89356', 'Training', 'https://www.csregs.com/OSHA-40-Hour-HAZWOPER', '', 'From-_-Automatic Chat Invite-cus-# of Employees to train:-_-16 or more-cus-Company-_-Navarro-cus-Training Needed-_-40-Hour Hazwoper-cus-', 'Good morning - would you kindly send me a quote for 40 hour Hazwoper training?  I can be contacted at 702-724-0839.'),
(1451, 1720554546, 1, 2, 0, '207.109.71.122', 'Hans', 'Hansg@skillsinc.com', '345193014NM', '4525d70a22184aceebe64dbe6189905c', 'No training plan in my account', '', '', 'Select Area of Inquiry:-_-New Registration-cus-Company-_-Skills Inc.-cus-', 'I got an email from Compliance Solutions saying my account has been created. So I created a new password and logged in, but under Training Plan link, it says \" I do not have any items in your training plan\" .'),
(1456, 1722271580, 0, 3, 1, '208.127.145.212', 'Teresa Royek', 'teresa.royek@alcoa.com', '', '5d853f9e869fb05172778bf4a1ea10d2', 'Did I complete course?', 'livechatimagelink', '', 'Question Type-_-Other-cus-Online Course Name-_-DOT HazMat Referesher-cus-', 'I am taking DOT HazMat Refresher and I think I completed the modules but no indication that I have completed course or nor can I move forward to next module?'),
(1453, 1721350302, 0, 1, 1, '24.143.217.162', 'Michael E Parks', 'michael.parks@tetratech.com', '', 'b617f3ebbcac7ec83fa1c28ab12ac8b0', 'Platform will not let me procede.', 'http://www.csregs.com/', '', 'Question Type:-_-Course Not Working as Expected-cus-Company-_-Tetra Tech-cus-Online Course-_-Hazwoper 40 hr-cus-', 'HELP....,I need to finish this course now! It is frozen at the excavation subject. :(  HELP'),
(1452, 1721339923, 1, 2, 0, '76.80.14.26', 'Silverio Luna', 'Silverioluna@FREYinc.com', '345978396AH', 'e7ace12424807ef3e84a19479d44c66c', 'Time extension and scheduling', '', '', 'Select Area of Inquiry:-_-Scheduling/Reschedule-cus-Company-_-Frey Environmental-cus-', 'How can I request a time extension on my 40 hr HAZWOPER exam and how to schedule the 8hr hands on training?'),
(1454, 1721919022, 1, 2, 0, '174.62.121.201', 'RUT', 'rutriosduarte@gmail.com', '346557500EE', 'db1c80126cca4d529df31d10ea833b01', 'acces to register', 'livechatimagelink', '', 'Select Area of Inquiry:-_-New Registration-cus-Company-_-fcch-cus-', 'Hi, I need help registering. \nI am a natural person and I don\'t have a company. \nI just need to take the defensive driving course but I can\'t get registered. Can you help me with this?\nThanks'),
(1458, 1722345209, 1, 2, 0, '172.82.116.53', 'adam', 'akorreckt@sylacauga.net', '346983684Z5', 'e3746b1514e191e7131b3ed122ad09fd', 'Testing', '', '', 'Select Area of Inquiry:-_-Existing Registration-cus-Company-_-sylacauga utilities Board-cus-', 'I just purchased the online DOT reasonable suspicious training. Where do i go to start the training.'),
(1459, 1722456555, 1, 1, 0, '65.214.234.58', 'Heather Wenzel', 'heather.wenzel@airgas.com', '347094430CR', '1e1e4ce4fc92515c9e698ea74e9582e1', '24 hour hazwhopper stuck', 'http://www.csregs.com/', '', 'Question Type:-_-Course Not Working as Expected-cus-Company-_-Airgas-cus-Online Course-_-24 Hour HazWhopper-cus-', 'I am on the Emergency Response Procedures section/ Personnel/ Personnel Knowledge Check and it will not let me advance or go back or do anything except the knowledge check.  I have tried closing the training and re-opening, re-opening on a different day, entering the correct answer, entering the incorrect answer - but still cannot get past this slide.'),
(1455, 1721932044, 1, 1, 0, '148.170.2.4', 'Mark McNeal', 'makrm@acz.com', '346570469B3', 'b362763b60d940466e14a04fb36ec624', 'Stuck on slide, can not go past.', 'http://www.csregs.com/', '', 'Question Type:-_-Course Not Working as Expected-cus-Company-_-ACZ Labs-cus-Online Course-_-HAZWOPER 40 hr-cus-', 'stuck on slide for pre-assessment in the Respiratory protection lesson.  Logged out and in, closed and re-opened my browser, neither worked.\n\nthanks,\n\nMark'),
(1385, 1710794507, 1, 2, 1, '161.69.57.14', 'Jason Waldrop', 'JSWaldrop@marathonpetroleum.com', '335432992GM', 'b2df5a01f36cd238e6545aaae1765317', 'In-Person 8 Hour Hazwoper Operations Level Training Near Denver', 'https://www.csregs.com/instructor-led-training', '', 'Select Area of Inquiry:-_-New Registration-cus-Company-_-Marathon Petroleum-cus-From-_-Automatic Chat Invite-cus-', 'Hello I\'m looking to see if you offer and in-person training class for 8hour Hazwoper Operations Level, near the Denver, CO area'),
(1389, 1711325429, 0, 2, 1, '70.187.236.187', 'Michael E. Macko', 'mmacko@partneresi.com', '', '5abcb51a71567b0f273ad15c4a8917f3', 'Timing', 'http://www.csregs.com/', '', 'Select Area of Inquiry:-_-Other-cus-Company-_-Partner Engineering and Science-cus-', 'I have been on the module for toxicity for over three hours and the program does not advance. I do not have time for this!'),
(1388, 1711107538, 0, 1, 1, '208.56.42.40', 'Maggie Fischer', 'Maggiefischer@piercemfg.com', '', '6aece8a366be131df3b3a1a1595286f4', 'DOT Hazmat Training Requirements page, I am stuck', 'livechatimagelink', '', 'Question Type:-_-Course Not Working as Expected-cus-Company-_-Pierce Manufacturing-cus-Online Course-_-DOT Hazmat-cus-', 'I\'m trying to complete the module for Training Requirements and it is stuck, saying I only completed 83% but I can\'t find anything left I didn\'t view or answer.  So I\'m stuck until resolved somehow to 100%.  I\'ve spent over an hour going back over it several times and can\'t get it to complete.  Please help.'),
(1463, 1722973778, 1, 2, 0, '50.225.59.154', 'Steph', 'sgrubb@rgaincorporated.com', '347612222XB', '42bd19d878174ae14dda5b6a67c15542', 'Training', 'livechatimagelink', '', 'Select Area of Inquiry:-_-New Registration-cus-Company-_-Richard Grubb & Associates, Inc.-cus-', 'How do i register someone in my company for an online course?'),
(1464, 1723125089, 0, 1, 1, '72.23.94.16', 'James Cochran', 'jcochran@kleinfelder.com', '', 'cbae48036a3b06e8a31a2bef07fa0eed', 'Radiation Detectors Knowledge Check', 'http://www.csregs.com/', '', 'Question Type:-_-Course Not Working as Expected-cus-Company-_-Kleinfelder Inc.-cus-Online Course-_-HAZWOPER 40-cus-', 'I am in the \"Meters and Instrumentation\" section of the HAZWOPER 40 training. In this section, there is a \"Radiation Detectors Knowledge Check\". When I start this knowledge check, there is a blank screen with a \"submit\" button in the bottom right corner, and it will not let me continue to the next item in the section. I have attempted to get around this problem using different browsers as well.'),
(1377, 1709289707, 0, 3, 1, '104.222.28.70', 'Jenny', 'truong.anhquan458@gmail.com', '', '8d183ea7f58aec0be88e3913763bc975', 'In-person proportion', 'http://www.csregs.com/', '', 'Question Type-_-Other-cus-Online Course Name-_-HAZWOPER Hybrid-cus-', 'Since this is a hybrid, what do I do after completing the online proportion?'),
(1373, 1708031514, 1, 2, 1, '50.169.132.46', 'Donovan Sweeney', 'donovan.sweeney@stantec.com', '332669990HM', '21b20f596c0ba0dbe0ac4877d964304c', 'HAZWOPER in person dress up inquiry', 'https://www.csregs.com/OSHA-40-Hour-HAZWOPER', '', 'Select Area of Inquiry:-_-Existing Registration-cus-Company-_-stantec-cus-From-_-Automatic Chat Invite-cus-', 'Hi, I have completed the online portion of the 40 hr HAZWOPER course and have signed up for the in person \"dress up\" portion of the training for tomorrow.  I would just like to confirm this is the case and inquire what time the session starts and at what address.  Thank you and please let me know!'),
(1383, 1710451424, 0, 5, 1, '208.45.154.98', 'Eric Skala', 'eskala@hoshizaki.com', '', '85a7b5f338ed8871000ac0825340640c', 'Looking for Invoice and Credit Card Slip for our Accounting office', 'https://www.csregs.com/sca-src-2023-2-0/my_account.ssp?fragment=%2Fbalance#/overview', '', 'From-_-Automatic Chat Invite-cus-Please Select One:-_-Purchasing Contact-cus-Company-_-Hoshizaki of America-cus-', 'Hello, I am looking for the Invoice and Credit Card Slip so that I can turn it in to our accounting office.  I have only been able to pull up a sales order, SO13083.  Thanks.'),
(1375, 1708384046, 0, 2, 1, '137.83.246.174', 'Silvestre Luna', 'SLuna1@BrwnCald.com', '', '096b40f0469cfa2e72c20161fc5ee8bc', 'HAZWOPER', 'https://www.csregs.com/sacramento', '', 'From-_-Automatic Chat Invite-cus-Select Area of Inquiry:-_-New Registration-cus-Company-_-Brown & Caldwell-cus-', 'Looking for an in person 40-Hour HAZWOPER course in or near Sacramento, CA.'),
(1384, 1710784039, 0, 4, 1, '170.142.177.25', 'Kate', 'kate.liepins@tn.gon', '', '330aa7a81d5cef11996559598988376c', 'estimate for training', 'https://www.csregs.com/OSHA-40-Hour-HAZWOPER', '', 'From-_-Automatic Chat Invite-cus-# of Employees to train:-_-16 or more-cus-Company-_-UCH Coalition - TN Department of Health-cus-Training Needed-_-40 hr HAZWOPER and 16 hr DOT-cus-', 'Can I please get an estimate for 16-20 attendees for a 40 hour hazwoper and 16 hour dot course to be hosted in Cookeville, TN? Thank you!~'),
(1379, 1710173042, 0, 4, 1, '50.76.139.121', 'Isaac Valdez', 'isaac.valdez@belair-us.com', '', '3a91c1ac6f014dab0dc491a46d1cd104', 'OSHA 10 Construction', 'https://www.csregs.com/OSHA-10-Training-Construction', '', 'From-_-Automatic Chat Invite-cus-# of Employees to train:-_-16 or more-cus-Company-_-Belair Sitework Services-cus-Training Needed-_-OSHA 1 Construction in Spanish-cus-', 'Do you have spanish OSHA trainers and what is the availability for this week?'),
(1387, 1711034182, 1, 1, 1, '104.56.143.76', 'James', 'jCObb@regenesis.com', '335672699T2', '512ea02c452c3e08b64765b0d0dabf14', 'courses', 'https://www.csregs.com/?client_id=943455570.1710868351&session_id=1710868351', '', 'Question Type:-_-Display/Browser Issue-cus-Company-_-Regenesis-cus-Online Course-_-HAZMAT-cus-From-_-Automatic Chat Invite-cus-', 'How do i assign the courses i just paid for'),
(1378, 1709584830, 1, 2, 1, '156.101.1.5', 'Beverly Bertram', 'bbertram@wm.com', '3342232879X', 'e93d14898fee5b92f5d3d0209b1ea9a9', 'Early Bird Pricing', 'https://www.csregs.com/OSHA-40-Hour-HAZWOPER', '', 'Select Area of Inquiry:-_-New Registration-cus-Company-_-Waste Management-cus-From-_-Automatic Chat Invite-cus-', 'I registered an employee for the 40 Hour Hazwoper-ILT training on April 23, 2024 in Philadelphia PA. The early bird price was not applied, the sales order says $1292.50 versus the $975.00 price. The Sales Order number is SO12955.'),
(1406, 1713263928, 0, 2, 1, '172.59.33.148', 'Kirsten Handley', 'kirsten.handley@wsp.com', '', '10eb5438a47d2db19d678ec2c75a9bb2', 'Detroit 40 hour HAZWOPER Location', '', '', 'Select Area of Inquiry:-_-Existing Registration-cus-Company-_-WSP-cus-Attachment URL-_-https://cs-chatsupport.com/support/view.php?file=Screenshot_20240416_063731_Chrome.jpg-cus-', 'My training course confirmation says the course location is at Embassy Suites by Hilton\n2300 Featherstone Dr.\nAuburn Hills MI 48326. But I am here and they say they have no training courses today or anything by Compliance Solutions today. Am I in the right place? Is the course being held at a different location?'),
(1407, 1713546834, 1, 2, 1, '208.45.154.98', 'Eric Skala', 'eskala@hoshizaki.com', '338185240AK', 'bb7f06723ebc77a3e6f0154de4d9a921', 'Certificates', 'https://www.csregs.com/sca-src-2023-2-0/my_account.ssp?fragment=/profileinformation#/profileinformation', '', 'Select Area of Inquiry:-_-Certificate Inquiry-cus-Company-_-Hoshizaki of America-cus-From-_-Automatic Chat Invite-cus-', 'Checking on the status of my certificates.  I completed the courses on 04/08/24.  Please provide me tracking info for the certificates.  Thanks.'),
(1408, 1713642555, 0, 2, 1, '100.38.252.123', 'Tom Amorosi', 'tamorosi@ix.netcom.com', '', '9095be2032071166765a01d34fbd5f19', '8 Hr Hazwoper Refesher', 'livechatimagelink', '', 'Select Area of Inquiry:-_-Other-cus-Company-_-Zooarchaeology and Forensic Anthropology Consulting-cus-', 'I can not login to my course.  I have tried changing my password and when I use the new password, no luck I can not log on.  So what do I do next?\n\nMy order Number is #SO13441.'),
(1413, 1714415103, 1, 2, 1, '108.5.105.180', 'Barbara Iellimo', 'Barbara@RFCexcavating.com', '3390535907R', '1147dc85cc5027d9ba9964d335bfb924', 'instructor led location', 'https://www.csregs.com/training-locations', '', 'Select Area of Inquiry:-_-Other-cus-Company-_-Cipriano Enterprises-cus-From-_-Automatic Chat Invite-cus-', 'What is the location for the onsite Hazwoper refresher course in Nyack NY?  It doesnt say even in the registration confirmation.'),
(1414, 1714511333, 0, 1, 1, '108.24.188.216', 'Michael Dzieminski', 'MIKE082260@icloud.com', '', '1a2a10d857a03857195712d01ef08b1a', 'web page', 'https://www.csregs.com/', '', 'From-_-Automatic Chat Invite-cus-Question Type:-_-Computer/Network Issues-cus-Company-_-independent-cus-Online Course-_-8 hr HAZWOPER refresher-cus-', 'Web page will not open?'),
(1443, 1718642793, 1, 2, 1, '12.186.103.99', 'Julie Connel', 'jconnel@hilmarcheese.com', '34328128985', 'd62a06e06aae7e74446ad5b3e002399c', 'Registration confirmation', 'https://www.csregs.com/OSHA-8-Hour-HAZWOPER-Refresher', '', 'Select Area of Inquiry:-_-Existing Registration-cus-Company-_-Hilmar Cheese Company-cus-From-_-Automatic Chat Invite-cus-', 'I registered two people (myself and Jesse Jensen) for your Modesto HAZWOPER refresher courses, and I have not received confirmation or address information. I did receive the payment receipt. The email is not in my spam filter; I checked.'),
(1444, 1718646243, 1, 2, 1, '65.208.83.202', 'Ron Marnicio', 'ronald.marnicio@tetratech.com', '3432847333C', '6819e05837a4c190ee7be7b3d58ad257', 'OSHA 40-hour training courses', 'https://www.csregs.com/', '', 'Select Area of Inquiry:-_-Other-cus-Company-_-Tetra Tech-cus-From-_-Automatic Chat Invite-cus-', 'Questions about 40-hour OSHA training'),
(1445, 1718738581, 1, 2, 1, '152.179.35.146', 'Sandra McCann', 'sandra.mccann@tetratech.com', '343376875GQ', 'aaadd8a6f6a1e09e7ace6ba4350ec546', '40 hour training', 'https://www.csregs.com/OSHA-40-Hour-HAZWOPER', '', 'Select Area of Inquiry:-_-New Registration-cus-Company-_-Tetra Tech-cus-From-_-Automatic Chat Invite-cus-', 'Can you tell me if you have any classes that have been confirmed starting next week?'),
(1446, 1718971654, 0, 2, 1, '193.183.207.10', 'Mustafa DOGAN', 'mustafa.dogan1@nkt.com', '', '8cdc55a7f776397b5f582ef9ad934a1d', 'GHS Global Harmonization System - Online Training (1 seat), i have no course on my page!!! i purchased yesterday. Why?', 'livechatimagelink', '', 'Select Area of Inquiry:-_-Existing Registration-cus-Company-_-NKT-cus-', 'GHS Global Harmonization System - Online Training (1 seat), i have no course on my page!!! i purchased yesterday. Why?'),
(1460, 1722699989, 0, 1, 1, '98.236.119.204', 'Brock OBlock', 'boblock@kleinfelder.com', '', '1d1f2b5e0d967ae1b66020e31d1b886a', 'Stuck on same question', 'http://www.csregs.com/', '', 'Question Type:-_-Course Not Working as Expected-cus-Company-_-Kleinfelder-cus-Online Course-_-40 hr HAZWOPER-cus-', 'I have been stuck on a knowledge check question in the Respiratory Protection section. I tried restarting my computer and closing in and out of the website with no success.'),
(1461, 1722954846, 0, 5, 0, '162.12.226.28', 'Brianna Duggal', 'brianna.duggal@eabminc.com', '', '96dfa4fbc39c619b157d4281f114bb52', 'Can I find out what payment method we used?', 'livechatimagelink', '', 'Please Select One:-_-Purchasing Contact-cus-Company-_-EABM, Inc.-cus-', 'Hi. I am trying to find out what payment method we used.'),
(1465, 1723137480, 0, 3, 1, '50.207.13.82', 'Tony Lester', 'tonyl@levinterminal.com', '', '11105b4da6764d5e0d38ff459641882c', 'Forklift Trainer', 'livechatimagelink', '', 'Question Type-_-Content-cus-Online Course Name-_-forklift trainer-cus-', 'Do you Offer a course for an operating engineer to be certified as a forklift trainer.   We currently have 2 OE certified as trainers, and we would like to get them recertified.');

-- --------------------------------------------------------

--
-- Table structure for table `p_notes`
--

CREATE TABLE `p_notes` (
  `noteID` int UNSIGNED NOT NULL,
  `created` int UNSIGNED NOT NULL,
  `opID` int UNSIGNED NOT NULL,
  `deptID` int UNSIGNED NOT NULL,
  `isnote` tinyint UNSIGNED NOT NULL,
  `flag` varchar(6) NOT NULL,
  `ces` varchar(32) NOT NULL,
  `message` text CHARACTER SET utf8mb3 COLLATE utf8mb3_general_ci NOT NULL
) ENGINE=MyISAM DEFAULT CHARSET=latin1;

--
-- Dumping data for table `p_notes`
--

INSERT INTO `p_notes` (`noteID`, `created`, `opID`, `deptID`, `isnote`, `flag`, `ces`, `message`) VALUES
(597, 1712857166, 23, 2, 0, 'rate,5', '3374950639Z', ''),
(540, 1709300236, 23, 2, 0, 'rate,5', '333938445W9', ''),
(541, 1709326777, 23, 1, 0, 'rate,5', '333964494YJ', ''),
(539, 1709069254, 23, 2, 0, 'rate,5', '333707560T4', ''),
(537, 1709051349, 23, 2, 0, 'rate,5', '333689578YK', ''),
(538, 1709067024, 23, 2, 0, 'rate,5', '3337050678E', 'Very helpful & resolved my issue right away'),
(536, 1708965993, 23, 2, 0, 'rate,5', '333603621W2', ''),
(532, 1708543199, 23, 2, 0, 'rate,5', '3331815415T', ''),
(533, 1708545338, 23, 2, 0, 'rate,5', '333182862XB', ''),
(534, 1708618011, 23, 2, 0, 'rate,5', '333256160J7', ''),
(535, 1708708155, 23, 2, 0, 'rate,5', '333346456CN', 'Awesome! Tiffany is quick to answer and is very polite and insightful! '),
(531, 1708538157, 23, 1, 0, 'rate,5', '3331759284J', ''),
(530, 1708533721, 23, 1, 0, 'rate,5', '333171742ME', ''),
(529, 1708378491, 23, 2, 0, 'rate,5', '33301668659', ''),
(528, 1708365870, 23, 2, 0, 'rate,5', '333003664VC', ''),
(152, 1620914861, 23, 2, 0, '', '24555288078', 'good support and prompt service'),
(153, 1622039142, 23, 2, 0, '', '2466770285x', 'Very great support system. Tiffany was awesome.'),
(527, 1708106668, 23, 2, 0, 'rate,5', '332745025Y9', ''),
(526, 1708101535, 23, 2, 0, 'rate,5', '3327396828E', ''),
(150, 1615483824, 23, 2, 0, '', '240122086qb', 'Thank you.'),
(592, 1712668806, 23, 2, 0, 'rate,5', '3373067723T', 'Awesome Customer Rep experience'),
(524, 1707918873, 23, 2, 0, 'rate,5', '332557163W4', ''),
(525, 1708098056, 23, 2, 0, 'rate,5', '3327358238N', 'Great Customer service. They helped me solve the problem. '),
(522, 1707853287, 23, 2, 0, 'rate,5', '3324916264Z', ''),
(523, 1707856355, 23, 2, 0, 'rate,5', '332491756GN', ''),
(520, 1707764799, 23, 1, 0, 'rate,5', '332402949EA', 'Vary helpful.'),
(521, 1707834772, 23, 2, 0, 'rate,5', '3324728734A', ''),
(285, 1649692556, 23, 2, 0, 'rate,5', '2743306185G', ''),
(518, 1707755051, 23, 2, 0, 'rate,5', '332392405J5', ''),
(519, 1707758517, 23, 2, 0, 'rate,5', '3323965482B', ''),
(514, 1707160476, 23, 2, 0, 'rate,5', '33179878494', ''),
(515, 1707167395, 23, 2, 0, 'rate,3', '3318043665B', ''),
(516, 1707242788, 23, 2, 0, 'rate,5', '3318806409R', 'Resolved my question quickly'),
(517, 1707512934, 23, 2, 0, 'rate,5', '332150601A2', ''),
(512, 1706711148, 23, 2, 0, 'rate,5', '331349301KV', ''),
(513, 1706735652, 23, 2, 0, 'rate,5', '3313738982B', 'quick resolution of issue'),
(283, 1649436775, 23, 2, 0, 'rate,5', '274074759Z2', ''),
(281, 1649253421, 23, 2, 0, 'rate,5', '273891589ZR', ''),
(591, 1712665066, 23, 2, 0, 'rate,5', '337303234NB', ''),
(280, 1648836773, 23, 2, 0, 'rate,5', '273474876XV', 'Tiffany was very helpful - thank you!'),
(278, 1648748561, 23, 2, 0, 'rate,5', '273386623B3', ''),
(279, 1648767884, 23, 1, 0, 'rate,5', '27339603053', ''),
(589, 1712596354, 23, 2, 0, 'rate,5', '337234361QY', ''),
(590, 1712597097, 23, 2, 0, 'rate,5', '3372346569M', ''),
(277, 1648655626, 23, 2, 0, 'rate,4', '273293746YC', ''),
(276, 1648585072, 23, 2, 0, 'rate,5', '273223436TR', ''),
(144, 1605902329, 23, 2, 0, '', '230540112za', 'Tiffany was tremendously helpful!'),
(511, 1706540115, 23, 2, 0, 'rate,5', '331177598TZ', 'Tiffany was helpful and I await her email response with my question.'),
(275, 1648483673, 23, 2, 0, 'rate,5', '273121841Q3', ''),
(139, 1604591262, 23, 2, 0, '', '229228871pj', 'Tiffany is fantastic!'),
(140, 1605134534, 23, 2, 0, '', '229771258pg', 'Tiffany was very prompt in answering my questions. Very much appreciated!'),
(141, 1605296168, 23, 2, 0, '', '229933210sb', 'Everyone has been very patient with me and I appreciate that'),
(510, 1706282521, 23, 2, 0, 'rate,5', '330919377QC', ''),
(274, 1648223032, 23, 2, 0, 'rate,5', '272861266H9', ''),
(588, 1712586505, 23, 2, 0, 'rate,5', '33722470253', ''),
(269, 1647527039, 23, 2, 0, 'rate,5', '272165350WX', ''),
(270, 1647529836, 23, 2, 0, 'rate,5', '272167614XW', ''),
(587, 1712344351, 23, 2, 0, 'rate,5', '336982480VT', 'Very nice and quick. Thanks!'),
(273, 1647972816, 23, 2, 0, 'rate,5', '272611044R2', 'Fixed the issue very quickly. Thank you!'),
(154, 1623422820, 23, 2, 0, '', '248060966xg', 'Polite, prompt, and clear!'),
(155, 1623857878, 23, 2, 0, '', '248495453k9', 'Great, prompt customer service '),
(156, 1624285475, 23, 2, 0, '', '248923319yj', 'Very helpful'),
(157, 1624286424, 23, 2, 0, '', '248924464xr', 'Polite, helpful, and quick!'),
(158, 1628191623, 23, 2, 0, 'rate,5', '252830003EX', 'Superb - friendly and professional '),
(159, 1628274876, 23, 1, 0, 'rate,5', '252912287NX', ''),
(586, 1712243355, 23, 2, 0, 'rate,5', '336880355G2', ''),
(161, 1628610964, 23, 2, 0, 'rate,5', '253245334Z9', ''),
(162, 1628628671, 23, 2, 0, 'rate,5', '253267080M5', ''),
(163, 1628706560, 19, 2, 0, 'rate,5', '2533444147A', ''),
(585, 1712234086, 23, 2, 0, 'rate,5', '336871997AK', ''),
(165, 1629297979, 23, 2, 0, 'rate,5', '253935695MC', ''),
(166, 1629487986, 23, 2, 0, 'rate,5', '2541254814K', ''),
(584, 1712170274, 23, 2, 0, 'rate,5', '33680849182', 'Excellent'),
(168, 1629815581, 23, 2, 0, 'rate,5', '254453842AG', ''),
(169, 1629818009, 23, 2, 0, 'rate,5', '254456073TE', ''),
(170, 1629836783, 23, 2, 0, 'rate,5', '254474877CC', ''),
(171, 1629906051, 23, 2, 0, 'rate,5', '254543905V8', ''),
(172, 1629989393, 23, 2, 0, 'rate,5', '254626460ZE', ''),
(173, 1629991403, 23, 2, 0, 'rate,5', '2546293725E', ''),
(174, 1629999860, 23, 2, 0, 'rate,5', '254637711Q8', ''),
(175, 1630074905, 19, 2, 0, 'rate,5', '254639498YH', ''),
(583, 1712168090, 23, 2, 0, 'rate,5', '3368061367N', ''),
(177, 1630355264, 23, 1, 0, 'rate,5', '254993642QV', ''),
(178, 1630429795, 23, 2, 0, 'rate,5', '255068004Z9', 'tiffany was a huge help'),
(179, 1630524707, 23, 2, 0, 'rate,5', '255163087TN', 'Helpful in answering questions!'),
(180, 1630528822, 19, 2, 0, 'rate,1', '255166104QR', 'needing copies of my certificates and website is not working for orders at all. was given no other option or assistance getting copies of what I am needing.'),
(582, 1712084491, 23, 2, 0, 'rate,5', '336722552GX', ''),
(182, 1630680510, 23, 2, 0, 'rate,5', '255318590N2', ''),
(183, 1630687579, 23, 2, 0, 'rate,5', '255324690AX', ''),
(581, 1712079598, 23, 2, 0, 'rate,5', '336717936NM', ''),
(185, 1631627715, 23, 2, 0, 'rate,5', '256265891TH', ''),
(186, 1632243055, 23, 2, 0, 'rate,5', '256881076EY', ''),
(187, 1632410836, 23, 2, 0, 'rate,5', '2570486705C', ''),
(188, 1632431808, 23, 2, 0, 'rate,5', '257069270N7', 'Was able to provide the assistance I needed quickly. '),
(189, 1632764923, 23, 2, 0, 'rate,5', '257403067B2', 'Thank you.  Fast, professional and very helpful.'),
(190, 1633009894, 19, 2, 0, 'rate,5', '2576479339N', 'Quick response'),
(191, 1633535540, 23, 2, 0, 'rate,5', '2581738577H', ''),
(192, 1633536012, 23, 2, 0, 'rate,5', '25817410139', ''),
(193, 1633540971, 23, 2, 0, 'rate,5', '258178828WA', ''),
(194, 1633555572, 23, 2, 0, 'rate,5', '2581939389W', ''),
(195, 1633556235, 23, 2, 0, 'rate,5', '258194308Q5', ''),
(196, 1633634791, 23, 2, 0, 'rate,5', '258272194BC', ''),
(197, 1633637609, 23, 2, 0, 'rate,5', '258275444EK', ''),
(198, 1633984876, 23, 2, 0, 'rate,5', '258622679YY', ''),
(199, 1634053703, 23, 2, 0, 'rate,5', '258691677BW', ''),
(200, 1634058302, 23, 1, 0, 'rate,5', '258696265Z7', ''),
(201, 1634064455, 23, 2, 0, 'rate,5', '258698290BM', ''),
(202, 1634145938, 23, 2, 0, 'rate,4', '258783621GH', ''),
(203, 1634148084, 23, 2, 0, 'rate,5', '2587857134E', ''),
(204, 1634152708, 23, 2, 0, 'rate,5', '258790307GE', 'TIFFANY WAS VERY HELPFUL!!! '),
(205, 1634156749, 23, 2, 0, 'rate,5', '258793990M4', ''),
(206, 1634227918, 23, 2, 0, 'rate,5', '258866202RB', ''),
(207, 1634235623, 23, 1, 0, 'rate,5', '258873240YW', ''),
(208, 1634834245, 23, 2, 0, 'rate,5', '2594724425V', ''),
(209, 1634919959, 23, 2, 0, 'rate,5', '259558124VE', ''),
(210, 1635176530, 23, 2, 0, 'rate,5', '259814607B5', ''),
(211, 1635784566, 23, 2, 0, 'rate,5', '260422941YX', 'good'),
(212, 1635788754, 23, 2, 0, 'rate,5', '26042706827', ''),
(213, 1636390306, 23, 2, 0, 'rate,3', '2610284692A', 'She seemed preoccupied, but pleasant.'),
(214, 1636481192, 23, 2, 0, 'rate,5', '261118611GV', ''),
(215, 1636492345, 23, 2, 0, 'rate,5', '261130338E5', 'VERY HELPFUL'),
(216, 1636492472, 23, 2, 0, 'rate,5', '2611299714M', ''),
(217, 1638377955, 23, 2, 0, 'rate,5', '2630159399C', ''),
(580, 1711987366, 23, 2, 0, 'rate,5', '336624375JH', ''),
(577, 1711660844, 23, 2, 0, 'rate,5', '3362988725H', ''),
(578, 1711725167, 23, 2, 0, 'rate,5', '336362996RR', ''),
(579, 1711976122, 23, 1, 0, 'rate,5', '3366142829M', ''),
(220, 1638552118, 23, 2, 0, 'rate,5', '2631895954K', ''),
(221, 1638803691, 23, 2, 0, 'rate,5', '263442070W4', ''),
(222, 1638813330, 23, 2, 0, 'rate,5', '263451648AT', 'Thanks.'),
(223, 1638824522, 23, 1, 0, 'rate,5', '263462730KK', ''),
(224, 1639151925, 23, 2, 0, 'rate,5', '263787692CR', ''),
(225, 1639163770, 23, 2, 0, 'rate,5', '263801909R4', ''),
(226, 1639408177, 23, 2, 0, 'rate,5', '264045162HQ', ''),
(227, 1639588942, 23, 2, 0, 'rate,5', '264227034ZN', ''),
(228, 1640024662, 23, 2, 0, 'rate,5', '264660469XQ', ''),
(576, 1711656576, 23, 2, 0, 'rate,5', '336294786R8', ''),
(575, 1711650518, 23, 2, 0, 'rate,5', '336288773WH', ''),
(574, 1711650238, 23, 2, 0, 'rate,5', '336288378KM', ''),
(234, 1641397254, 23, 2, 0, 'rate,5', '266035188BZ', ''),
(235, 1641484504, 23, 2, 0, 'rate,4', '2661203215A', ''),
(573, 1711557916, 23, 2, 0, 'rate,5', '336196004HB', ''),
(572, 1711474393, 23, 2, 0, 'rate,5', '336112416AA', ''),
(238, 1642544387, 23, 2, 0, 'rate,5', '267182476YX', ''),
(571, 1711376169, 23, 2, 0, 'rate,5', '33601420697', ''),
(240, 1642705243, 23, 1, 0, 'rate,5', '267339237VA', ''),
(570, 1711373235, 23, 2, 0, 'rate,5', '3360089553E', ''),
(242, 1643123742, 23, 2, 0, 'rate,5', '2677621512R', ''),
(569, 1711117154, 23, 1, 0, 'rate,5', '3357553274Z', ''),
(244, 1643139413, 23, 2, 0, 'rate,5', '267776568YT', ''),
(245, 1643140384, 23, 2, 0, 'rate,5', '267778119WV', 'Great Service!'),
(246, 1643210365, 23, 2, 0, 'rate,5', '267848514R9', ''),
(247, 1643228063, 23, 2, 0, 'rate,5', '2678663389K', 'Fast response to my question and put my worry at ease with the provided info. Thank you.'),
(248, 1643307852, 23, 2, 0, 'rate,5', '267946157TN', ''),
(249, 1643309715, 23, 2, 0, 'rate,5', '267947450WY', ''),
(250, 1643836101, 23, 2, 0, 'rate,5', '268473201H3', 'Top Notch!'),
(251, 1643996764, 23, 1, 0, 'rate,5', '268632745WQ', ''),
(252, 1644259316, 23, 2, 0, 'rate,5', '2688974829V', ''),
(563, 1710876968, 23, 2, 0, 'rate,5', '3355141555H', ''),
(564, 1710945193, 23, 2, 0, 'rate,5', '335583170MK', 'Quick turn around.  Thank you'),
(565, 1711031132, 19, 2, 0, 'rate,5', '335669390G2', ''),
(566, 1711034390, 23, 2, 0, 'rate,5', '335672517KJ', 'Great service, Tiffany is wonderful to work with!'),
(567, 1711035094, 23, 2, 0, 'rate,5', '335671481W5', 'Very helpful and quick with responses.\n'),
(568, 1711051527, 23, 2, 0, 'rate,5', '335689935Z2', ''),
(562, 1710869092, 23, 2, 0, 'rate,5', '335507026XK', ''),
(255, 1644342159, 23, 2, 0, 'rate,5', '268979749HY', ''),
(256, 1644354651, 23, 2, 0, 'rate,5', '268992497J2', ''),
(257, 1644432301, 23, 1, 0, 'rate,5', '269070090VN', ''),
(258, 1644497501, 23, 2, 0, 'rate,5', '2690804925G', ''),
(561, 1710860524, 23, 2, 0, 'rate,5', '335498693MW', ''),
(560, 1710856676, 23, 2, 0, 'rate,5', '335494997Y5', ''),
(261, 1645457155, 23, 2, 0, 'rate,5', '270095380J4', ''),
(262, 1645652939, 23, 2, 0, 'rate,4', '270291141WM', 'very helpful and timely'),
(263, 1645817455, 23, 2, 0, 'rate,5', '270454654H3', ''),
(264, 1646325978, 23, 2, 0, 'rate,5', '27096395578', ''),
(559, 1710774642, 23, 2, 0, 'rate,5', '335412225H4', ''),
(266, 1646754688, 23, 2, 0, 'rate,1', '271392985NM', ''),
(267, 1646763396, 23, 2, 0, 'rate,5', '271401704T8', 'Quick, easy, and supportive! '),
(558, 1710517750, 23, 2, 0, 'rate,5', '335155943G5', ''),
(287, 1649701498, 23, 2, 0, 'rate,5', '274339472J7', ''),
(557, 1710438521, 23, 2, 0, 'rate,5', '3350765135Q', ''),
(289, 1649788723, 23, 1, 0, 'rate,5', '27442646749', ''),
(290, 1649868251, 23, 2, 0, 'rate,5', '2745065848Y', ''),
(556, 1710429328, 23, 2, 0, 'rate,5', '335067523K4', ''),
(292, 1649963575, 23, 2, 0, 'rate,5', '274601924GB', ''),
(293, 1650041696, 23, 1, 0, 'rate,5', '274679947ZZ', ''),
(294, 1650307475, 23, 2, 0, 'rate,5', '2749458787V', ''),
(295, 1650381251, 23, 2, 0, 'rate,5', '2750194197H', ''),
(296, 1650389680, 23, 2, 0, 'rate,5', '2750265062V', ''),
(297, 1650398740, 23, 2, 0, 'rate,5', '275036951YA', ''),
(298, 1650489649, 23, 2, 0, 'rate,5', '275127824EX', 'Provided requested info in timely manner. I\'m well pleased.'),
(299, 1650553170, 23, 2, 0, 'rate,5', '275191201JN', ''),
(300, 1650564110, 23, 2, 0, 'rate,5', '275202296K9', ''),
(301, 1650570532, 23, 1, 0, 'rate,5', '275208658M8', ''),
(302, 1650658640, 19, 2, 0, 'rate,5', '275296525CW', ''),
(555, 1710334282, 23, 1, 0, 'rate,5', '334970470ZH', ''),
(304, 1650989102, 23, 2, 0, 'rate,5', '27562739039', ''),
(305, 1651065551, 23, 2, 0, 'rate,5', '275703925ET', ''),
(306, 1651068834, 23, 2, 0, 'rate,4', '275707208WJ', ''),
(307, 1651080937, 19, 2, 0, 'rate,5', '275719262G5', ''),
(308, 1651083863, 23, 2, 0, 'rate,5', '27572100482', 'Thank you for your help'),
(309, 1651177377, 23, 2, 0, 'rate,5', '275815473VV', ''),
(310, 1651239975, 19, 2, 0, 'rate,5', '2758779113B', ''),
(311, 1651253297, 23, 2, 0, 'rate,5', '275890980AH', 'Very helpful, offered additional solutions'),
(312, 1651501368, 23, 2, 0, 'rate,5', '276139563JQ', 'Tiffany very helpful!\n'),
(313, 1651502520, 23, 2, 0, 'rate,5', '27614047097', 'Tiffany super-helpful\n'),
(314, 1651503155, 23, 2, 0, 'rate,5', '276141484K3', ''),
(315, 1651503199, 23, 2, 0, 'rate,5', '276139032Y8', 'Very pleasant explaining to me what i didn\'t understand thanks'),
(316, 1651513767, 23, 2, 0, 'rate,5', '276152131W7', ''),
(317, 1651673939, 23, 2, 0, 'rate,5', '27631221154', ''),
(318, 1651763496, 23, 2, 0, 'rate,5', '2764008999K', ''),
(319, 1651780721, 19, 2, 0, 'rate,5', '276418149C5', ''),
(320, 1651783388, 23, 2, 0, 'rate,5', '276421034ZR', 'Super helpful!'),
(554, 1710266457, 23, 2, 0, 'rate,4', '334904678WR', ''),
(322, 1652297223, 19, 2, 0, 'rate,5', '276935194AC', 'Amazing customer service by Tracy '),
(509, 1706217417, 23, 2, 0, 'rate,5', '330855598KY', 'Great support, exactly what I needed.'),
(508, 1706206609, 23, 2, 0, 'rate,5', '330844350QQ', ''),
(326, 1652733529, 19, 2, 0, 'rate,5', '277371194QB', ''),
(328, 1653070249, 22, 2, 0, 'rate,5', '277708059XJ', ''),
(329, 1653574403, 19, 2, 0, 'rate,5', '278212643WY', ''),
(330, 1679502895, 23, 1, 0, 'rate,5', '30414087098', ''),
(331, 1680017430, 22, 2, 0, 'rate,5', '304655540Q5', ''),
(332, 1680020074, 23, 1, 0, 'rate,5', '304658272VC', 'Beautiful\n'),
(553, 1710176378, 23, 2, 0, 'rate,5', '334814162BY', 'Thank you.'),
(334, 1680527542, 23, 2, 0, 'rate,5', '30516603457', ''),
(335, 1680529135, 23, 2, 0, 'rate,5', '305167316RY', ''),
(336, 1680625303, 23, 2, 0, 'rate,4', '30526358978', ''),
(337, 1680631334, 23, 1, 0, 'rate,5', '305269573RW', 'Quick and Precise on fixing my issue and was helpful explaining on what I did wrong.'),
(338, 1680705595, 23, 2, 0, 'rate,5', '305343607VA', ''),
(551, 1710173753, 23, 2, 0, 'rate,5', '3348116354C', ''),
(552, 1710175419, 23, 2, 0, 'rate,5', '33481238528', ''),
(548, 1709748314, 23, 2, 0, 'rate,5', '334386137GA', ''),
(549, 1709845785, 23, 2, 0, 'rate,5', '334484017QN', ''),
(550, 1709924234, 23, 2, 0, 'rate,5', '3345623514Y', 'Thank you.'),
(342, 1681245241, 23, 2, 0, 'rate,4', '305883386XV', ''),
(343, 1681329251, 23, 2, 0, 'rate,5', '305967404MZ', ''),
(344, 1681765740, 23, 2, 0, 'rate,5', '306403691NC', ''),
(345, 1681827353, 23, 2, 0, 'rate,5', '306465413BT', ''),
(347, 1682358712, 23, 2, 0, 'rate,5', '306997117QV', ''),
(348, 1682362860, 23, 2, 0, 'rate,5', '307000317C4', ''),
(349, 1682456219, 23, 2, 0, 'rate,5', '307088182HB', 'I got the answer I was looking for over the phone. Thank you'),
(350, 1682518886, 23, 2, 0, 'rate,4', '307157206RW', ''),
(547, 1709744859, 23, 2, 0, 'rate,5', '334382821GT', 'Tiffanyy was super helpful'),
(546, 1709744525, 23, 2, 0, 'rate,1', '334382728BN', ''),
(545, 1709734412, 23, 2, 0, 'rate,5', '334371526Q8', ''),
(354, 1682692076, 23, 2, 0, 'rate,5', '30733018937', ''),
(544, 1709673201, 23, 2, 0, 'rate,5', '33431100643', ''),
(356, 1682709670, 23, 1, 0, 'rate,5', '30734783237', ''),
(357, 1682970316, 23, 1, 0, 'rate,5', '3076086548T', 'Answered my question quickly! A+'),
(543, 1709668468, 19, 2, 0, 'rate,5', '334306764TE', ''),
(359, 1683063139, 23, 2, 0, 'rate,5', '307701213AC', ''),
(360, 1683126705, 23, 2, 0, 'rate,5', '307764348MM', 'very helpful'),
(361, 1683128874, 23, 2, 0, 'rate,5', '307765931V9', 'very helpful'),
(362, 1683207310, 23, 2, 0, 'rate,5', '307845413HQ', ''),
(542, 1709566072, 23, 2, 0, 'rate,5', '334204431EJ', ''),
(364, 1683214397, 23, 1, 0, 'rate,5', '307852535GA', ''),
(365, 1683216377, 23, 1, 0, 'rate,5', '307853652ZJ', ''),
(366, 1683234487, 23, 1, 0, 'rate,5', '30787282948', ''),
(367, 1683235081, 23, 1, 0, 'rate,5', '307873367YT', ''),
(368, 1683574001, 23, 1, 0, 'rate,5', '308212344KG', ''),
(369, 1683645402, 23, 2, 0, 'rate,1', '308283729MW', ''),
(507, 1706023376, 23, 2, 0, 'rate,5', '33066085352', ''),
(371, 1683679962, 23, 1, 0, 'rate,5', '3082959883W', 'Tiffany assisted me via email before I reached out for assistance with my log in and when I reached out via chat she was available as well. Very impressive that she was immediately available and extremely helpful. Excellent customer service!! Mahalo & Aloha from Honolulu!!! M. Gallegos'),
(372, 1683734257, 23, 2, 0, 'rate,5', '308371756BX', 'Tiffany was awesome!!'),
(373, 1683736377, 23, 2, 0, 'rate,5', '30837468837', ''),
(374, 1683813275, 23, 2, 0, 'rate,5', '3084503804C', ''),
(506, 1705960333, 23, 2, 0, 'rate,5', '330598550M2', ''),
(376, 1684165760, 23, 2, 0, 'rate,5', '3088040964Q', ''),
(377, 1684172219, 23, 2, 0, 'rate,5', '30880998949', ''),
(378, 1684941038, 23, 2, 0, 'rate,5', '309579267QY', ''),
(379, 1684943042, 23, 2, 0, 'rate,5', '309581148VG', 'Quick and efficient help. My problem was solved right away.'),
(380, 1685024392, 23, 2, 0, 'rate,5', '30966179843', ''),
(381, 1685111190, 23, 2, 0, 'rate,4', '309748593H4', ''),
(505, 1705959085, 23, 2, 0, 'rate,4', '3305972004N', ''),
(383, 1685625534, 23, 2, 0, 'rate,5', '310263765C8', ''),
(384, 1685971230, 23, 2, 0, 'rate,5', '3106094554W', ''),
(385, 1685974962, 23, 2, 0, 'rate,5', '310613160KY', ''),
(386, 1685986619, 23, 2, 0, 'rate,5', '310624826J2', 'Solved problem right away! Very helpful.'),
(596, 1712848649, 23, 2, 0, 'rate,5', '337486755XT', 'This was very easy. I was a bit worried but worked great. \n'),
(388, 1686665111, 19, 2, 0, 'rate,5', '3113031183J', ''),
(389, 1686674733, 23, 2, 0, 'rate,5', '3113131073G', ''),
(390, 1686927536, 23, 2, 0, 'rate,5', '311565264R7', ''),
(391, 1687187833, 23, 2, 0, 'rate,5', '311825524ZE', ''),
(392, 1687279078, 23, 2, 0, 'rate,5', '3119169328H', ''),
(393, 1687889983, 23, 2, 0, 'rate,5', '312528134JN', ''),
(394, 1687891277, 23, 2, 0, 'rate,5', '312529007GQ', ''),
(395, 1687986055, 23, 1, 0, 'rate,5', '312624108VT', ''),
(396, 1688132397, 23, 2, 0, 'rate,5', '312770081MA', 'She answered every question I had in promptly manner.'),
(397, 1688563973, 23, 2, 0, 'rate,5', '3132014534H', ''),
(399, 1688583343, 23, 1, 0, 'rate,1', '313221690M4', 'No one responded to my request'),
(400, 1688583596, 23, 1, 0, 'rate,5', '313221981T4', 'Very Helpful. '),
(401, 1688657453, 19, 2, 0, 'rate,5', '313295497VK', ''),
(402, 1688658548, 23, 2, 0, 'rate,5', '313296360RZ', ''),
(403, 1688671460, 23, 1, 0, 'rate,5', '313309722ZX', ''),
(404, 1688677178, 23, 2, 0, 'rate,5', '3133155253J', ''),
(504, 1705949596, 23, 2, 0, 'rate,5', '3305872987X', 'Amazing service and saved me a lot of headache'),
(407, 1689183983, 23, 2, 0, 'rate,5', '313822290E7', ''),
(408, 1689277544, 23, 2, 0, 'rate,5', '313915641YK', ''),
(503, 1705510531, 23, 2, 0, 'rate,5', '330148481CK', ''),
(410, 1689604267, 23, 2, 0, 'rate,5', '314242436ZH', 'I have been a student with Compliance Solutions from the state of my HAZWOPER training.  The instructors, and support staff, are extremely knowledgeable, professional, courteous, and welcoming.  I can_not_ imagine using any other training service.  All the best, denny diveley / 347-268-2479'),
(411, 1689693188, 23, 2, 0, 'rate,5', '314331527CB', ''),
(502, 1705354874, 23, 2, 0, 'rate,5', '329992274JK', ''),
(501, 1704914273, 23, 2, 0, 'rate,5', '329552443EB', ''),
(414, 1689792443, 23, 2, 0, 'rate,5', '314430603T2', ''),
(500, 1704728507, 23, 2, 0, 'rate,5', '329366521A3', ''),
(416, 1689866324, 23, 2, 0, 'rate,5', '314504300ZC', ''),
(417, 1689881599, 23, 1, 0, 'rate,5', '314519869RY', ''),
(418, 1690304986, 23, 2, 0, 'rate,5', '314943020CE', 'Very helpful and quick'),
(419, 1690465764, 23, 2, 0, 'rate,5', '315103946AH', ''),
(421, 1690817092, 23, 2, 0, 'rate,5', '315454834R9', ''),
(422, 1690898626, 23, 2, 0, 'rate,5', '315536363HT', ''),
(423, 1690988279, 23, 2, 0, 'rate,5', '315626164BY', 'The service via chat is always great. Very easy and convenient for quick information. '),
(424, 1690992367, 23, 2, 0, 'rate,5', '31563046085', ''),
(425, 1691595561, 23, 2, 0, 'rate,5', '3162336852B', ''),
(426, 1691677072, 23, 2, 0, 'rate,5', '316315274RC', ''),
(427, 1691687047, 23, 2, 0, 'rate,5', '316325369KV', ''),
(428, 1691781960, 23, 1, 0, 'rate,5', '316419425EA', ''),
(429, 1692026201, 23, 2, 0, 'rate,5', '316664279AV', ''),
(430, 1692031985, 19, 2, 0, 'rate,5', '3166701357C', 'Thanks for the speedy reply.'),
(431, 1692035378, 23, 2, 0, 'rate,4', '316673186AN', ''),
(432, 1692197243, 23, 2, 0, 'rate,5', '3168342037V', ''),
(433, 1692381209, 23, 1, 0, 'rate,5', '31701868442', 'thank you so much for your help!!!'),
(499, 1704471026, 23, 2, 0, 'rate,5', '3291079477Z', 'Very helpful.  Thanks'),
(435, 1692630437, 19, 2, 0, 'rate,5', '317267695ZE', ''),
(436, 1692630868, 23, 2, 0, 'rate,5', '317268718G7', ''),
(437, 1692640083, 23, 2, 0, 'rate,5', '31727824293', ''),
(595, 1712839099, 23, 1, 0, 'rate,1', '337477260T8', ''),
(439, 1692809536, 23, 2, 0, 'rate,5', '317447119HM', ''),
(440, 1692810027, 23, 2, 0, 'rate,5', '317447824C4', ''),
(498, 1704318113, 23, 2, 0, 'rate,5', '328956287EJ', ''),
(442, 1693331083, 23, 2, 0, 'rate,5', '3179694502K', ''),
(497, 1704298854, 23, 2, 0, 'rate,5', '3289371692A', ''),
(444, 1693927924, 23, 2, 0, 'rate,5', '3185662675E', ''),
(445, 1694026641, 23, 2, 0, 'rate,5', '31866471554', ''),
(446, 1694033069, 23, 1, 0, 'rate,5', '3186710638M', ''),
(447, 1694185705, 23, 2, 0, 'rate,5', '318823683NQ', ''),
(448, 1694613262, 23, 2, 0, 'rate,5', '319250949JC', ''),
(449, 1694706346, 23, 2, 0, 'rate,5', '319344396JR', 'Kind, fast, and to the point. '),
(450, 1694708696, 23, 2, 0, 'rate,5', '319346948GY', ''),
(451, 1694808934, 23, 1, 0, 'rate,5', '3194471512Q', ''),
(452, 1695071486, 23, 2, 0, 'rate,5', '319709134YM', 'Very helpful!'),
(453, 1695652640, 23, 2, 0, 'rate,5', '320288503YT', ''),
(454, 1695748568, 23, 1, 0, 'rate,5', '320386796E9', ''),
(593, 1712752036, 23, 1, 0, 'rate,5', '337390110Y3', 'fast and helpful'),
(594, 1712755065, 23, 2, 0, 'rate,5', '337393428EE', ''),
(456, 1696628885, 19, 2, 0, 'rate,5', '32126726554', ''),
(457, 1696974245, 23, 2, 0, 'rate,5', '32161083448', ''),
(458, 1697049309, 23, 2, 0, 'rate,5', '321687631YN', ''),
(459, 1697558984, 23, 2, 0, 'rate,5', '3221971528A', ''),
(460, 1697639003, 23, 2, 0, 'rate,5', '3222768067C', 'Excellent customer service - thank you'),
(461, 1697819800, 19, 2, 0, 'rate,1', '322457865BE', ''),
(462, 1697827383, 23, 2, 0, 'rate,5', '322464699RA', ''),
(463, 1698091832, 19, 2, 0, 'rate,5', '3227298435Q', ''),
(464, 1698096363, 23, 2, 0, 'rate,5', '322734591T7', ''),
(465, 1698246082, 19, 2, 0, 'rate,5', '322884095N3', ''),
(466, 1698354750, 23, 2, 0, 'rate,5', '322992716XT', ''),
(467, 1698432428, 23, 2, 0, 'rate,5', '323070689X3', 'Rapid.  Both in response and resolution.'),
(468, 1698868831, 23, 2, 0, 'rate,5', '3235072109Z', ''),
(469, 1698935369, 23, 2, 0, 'rate,5', '3235736357Y', ''),
(470, 1698958227, 23, 2, 0, 'rate,5', '323596608RV', ''),
(471, 1699029332, 23, 2, 0, 'rate,5', '323666889K8', ''),
(472, 1699030330, 23, 2, 0, 'rate,5', '323668211JH', ''),
(473, 1699301788, 23, 2, 0, 'rate,5', '323940191W2', ''),
(474, 1699542820, 23, 2, 0, 'rate,4', '324179430HY', ''),
(475, 1699559708, 23, 1, 0, 'rate,5', '324198014JV', ''),
(476, 1699986555, 23, 2, 0, 'rate,5', '324624742XM', ''),
(477, 1699986598, 23, 2, 0, 'rate,5', '3246224637C', ''),
(478, 1699988908, 23, 2, 0, 'rate,5', '324627120G8', ''),
(479, 1699996261, 23, 2, 0, 'rate,5', '324634675KG', ''),
(480, 1700149880, 23, 2, 0, 'rate,5', '324788096GA', ''),
(481, 1700585628, 23, 2, 0, 'rate,5', '325223949YX', ''),
(482, 1701098124, 23, 2, 0, 'rate,5', '325736172JM', ''),
(483, 1701103970, 19, 2, 0, 'rate,4', '325737452EH', ''),
(484, 1701121506, 23, 2, 0, 'rate,5', '3257598505G', ''),
(485, 1701201196, 22, 2, 0, 'rate,5', '325839437WN', ''),
(486, 1701442752, 23, 2, 0, 'rate,5', '326080765T3', 'Quick, friendly and had the answer to my questions. Thank you.'),
(487, 1701465261, 23, 1, 0, 'rate,5', '326103253BK', ''),
(488, 1701810965, 23, 2, 0, 'rate,5', '3264491762T', ''),
(489, 1701892488, 23, 2, 0, 'rate,5', '326530562BK', ''),
(490, 1702575667, 23, 2, 0, 'rate,5', '327214013KY', ''),
(491, 1702915899, 23, 2, 0, 'rate,5', '327554123NV', ''),
(492, 1702923639, 23, 2, 0, 'rate,5', '327561755MG', ''),
(493, 1703263944, 23, 2, 0, 'rate,5', '327901335KC', ''),
(494, 1703694610, 23, 2, 0, 'rate,5', '328332831KM', ''),
(495, 1703780274, 23, 2, 0, 'rate,5', '328418496CK', ''),
(496, 1704229772, 22, 2, 0, 'rate,5', '328868119N5', ''),
(598, 1712858316, 23, 2, 0, 'rate,5', '337494685QE', ''),
(599, 1712929709, 19, 2, 0, 'rate,4', '337567760CC', 'Tracy was very helpful\n\n'),
(600, 1713363491, 23, 2, 0, 'rate,5', '338001657MT', ''),
(601, 1713369271, 19, 2, 0, 'rate,5', '33800724142', ''),
(602, 1713374993, 23, 2, 0, 'rate,5', '3380126337R', ''),
(603, 1713385105, 23, 2, 0, 'rate,5', '338023250YR', ''),
(604, 1713530431, 23, 2, 0, 'rate,5', '338168338E5', ''),
(605, 1713531031, 23, 2, 0, 'rate,5', '338168782R8', ''),
(606, 1713538426, 23, 2, 0, 'rate,5', '3381763392K', ''),
(607, 1713543282, 23, 2, 0, 'rate,5', '338181159H2', 'Tiffany is excellent! Very helpful'),
(608, 1713813169, 23, 1, 0, 'rate,5', '338451417JE', ''),
(609, 1713815512, 23, 2, 0, 'rate,5', '338453572B9', ''),
(610, 1714054000, 19, 2, 0, 'rate,5', '338692090B2', ''),
(611, 1714164512, 23, 2, 0, 'rate,5', '338802462N7', ''),
(612, 1714394968, 23, 1, 0, 'rate,5', '3390332562H', ''),
(613, 1714409351, 23, 1, 0, 'rate,5', '3390472599K', 'Very quick and helped answer my Q '),
(614, 1714500244, 19, 2, 0, 'rate,5', '339137959BA', ''),
(615, 1714504571, 23, 2, 0, 'rate,5', '339142757XN', ''),
(616, 1714568384, 23, 2, 0, 'rate,5', '339206554VY', ''),
(617, 1714571885, 23, 2, 0, 'rate,5', '33921025974', ''),
(618, 1714573125, 19, 2, 0, 'rate,5', '339211505QM', ''),
(619, 1714680654, 23, 1, 0, 'rate,5', '3393188008N', ''),
(620, 1714746740, 23, 2, 0, 'rate,5', '339385057YR', ''),
(621, 1714760303, 23, 2, 0, 'rate,5', '3393985312X', ''),
(622, 1715013673, 23, 2, 0, 'rate,5', '3396512168M', ''),
(623, 1715015508, 23, 1, 0, 'rate,5', '339653465WR', ''),
(624, 1715020595, 23, 2, 0, 'rate,5', '339659021B8', 'Speedy and no issues.'),
(625, 1715024624, 23, 2, 0, 'rate,5', '339662730WM', ''),
(626, 1715026611, 23, 2, 0, 'rate,3', '339663811NE', ''),
(627, 1715090861, 23, 1, 0, 'rate,5', '339728735E3', ''),
(628, 1715092702, 23, 1, 0, 'rate,1', '3397309212E', 'Said that I was being kicked for inactivity, yet I hadn\'t been kicked once'),
(629, 1715108552, 19, 2, 0, 'rate,5', '3397465049W', ''),
(630, 1715109290, 23, 2, 0, 'rate,5', '339747562XC', ''),
(631, 1715113618, 19, 2, 0, 'rate,5', '33975001595', 'good'),
(632, 1715116120, 23, 2, 0, 'rate,5', '339752901X5', ''),
(633, 1715270527, 23, 2, 0, 'rate,3', '33990866148', ''),
(634, 1715271733, 23, 2, 0, 'rate,5', '339909767BG', ''),
(635, 1715283435, 19, 2, 0, 'rate,5', '339920983X8', ''),
(636, 1715283841, 23, 2, 0, 'rate,5', '339922226YB', ''),
(637, 1715287492, 23, 2, 0, 'rate,5', '339924747WA', ''),
(638, 1715288448, 23, 1, 0, 'rate,5', '339926609AM', ''),
(639, 1715354238, 23, 2, 0, 'rate,5', '339992122KK', ''),
(640, 1715699458, 19, 2, 0, 'rate,5', '340337524E3', 'Answered my question'),
(641, 1715791415, 23, 2, 0, 'rate,5', '3404296334B', ''),
(642, 1715804889, 23, 2, 0, 'rate,5', '340442948AX', ''),
(643, 1715978366, 23, 2, 0, 'rate,5', '340616601EH', ''),
(644, 1716223450, 23, 1, 0, 'rate,5', '3408616703A', ''),
(645, 1716302380, 19, 2, 0, 'rate,5', '340940035WA', ''),
(646, 1716322303, 23, 1, 0, 'rate,5', '3409596393H', ''),
(647, 1716390209, 19, 2, 0, 'rate,5', '341028146R7', ''),
(648, 1716391473, 23, 2, 0, 'rate,5', '341029895AH', ''),
(649, 1716472570, 23, 1, 0, 'rate,5', '341110478CZ', ''),
(650, 1716478737, 23, 1, 0, 'rate,5', '341117083XH', 'Tiffany is very helpful, and quickly assists to resolve IT issues!'),
(651, 1716494767, 23, 1, 0, 'rate,5', '3411323969T', 'Tiffany rocks!\n'),
(652, 1716563353, 23, 1, 0, 'rate,5', '341201309QN', ''),
(653, 1716584267, 23, 2, 0, 'rate,5', '3412220742M', ''),
(654, 1716904849, 23, 2, 0, 'rate,4', '341543188CH', ''),
(655, 1716908735, 23, 2, 0, 'rate,5', '341547074Z2', ''),
(656, 1716917946, 23, 2, 0, 'rate,5', '341556152QG', 'Kept answers thorough and concise.  '),
(657, 1716923132, 23, 2, 0, 'rate,5', '3415612462V', ''),
(658, 1717002116, 23, 2, 0, 'rate,5', '34164045834', 'Fast and to the point! '),
(659, 1717003523, 23, 2, 0, 'rate,5', '3416408565B', ''),
(660, 1717097651, 19, 2, 0, 'rate,5', '34173226343', 'Excellent'),
(661, 1717185473, 23, 1, 0, 'rate,5', '341823749RZ', ''),
(662, 1717446905, 19, 2, 0, 'rate,5', '342085202AQ', ''),
(663, 1717768552, 19, 2, 0, 'rate,5', '342406649JH', ''),
(664, 1718037070, 23, 2, 0, 'rate,5', '3426751948Q', ''),
(665, 1718037723, 23, 2, 0, 'rate,5', '3426748829T', 'was a great help '),
(666, 1718125170, 23, 2, 0, 'rate,5', '342751720TE', ''),
(667, 1718128609, 23, 2, 0, 'rate,5', '342766725GW', ''),
(668, 1718210504, 23, 1, 0, 'rate,5', '3428487827R', ''),
(669, 1718224743, 23, 2, 0, 'rate,5', '342861675H5', ''),
(670, 1718295599, 23, 2, 0, 'rate,5', '342933915JR', 'Tiffany was a great help'),
(671, 1718374161, 23, 2, 0, 'rate,5', '34301256539', ''),
(672, 1718377272, 23, 1, 0, 'rate,5', '3430153188R', 'Very helpful thank you'),
(673, 1718389191, 23, 1, 0, 'rate,5', '34302761122', ''),
(674, 1718637250, 23, 1, 0, 'rate,5', '343275532QK', ''),
(675, 1718639298, 23, 1, 0, 'rate,5', '343277145RZ', ''),
(676, 1718718679, 23, 2, 0, 'rate,5', '34335701448', ''),
(677, 1718731763, 23, 2, 0, 'rate,5', '3433697944R', ''),
(678, 1718734730, 23, 2, 0, 'rate,5', '343372382ZW', ''),
(679, 1718745631, 23, 2, 0, 'rate,5', '34338381628', ''),
(680, 1718806099, 23, 1, 0, 'rate,5', '343444397XM', ''),
(681, 1718812158, 23, 2, 0, 'rate,5', '343450080C3', ''),
(682, 1718897161, 19, 2, 0, 'rate,5', '3435350194M', ''),
(683, 1718908621, 23, 1, 0, 'rate,5', '343546704ET', ''),
(684, 1719253015, 23, 2, 0, 'rate,5', '3438914427B', ''),
(685, 1719260325, 19, 2, 0, 'rate,5', '3438936809Q', ''),
(686, 1719337631, 23, 2, 0, 'rate,5', '343976050M7', ''),
(687, 1719341297, 19, 2, 0, 'rate,5', '343979258XR', ''),
(688, 1719344077, 23, 1, 0, 'rate,5', '343982528VW', ''),
(689, 1719347564, 23, 2, 0, 'rate,5', '343985880H3', ''),
(690, 1719435686, 23, 2, 0, 'rate,5', '344073679E9', 'Friendly, professional, and problem resolved.'),
(691, 1719840751, 23, 2, 0, 'rate,5', '3444791342R', ''),
(692, 1720031363, 23, 1, 0, 'rate,5', '344669364ZX', 'Tiffany was knowledgable, attentive, and able to help me resolve my issue. '),
(693, 1720033440, 23, 1, 0, 'rate,5', '3446716883Z', ''),
(694, 1720798182, 23, 1, 0, 'rate,5', '345436342QX', ''),
(695, 1721655070, 23, 2, 0, 'rate,5', '346293327B2', ''),
(696, 1723148435, 23, 5, 0, 'rate,4', '347786290YQ', ''),
(697, 1723149077, 23, 2, 0, 'rate,4', '347787095YC', ''),
(698, 1723149687, 23, 1, 0, 'rate,5', '347787581KB', '');

-- --------------------------------------------------------

--
-- Table structure for table `p_opping_log`
--

CREATE TABLE `p_opping_log` (
  `logID` int UNSIGNED NOT NULL,
  `created` int UNSIGNED NOT NULL,
  `opID` int UNSIGNED NOT NULL,
  `mapp` tinyint UNSIGNED NOT NULL,
  `counter` mediumint UNSIGNED NOT NULL,
  `ping` double UNSIGNED NOT NULL,
  `ip` varchar(45) NOT NULL,
  `country` varchar(2) CHARACTER SET utf8mb3 COLLATE utf8mb3_general_ci NOT NULL,
  `region` varchar(42) CHARACTER SET utf8mb3 COLLATE utf8mb3_general_ci NOT NULL,
  `city` varchar(50) CHARACTER SET utf8mb3 COLLATE utf8mb3_general_ci NOT NULL
) ENGINE=MyISAM DEFAULT CHARSET=latin1;

--
-- Dumping data for table `p_opping_log`
--

INSERT INTO `p_opping_log` (`logID`, `created`, `opID`, `mapp`, `counter`, `ping`, `ip`, `country`, `region`, `city`) VALUES
(53869, 1680642156, 29, 0, 675, 1.222, '50.222.123.98', '', '', ''),
(48599, 1652917367, 26, 0, 0, 0, '50.222.123.98', '', '', ''),
(53457, 1680534235, 22, 0, 0, 0, '50.222.123.98', '', '', ''),
(50614, 1679438856, 16, 0, 445, 0.063, '50.222.123.98', '', '', ''),
(102365, 1701702547, 12, 0, 0, 0, '50.222.123.98', '', '', ''),
(50006, 1653577753, 26, 0, 0, 0, '50.222.123.98', '', '', ''),
(53881, 1680646145, 29, 0, 765, 0.057, '50.222.123.98', '', '', ''),
(105041, 1702589948, 12, 0, 875, 0.064, '50.222.123.98', '', '', ''),
(133544, 1719931040, 19, 0, 0, 0, '76.131.111.251', '', '', ''),
(50423, 1653687309, 4, 0, 85, 0.204, '98.38.153.12', '', '', ''),
(50397, 1653683932, 4, 0, 0, 0, '98.38.153.12', '', '', ''),
(115057, 1709139338, 22, 0, 0, 0, '50.222.123.98', '', '', ''),
(105056, 1702591198, 12, 0, 925, 0.061, '50.222.123.98', '', '', ''),
(53875, 1680643625, 29, 0, 715, 0.057, '50.222.123.98', '', '', ''),
(50369, 1653679973, 26, 0, 395, 0.144, '50.222.123.98', '', '', ''),
(99906, 1700235086, 12, 0, 0, 0, '50.222.123.98', '', '', ''),
(134894, 1721218332, 23, 0, 0, 0, '47.204.19.78', '', '', ''),
(63047, 1684158184, 17, 0, 0, 0, '50.222.123.98', '', '', ''),
(90468, 1695236824, 18, 0, 55, 0.062, '50.222.123.98', '', '', ''),
(118416, 1710953671, 17, 0, 0, 0, '50.222.123.98', '', '', ''),
(137840, 1723231985, 23, 0, 525, 0.093, '98.17.213.212', '', '', ''),
(118428, 1710955125, 17, 0, 45, 0.053, '50.222.123.98', '', '', ''),
(50393, 1653683289, 26, 0, 455, 0.203, '50.222.123.98', '', '', ''),
(53864, 1680641256, 29, 0, 645, 0.056, '50.222.123.98', '', '', ''),
(90451, 1695234681, 18, 0, 1, 0.493, '50.222.123.98', '', '', ''),
(137823, 1723229017, 23, 0, 475, 0.131, '98.17.213.212', '', '', ''),
(137870, 1723236993, 23, 0, 625, 0.096, '98.17.213.212', '', '', ''),
(48895, 1653058665, 26, 0, 0, 0, '50.222.123.98', '', '', ''),
(89051, 1694619713, 18, 0, 0, 0, '50.222.123.98', '', '', ''),
(90385, 1695223324, 18, 0, 1, 0.099, '50.222.123.98', '', '', ''),
(46694, 1652210139, 27, 0, 0, 0, '50.222.123.98', '', '', ''),
(48635, 1652970498, 4, 0, 0, 0, '98.38.153.12', '', '', ''),
(51132, 1679583899, 22, 0, 0, 0, '50.222.123.98', '', '', ''),
(49463, 1653409337, 17, 0, 0, 0, '50.222.123.98', '', '', ''),
(105064, 1702591948, 12, 0, 955, 0.058, '50.222.123.98', '', '', ''),
(48700, 1652980204, 4, 0, 0, 0, '98.38.153.12', '', '', ''),
(88782, 1694530327, 18, 0, 0, 0, '50.222.123.98', '', '', ''),
(48590, 1652914813, 26, 0, 0, 0, '50.222.123.98', '', '', ''),
(50452, 1653694629, 4, 0, 215, 0.154, '98.38.153.12', '', '', ''),
(103745, 1702307156, 12, 0, 0, 0, '50.222.123.98', '', '', ''),
(49664, 1653490568, 26, 0, 0, 0, '50.222.123.98', '', '', ''),
(63516, 1684190935, 27, 0, 0, 0, '50.222.123.98', '', '', ''),
(133320, 1719841911, 19, 0, 0, 0, '76.131.111.251', '', '', ''),
(50435, 1653689109, 4, 0, 115, 0.154, '98.38.153.12', '', '', ''),
(115281, 1709168840, 22, 0, 565, 0.057, '50.222.123.98', '', '', ''),
(118422, 1710954057, 17, 0, 15, 0.053, '50.222.123.98', '', '', ''),
(49637, 1653487017, 17, 0, 0, 0, '50.222.123.98', '', '', ''),
(94315, 1697489529, 17, 0, 1, 0.064, '50.222.123.98', '', '', ''),
(49070, 1653079629, 27, 0, 0, 0, '50.222.123.98', '', '', ''),
(131398, 1718726541, 25, 0, 0, 0, '50.222.123.98', '', '', ''),
(105011, 1702587198, 12, 0, 765, 0.066, '50.222.123.98', '', '', ''),
(49966, 1653572643, 17, 0, 0, 0, '50.222.123.98', '', '', ''),
(98805, 1699889483, 12, 0, 0, 0, '50.222.123.98', '', '', ''),
(137864, 1723235857, 23, 0, 605, 0.093, '98.17.213.212', '', '', ''),
(50465, 1679405216, 17, 0, 0, 0, '50.222.123.98', '', '', ''),
(112269, 1707331604, 7, 0, 0, 0, '50.222.123.98', '', '', ''),
(50441, 1653689889, 26, 0, 565, 0.154, '50.222.123.98', '', '', ''),
(90394, 1695224344, 18, 0, 25, 0.054, '50.222.123.98', '', '', ''),
(88729, 1694471228, 18, 0, 0, 0, '50.222.123.98', '', '', ''),
(121947, 1712674609, 25, 0, 0, 0, '50.222.123.98', '', '', ''),
(47500, 1652454183, 4, 0, 0, 0, '98.38.153.12', '', '', ''),
(50592, 1679435798, 16, 0, 325, 0.07, '50.222.123.98', '', '', ''),
(47831, 1652713815, 26, 0, 0, 0, '50.222.123.98', '', '', ''),
(118431, 1710955497, 17, 0, 55, 0.053, '50.222.123.98', '', '', ''),
(119343, 1711482075, 27, 0, 0, 0, '50.222.123.98', '', '', ''),
(49413, 1653402885, 4, 0, 0, 0, '98.38.153.12', '', '', ''),
(50589, 1679435288, 16, 0, 305, 0.17, '50.222.123.98', '', '', ''),
(45974, 1651786855, 26, 0, 0, 0, '50.222.123.98', '', '', ''),
(49688, 1653492499, 4, 0, 0, 0, '98.38.153.12', '', '', ''),
(136795, 1722524189, 23, 0, 0, 0, '98.17.213.212', '', '', ''),
(90456, 1695235144, 18, 0, 15, 0.055, '50.222.123.98', '', '', ''),
(135421, 1721737560, 23, 0, 0, 0, '98.17.213.212', '', '', ''),
(137879, 1723238346, 19, 0, 975, 0.112, '76.131.111.251', '', '', ''),
(56737, 1681766884, 22, 0, 0, 0, '50.222.123.98', '', '', ''),
(115290, 1709174240, 22, 0, 655, 0.085, '50.222.123.98', '', '', ''),
(85819, 1692993386, 17, 0, 215, 0.056, '50.222.123.98', '', '', ''),
(134155, 1720472976, 25, 0, 435, 0.05, '50.222.123.98', '', '', ''),
(53867, 1680641781, 29, 0, 665, 0.057, '50.222.123.98', '', '', ''),
(50403, 1653684489, 26, 0, 475, 0.202, '50.222.123.98', '', '', ''),
(106671, 1703808682, 22, 0, 0, 0, '50.222.123.98', '', '', ''),
(94316, 1697489627, 17, 0, 5, 0.06, '50.222.123.98', '', '', ''),
(50604, 1679437331, 16, 0, 385, 0.065, '50.222.123.98', '', '', ''),
(90473, 1695237424, 18, 0, 65, 0.054, '50.222.123.98', '', '', ''),
(47506, 1652454716, 26, 0, 0, 0, '50.222.123.98', '', '', ''),
(50431, 1653688509, 4, 0, 105, 0.191, '98.38.153.12', '', '', ''),
(136747, 1722513720, 23, 0, 0, 0, '98.17.213.212', '', '', ''),
(48808, 1652995862, 27, 0, 0, 0, '50.222.123.98', '', '', ''),
(50396, 1653683889, 26, 0, 465, 0.14, '50.222.123.98', '', '', ''),
(48127, 1652795987, 4, 0, 0, 0, '98.38.153.12', '', '', ''),
(118418, 1710953677, 17, 0, 1, 0.065, '50.222.123.98', '', '', ''),
(106908, 1704227091, 22, 0, 0, 0, '50.222.123.98', '', '', ''),
(50598, 1679436566, 16, 0, 355, 0.06, '50.222.123.98', '', '', ''),
(50611, 1679438349, 16, 0, 425, 0.069, '50.222.123.98', '', '', ''),
(50411, 1653685689, 26, 0, 495, 0.255, '50.222.123.98', '', '', ''),
(137379, 1722956700, 19, 0, 0, 0, '76.131.111.251', '', '', ''),
(105053, 1702590948, 12, 0, 915, 0.053, '50.222.123.98', '', '', ''),
(53880, 1680645545, 29, 0, 755, 0.065, '50.222.123.98', '', '', ''),
(52929, 1680196615, 22, 0, 0, 0, '50.222.123.98', '', '', ''),
(50427, 1653687909, 4, 0, 95, 0.166, '98.38.153.12', '', '', ''),
(115285, 1709171240, 22, 0, 605, 0.06, '50.222.123.98', '', '', ''),
(46340, 1652111422, 26, 0, 0, 0, '50.222.123.98', '', '', ''),
(48141, 1652799095, 4, 0, 0, 0, '98.38.153.12', '', '', ''),
(50422, 1653686987, 4, 0, 75, 0.169, '98.38.153.12', '', '', ''),
(50018, 1653578602, 4, 0, 0, 0, '98.38.153.12', '', '', ''),
(104133, 1702394343, 12, 0, 0, 0, '50.222.123.98', '', '', ''),
(50420, 1653686889, 26, 0, 515, 0.16, '50.222.123.98', '', '', ''),
(48900, 1653058988, 4, 0, 0, 0, '98.38.153.12', '', '', ''),
(48161, 1652801773, 26, 0, 0, 0, '50.222.123.98', '', '', ''),
(115286, 1709171840, 22, 0, 615, 0.074, '50.222.123.98', '', '', ''),
(94319, 1697489877, 17, 0, 15, 0.058, '50.222.123.98', '', '', ''),
(118424, 1710954549, 17, 0, 25, 0.055, '50.222.123.98', '', '', ''),
(50245, 1653662770, 4, 0, 0, 0, '98.38.153.12', '', '', ''),
(50607, 1679437840, 16, 0, 405, 0.077, '50.222.123.98', '', '', ''),
(137876, 1723237846, 19, 0, 955, 0.111, '76.131.111.251', '', '', ''),
(135407, 1721684243, 27, 0, 375, 0.085, '50.222.123.98', '', '', ''),
(50450, 1653693429, 4, 0, 195, 0.157, '98.38.153.12', '', '', ''),
(88099, 1694119254, 18, 0, 0, 0, '50.222.123.98', '', '', ''),
(115284, 1709170640, 22, 0, 595, 0.064, '50.222.123.98', '', '', ''),
(50376, 1653680889, 26, 0, 415, 0.192, '50.222.123.98', '', '', ''),
(102976, 1701874972, 12, 0, 0, 0, '50.222.123.98', '', '', ''),
(134145, 1720471726, 25, 0, 385, 0.062, '50.222.123.98', '', '', ''),
(137880, 1723238596, 19, 0, 985, 0.119, '76.131.111.251', '', '', ''),
(101042, 1701194403, 22, 0, 0, 0, '50.222.123.98', '', '', ''),
(50445, 1653691029, 4, 0, 155, 0.191, '98.38.153.12', '', '', ''),
(128965, 1716926230, 25, 0, 0, 0, '50.222.123.98', '', '', ''),
(105050, 1702590698, 12, 0, 905, 0.056, '50.222.123.98', '', '', ''),
(65998, 1685025383, 22, 0, 0, 0, '50.222.123.98', '', '', ''),
(48688, 1652977829, 4, 0, 0, 0, '98.38.153.12', '', '', ''),
(87584, 1694014137, 25, 0, 0, 0, '50.222.123.98', '', '', ''),
(50591, 1679435541, 16, 0, 315, 0.061, '50.222.123.98', '', '', ''),
(50455, 1653696429, 4, 0, 245, 0.157, '98.38.153.12', '', '', ''),
(135032, 1721305721, 23, 0, 0, 0, '47.204.19.78', '', '', ''),
(48671, 1652975701, 26, 0, 0, 0, '50.222.123.98', '', '', ''),
(136376, 1722348901, 19, 0, 0, 0, '76.131.111.251', '', '', ''),
(51867, 1679940143, 22, 0, 0, 0, '50.222.123.98', '', '', ''),
(50436, 1653689289, 26, 0, 555, 0.143, '50.222.123.98', '', '', ''),
(89135, 1694637149, 18, 0, 0, 0, '50.222.123.98', '', '', ''),
(105028, 1702588698, 12, 0, 825, 0.057, '50.222.123.98', '', '', ''),
(45162, 1651590684, 26, 0, 0, 0, '50.222.123.98', '', '', ''),
(49397, 1653398172, 17, 0, 0, 0, '50.222.123.98', '', '', ''),
(134141, 1720471226, 25, 0, 365, 0.051, '50.222.123.98', '', '', ''),
(135330, 1721674890, 27, 0, 0, 0, '50.222.123.98', '', '', ''),
(99384, 1700064742, 12, 0, 0, 0, '50.222.123.98', '', '', ''),
(90404, 1695225664, 18, 0, 55, 0.071, '50.222.123.98', '', '', ''),
(46037, 1651849679, 26, 0, 0, 0, '50.222.123.98', '', '', ''),
(90390, 1695223744, 18, 0, 15, 0.058, '50.222.123.98', '', '', ''),
(53879, 1680644945, 29, 0, 745, 0.055, '50.222.123.98', '', '', ''),
(101297, 1701271481, 22, 0, 0, 0, '50.222.123.98', '', '', ''),
(90410, 1695226264, 18, 0, 65, 0.06, '50.222.123.98', '', '', ''),
(50390, 1653682689, 26, 0, 445, 0.184, '50.222.123.98', '', '', ''),
(35054, 1647530124, 16, 0, 0, 0, '24.8.18.127', '', '', ''),
(135404, 1721683993, 27, 0, 365, 0.049, '50.222.123.98', '', '', ''),
(134153, 1720472726, 25, 0, 425, 0.051, '50.222.123.98', '', '', ''),
(47376, 1652387162, 27, 0, 0, 0, '50.222.123.98', '', '', ''),
(48639, 1652970742, 4, 0, 0, 0, '98.38.153.12', '', '', ''),
(50385, 1653682089, 26, 0, 435, 0.151, '50.222.123.98', '', '', ''),
(46551, 1652194530, 26, 0, 0, 0, '50.222.123.98', '', '', ''),
(50617, 1679439112, 16, 0, 455, 0.069, '50.222.123.98', '', '', ''),
(135416, 1721685786, 27, 0, 0, 0, '50.222.123.98', '', '', ''),
(136347, 1722341891, 23, 0, 0, 0, '98.17.213.212', '', '', ''),
(105059, 1702591448, 12, 0, 935, 0.057, '50.222.123.98', '', '', ''),
(50451, 1653694029, 4, 0, 205, 0.159, '98.38.153.12', '', '', ''),
(105038, 1702589698, 12, 0, 865, 0.06, '50.222.123.98', '', '', ''),
(50446, 1653691089, 26, 0, 585, 0.145, '50.222.123.98', '', '', ''),
(50453, 1653695229, 4, 0, 225, 0.155, '98.38.153.12', '', '', ''),
(98095, 1699476227, 12, 0, 0, 0, '50.222.123.98', '', '', ''),
(53866, 1680641531, 29, 0, 655, 0.114, '50.222.123.98', '', '', ''),
(72090, 1687539080, 17, 0, 0, 0, '50.222.123.98', '', '', ''),
(47205, 1652313138, 27, 0, 0, 0, '50.222.123.98', '', '', ''),
(137872, 1723237243, 23, 0, 635, 0.107, '98.17.213.212', '', '', ''),
(136605, 1722439391, 19, 0, 0, 0, '76.131.111.251', '', '', ''),
(137886, 1723240096, 19, 0, 1045, 0.106, '76.131.111.251', '', '', ''),
(115296, 1709177840, 22, 0, 715, 0.064, '50.222.123.98', '', '', ''),
(50381, 1653681489, 26, 0, 425, 0.142, '50.222.123.98', '', '', ''),
(115287, 1709172440, 22, 0, 625, 0.059, '50.222.123.98', '', '', ''),
(88974, 1694551436, 18, 0, 0, 0, '50.222.123.98', '', '', ''),
(137889, 1723240846, 19, 0, 1075, 0.112, '76.131.111.251', '', '', ''),
(102706, 1701789267, 12, 0, 0, 0, '50.222.123.98', '', '', ''),
(50440, 1653689829, 4, 0, 135, 0.158, '98.38.153.12', '', '', ''),
(135745, 1721910867, 23, 0, 0, 0, '98.17.213.212', '', '', ''),
(50502, 1679428435, 17, 0, 0, 0, '50.222.123.98', '', '', ''),
(49202, 1653323478, 27, 0, 0, 0, '50.222.123.98', '', '', ''),
(133247, 1719606881, 25, 0, 0, 0, '50.222.123.98', '', '', ''),
(135410, 1721684743, 27, 0, 395, 0.054, '50.222.123.98', '', '', ''),
(50618, 1679439368, 16, 0, 465, 0.054, '50.222.123.98', '', '', ''),
(50416, 1653686289, 26, 0, 505, 0.171, '50.222.123.98', '', '', ''),
(50456, 1653697029, 4, 0, 255, 0.173, '98.38.153.12', '', '', ''),
(50255, 1653664369, 26, 0, 0, 0, '50.222.123.98', '', '', ''),
(90479, 1695238328, 18, 0, 85, 0.055, '50.222.123.98', '', '', ''),
(90461, 1695235828, 18, 0, 35, 0.054, '50.222.123.98', '', '', ''),
(54319, 1680800124, 27, 0, 0, 0, '50.222.123.98', '', '', ''),
(105023, 1702588198, 12, 0, 805, 0.061, '50.222.123.98', '', '', ''),
(135391, 1721682243, 27, 0, 295, 0.053, '50.222.123.98', '', '', ''),
(131637, 1718806836, 25, 0, 0, 0, '50.222.123.98', '', '', ''),
(50601, 1679437078, 16, 0, 375, 0.06, '50.222.123.98', '', '', ''),
(53876, 1680643856, 29, 0, 725, 0.083, '50.222.123.98', '', '', ''),
(50425, 1653687489, 26, 0, 525, 0.145, '50.222.123.98', '', '', ''),
(85137, 1692803401, 25, 0, 0, 0, '50.222.123.98', '', '', ''),
(131401, 1718726568, 25, 0, 0, 0, '50.222.123.98', '', '', ''),
(49190, 1653321796, 4, 0, 0, 0, '98.38.153.12', '', '', ''),
(50372, 1653680289, 26, 0, 405, 0.144, '50.222.123.98', '', '', ''),
(53651, 1680618128, 29, 0, 0, 0, '50.222.123.98', '', '', ''),
(72778, 1687960921, 17, 0, 0, 0, '50.222.123.98', '', '', ''),
(48626, 1652968413, 17, 0, 0, 0, '50.222.123.98', '', '', ''),
(46933, 1652285886, 27, 0, 0, 0, '50.222.123.98', '', '', ''),
(62841, 1683915734, 22, 0, 0, 0, '50.222.123.98', '', '', ''),
(103849, 1702318001, 22, 0, 0, 0, '50.222.123.98', '', '', ''),
(46907, 1652281436, 26, 0, 0, 0, '50.222.123.98', '', '', ''),
(137723, 1723211492, 19, 0, 0, 0, '76.131.111.251', '', '', ''),
(50596, 1679436309, 16, 0, 345, 0.059, '50.222.123.98', '', '', ''),
(118444, 1710957297, 17, 0, 85, 0.052, '50.222.123.98', '', '', ''),
(90414, 1695226864, 18, 0, 75, 0.062, '50.222.123.98', '', '', ''),
(101880, 1701376436, 27, 0, 0, 0, '50.222.123.98', '', '', ''),
(136148, 1722256990, 23, 0, 0, 0, '98.17.213.212', '', '', ''),
(47287, 1652375289, 4, 0, 0, 0, '98.38.153.12', '', '', ''),
(50447, 1653691629, 4, 0, 165, 0.177, '98.38.153.12', '', '', ''),
(115280, 1709168240, 22, 0, 555, 0.062, '50.222.123.98', '', '', ''),
(115283, 1709170040, 22, 0, 585, 0.056, '50.222.123.98', '', '', ''),
(50418, 1653686749, 4, 0, 65, 0.164, '98.38.153.12', '', '', ''),
(115295, 1709177240, 22, 0, 705, 0.056, '50.222.123.98', '', '', ''),
(50448, 1653692229, 4, 0, 175, 0.173, '98.38.153.12', '', '', ''),
(90482, 1695238804, 18, 0, 95, 0.056, '50.222.123.98', '', '', ''),
(89688, 1694810128, 18, 0, 0, 0, '50.222.123.98', '', '', ''),
(137820, 1723228417, 23, 0, 465, 0.097, '98.17.213.212', '', '', ''),
(50433, 1653688689, 26, 0, 545, 0.158, '50.222.123.98', '', '', ''),
(134139, 1720470976, 25, 0, 355, 0.053, '50.222.123.98', '', '', ''),
(49651, 1653488769, 4, 0, 0, 0, '98.38.153.12', '', '', ''),
(47169, 1652307343, 26, 0, 0, 0, '50.222.123.98', '', '', ''),
(133736, 1720015083, 19, 0, 0, 0, '76.131.111.251', '', '', ''),
(89096, 1694630544, 18, 0, 0, 0, '50.222.123.98', '', '', ''),
(50444, 1653690489, 26, 0, 575, 0.183, '50.222.123.98', '', '', ''),
(47248, 1652368132, 26, 0, 0, 0, '50.222.123.98', '', '', ''),
(50587, 1679435032, 16, 0, 295, 0.071, '50.222.123.98', '', '', ''),
(50463, 1679404614, 17, 0, 0, 0, '50.222.123.98', '', '', ''),
(90077, 1695132959, 18, 0, 0, 0, '50.222.123.98', '', '', ''),
(50407, 1653685089, 26, 0, 485, 0.197, '50.222.123.98', '', '', ''),
(115294, 1709176640, 22, 0, 695, 0.091, '50.222.123.98', '', '', ''),
(90452, 1695234778, 18, 0, 5, 0.055, '50.222.123.98', '', '', ''),
(114356, 1708704761, 27, 0, 0, 0, '50.222.123.98', '', '', ''),
(101730, 1701363284, 22, 0, 0, 0, '50.222.123.98', '', '', ''),
(104766, 1702514355, 22, 0, 0, 0, '50.222.123.98', '', '', ''),
(47824, 1652713540, 4, 0, 0, 0, '98.38.153.12', '', '', ''),
(88216, 1694183627, 18, 0, 0, 0, '50.222.123.98', '', '', ''),
(90450, 1695234673, 18, 0, 0, 0, '50.222.123.98', '', '', ''),
(101680, 1701356800, 12, 0, 0, 0, '50.222.123.98', '', '', ''),
(45470, 1651678436, 26, 0, 0, 0, '50.222.123.98', '', '', ''),
(105026, 1702588448, 12, 0, 815, 0.059, '50.222.123.98', '', '', ''),
(115292, 1709175440, 22, 0, 675, 0.058, '50.222.123.98', '', '', ''),
(135946, 1721971440, 14, 0, 1, 0.047, '70.49.103.10', '', '', ''),
(87866, 1694096507, 18, 0, 0, 0, '50.222.123.98', '', '', ''),
(105035, 1702589448, 12, 0, 855, 0.056, '50.222.123.98', '', '', ''),
(137869, 1723236846, 19, 0, 915, 0.118, '76.131.111.251', '', '', ''),
(53861, 1680640931, 29, 0, 635, 0.057, '50.222.123.98', '', '', ''),
(48360, 1652880628, 17, 0, 0, 0, '50.222.123.98', '', '', ''),
(50605, 1679437585, 16, 0, 395, 0.064, '50.222.123.98', '', '', ''),
(50449, 1653692829, 4, 0, 185, 0.151, '98.38.153.12', '', '', ''),
(87774, 1694033671, 18, 0, 0, 0, '50.222.123.98', '', '', ''),
(50594, 1679436054, 16, 0, 335, 0.057, '50.222.123.98', '', '', ''),
(137883, 1723239346, 19, 0, 1015, 0.126, '76.131.111.251', '', '', ''),
(99078, 1699976368, 12, 0, 0, 0, '50.222.123.98', '', '', ''),
(48884, 1653055206, 17, 0, 0, 0, '50.222.123.98', '', '', ''),
(135630, 1721823736, 23, 0, 0, 0, '98.17.213.212', '', '', ''),
(90386, 1695223422, 18, 0, 5, 0.076, '50.222.123.98', '', '', ''),
(90458, 1695235578, 18, 0, 25, 0.055, '50.222.123.98', '', '', ''),
(118435, 1710956097, 17, 0, 65, 0.053, '50.222.123.98', '', '', ''),
(49492, 1653412203, 4, 0, 0, 0, '98.38.153.12', '', '', ''),
(47240, 1652364895, 4, 0, 0, 0, '98.38.153.12', '', '', ''),
(50429, 1653688089, 26, 0, 535, 0.15, '50.222.123.98', '', '', ''),
(48346, 1652825720, 26, 0, 0, 0, '50.222.123.98', '', '', ''),
(90045, 1695073520, 18, 0, 0, 0, '50.222.123.98', '', '', ''),
(85828, 1692994386, 17, 0, 255, 0.057, '50.222.123.98', '', '', ''),
(137860, 1723235257, 23, 0, 595, 0.115, '98.17.213.212', '', '', ''),
(102067, 1701443667, 12, 0, 0, 0, '50.222.123.98', '', '', ''),
(106906, 1704227066, 25, 0, 0, 0, '50.222.123.98', '', '', ''),
(90325, 1695158678, 18, 0, 0, 0, '50.222.123.98', '', '', ''),
(50454, 1653695829, 4, 0, 235, 0.164, '98.38.153.12', '', '', ''),
(50438, 1653689462, 4, 0, 125, 0.15, '98.38.153.12', '', '', ''),
(134161, 1720473726, 25, 0, 465, 0.06, '50.222.123.98', '', '', ''),
(48428, 1652892044, 4, 0, 0, 0, '98.38.153.12', '', '', ''),
(88564, 1694447760, 18, 0, 0, 0, '50.222.123.98', '', '', ''),
(49162, 1653315560, 17, 0, 0, 0, '50.222.123.98', '', '', ''),
(115279, 1709167640, 22, 0, 545, 0.056, '50.222.123.98', '', '', ''),
(50620, 1679439624, 16, 0, 475, 0.084, '50.222.123.98', '', '', ''),
(50443, 1653690429, 4, 0, 145, 0.164, '98.38.153.12', '', '', ''),
(52112, 1680016453, 22, 0, 0, 0, '50.222.123.98', '', '', ''),
(49399, 1653398202, 17, 0, 0, 0, '50.222.123.98', '', '', ''),
(88465, 1694206684, 18, 0, 0, 0, '50.222.123.98', '', '', ''),
(135415, 1721685493, 27, 0, 425, 0.052, '50.222.123.98', '', '', ''),
(50600, 1679436820, 16, 0, 365, 0.059, '50.222.123.98', '', '', ''),
(118420, 1710953775, 17, 0, 5, 0.053, '50.222.123.98', '', '', ''),
(128875, 1716910444, 25, 0, 0, 0, '50.222.123.98', '', '', ''),
(85830, 1692994636, 17, 0, 265, 0.195, '50.222.123.98', '', '', ''),
(115282, 1709169441, 22, 0, 575, 0.07, '50.222.123.98', '', '', ''),
(50469, 1679415793, 27, 0, 0, 0, '50.222.123.98', '', '', ''),
(50470, 1679415918, 27, 0, 0, 0, '50.222.123.98', '', '', ''),
(50471, 1679415996, 27, 0, 0, 0, '50.222.123.98', '', '', ''),
(50472, 1679416312, 27, 0, 0, 0, '50.222.123.98', '', '', ''),
(50473, 1679422096, 7, 0, 0, 0, '50.222.123.98', '', '', ''),
(50474, 1679425896, 28, 0, 0, 0, '70.55.24.174', '', '', ''),
(50475, 1679426061, 28, 0, 0, 0, '70.55.24.174', '', '', ''),
(50476, 1679426074, 28, 0, 1, 0.068, '70.55.24.174', '', '', ''),
(50477, 1679426277, 7, 0, 0, 0, '50.222.123.98', '', '', ''),
(50478, 1679426314, 7, 0, 0, 0, '50.222.123.98', '', '', ''),
(50609, 1679438096, 16, 0, 415, 0.064, '50.222.123.98', '', '', ''),
(50481, 1679427453, 16, 0, 0, 0, '50.222.123.98', '', '', ''),
(50613, 1679438604, 16, 0, 435, 0.07, '50.222.123.98', '', '', ''),
(50622, 1679439882, 16, 0, 485, 0.053, '50.222.123.98', '', '', ''),
(134908, 1721225425, 19, 0, 0, 0, '76.131.111.251', '', '', ''),
(115297, 1709178440, 22, 0, 725, 0.098, '50.222.123.98', '', '', ''),
(72758, 1687957829, 17, 0, 0, 0, '50.222.123.98', '', '', ''),
(118427, 1710954800, 17, 0, 35, 0.053, '50.222.123.98', '', '', ''),
(135385, 1721681493, 27, 0, 265, 0.052, '50.222.123.98', '', '', ''),
(104483, 1702480129, 12, 0, 0, 0, '50.222.123.98', '', '', ''),
(53873, 1680643231, 29, 0, 705, 0.077, '50.222.123.98', '', '', ''),
(115288, 1709173040, 22, 0, 635, 0.059, '50.222.123.98', '', '', ''),
(129307, 1717078624, 25, 0, 0, 0, '50.222.123.98', '', '', ''),
(105020, 1702587948, 12, 0, 795, 0.061, '50.222.123.98', '', '', ''),
(104792, 1702567469, 12, 0, 0, 0, '50.222.123.98', '', '', ''),
(53844, 1680639331, 29, 0, 595, 0.051, '50.222.123.98', '', '', ''),
(98502, 1699630094, 12, 0, 0, 0, '50.222.123.98', '', '', ''),
(53858, 1680640681, 29, 0, 625, 0.056, '50.222.123.98', '', '', ''),
(90384, 1695223317, 18, 0, 0, 0, '50.222.123.98', '', '', ''),
(136776, 1722520534, 19, 0, 0, 0, '76.131.111.251', '', '', ''),
(53855, 1680640445, 29, 0, 615, 0.068, '50.222.123.98', '', '', ''),
(64359, 1684425019, 22, 0, 0, 0, '50.222.123.98', '', '', ''),
(84644, 1692712209, 25, 0, 0, 0, '50.222.123.98', '', '', ''),
(84380, 1692637104, 25, 0, 0, 0, '50.222.123.98', '', '', ''),
(74025, 1688569612, 17, 0, 0, 0, '50.222.123.98', '', '', ''),
(134159, 1720473476, 25, 0, 455, 0.05, '50.222.123.98', '', '', ''),
(118440, 1710956697, 17, 0, 75, 0.06, '50.222.123.98', '', '', ''),
(87100, 1693924557, 25, 0, 0, 0, '50.222.123.98', '', '', ''),
(53882, 1680646556, 29, 0, 775, 0.06, '50.222.123.98', '', '', ''),
(105017, 1702587698, 12, 0, 785, 0.079, '50.222.123.98', '', '', ''),
(53870, 1680642406, 29, 0, 685, 0.053, '50.222.123.98', '', '', ''),
(53842, 1680639065, 29, 0, 585, 0.057, '50.222.123.98', '', '', ''),
(98194, 1699542486, 12, 0, 0, 0, '50.222.123.98', '', '', ''),
(53849, 1680639845, 29, 0, 605, 0.056, '50.222.123.98', '', '', ''),
(137847, 1723233068, 23, 0, 555, 0.108, '98.17.213.212', '', '', ''),
(53878, 1680644345, 29, 0, 735, 0.054, '50.222.123.98', '', '', ''),
(115289, 1709173640, 22, 0, 645, 0.069, '50.222.123.98', '', '', ''),
(135945, 1721971435, 14, 0, 0, 0, '70.49.103.10', '', '', ''),
(53872, 1680642905, 29, 0, 695, 0.058, '50.222.123.98', '', '', ''),
(105047, 1702590448, 12, 0, 895, 0.059, '50.222.123.98', '', '', ''),
(101279, 1701270038, 12, 0, 0, 0, '50.222.123.98', '', '', ''),
(134131, 1720469976, 25, 0, 315, 0.052, '50.222.123.98', '', '', ''),
(135049, 1721313127, 19, 0, 0, 0, '76.131.111.251', '', '', ''),
(89478, 1694787483, 18, 0, 0, 0, '50.222.123.98', '', '', ''),
(135944, 1721971090, 14, 0, 5, 0.046, '70.49.103.10', '', '', ''),
(85824, 1692993886, 17, 0, 235, 0.065, '50.222.123.98', '', '', ''),
(105061, 1702591698, 12, 0, 945, 0.058, '50.222.123.98', '', '', ''),
(135982, 1722003436, 19, 0, 0, 0, '76.131.111.251', '', '', ''),
(85820, 1692993636, 17, 0, 225, 0.057, '50.222.123.98', '', '', ''),
(135154, 1721391348, 23, 0, 0, 0, '47.204.19.78', '', '', ''),
(135393, 1721682493, 27, 0, 305, 0.049, '50.222.123.98', '', '', ''),
(99654, 1700147376, 12, 0, 0, 0, '50.222.123.98', '', '', ''),
(94314, 1697489524, 17, 0, 0, 0, '50.222.123.98', '', '', ''),
(135398, 1721683243, 27, 0, 335, 0.054, '50.222.123.98', '', '', ''),
(134149, 1720472226, 25, 0, 405, 0.052, '50.222.123.98', '', '', ''),
(134750, 1721133205, 23, 0, 0, 0, '47.204.19.78', '', '', ''),
(135212, 1721649284, 23, 0, 0, 0, '98.17.213.212', '', '', ''),
(129337, 1717091596, 25, 0, 0, 0, '50.222.123.98', '', '', ''),
(90400, 1695225064, 18, 0, 45, 0.054, '50.222.123.98', '', '', ''),
(135942, 1721970733, 14, 0, 0, 0, '70.49.103.10', '', '', ''),
(135943, 1721970944, 14, 0, 1, 0.046, '70.49.103.10', '', '', ''),
(105033, 1702589198, 12, 0, 845, 0.06, '50.222.123.98', '', '', ''),
(105044, 1702590198, 12, 0, 885, 0.057, '50.222.123.98', '', '', ''),
(65614, 1684937471, 22, 0, 0, 0, '50.222.123.98', '', '', ''),
(135402, 1721683743, 27, 0, 355, 0.054, '50.222.123.98', '', '', ''),
(85826, 1692994136, 17, 0, 245, 0.056, '50.222.123.98', '', '', ''),
(134137, 1720470726, 25, 0, 345, 0.052, '50.222.123.98', '', '', ''),
(83736, 1692282251, 25, 0, 0, 0, '50.222.123.98', '', '', ''),
(103262, 1701964578, 12, 0, 0, 0, '50.222.123.98', '', '', ''),
(134135, 1720470476, 25, 0, 335, 0.052, '50.222.123.98', '', '', ''),
(90398, 1695224772, 18, 0, 35, 0.061, '50.222.123.98', '', '', ''),
(115291, 1709174840, 22, 0, 665, 0.06, '50.222.123.98', '', '', ''),
(85831, 1692994886, 17, 0, 275, 3.261, '50.222.123.98', '', '', ''),
(135797, 1721924010, 19, 0, 0, 0, '76.131.111.251', '', '', ''),
(89817, 1695051819, 18, 0, 0, 0, '50.222.123.98', '', '', ''),
(120954, 1712263211, 27, 0, 0, 0, '50.222.123.98', '', '', ''),
(135418, 1721685889, 27, 0, 5, 0.061, '50.222.123.98', '', '', ''),
(105014, 1702587448, 12, 0, 775, 0.058, '50.222.123.98', '', '', ''),
(105031, 1702588948, 12, 0, 835, 0.059, '50.222.123.98', '', '', ''),
(115298, 1709179040, 22, 0, 735, 0.055, '50.222.123.98', '', '', ''),
(85778, 1692983732, 17, 0, 0, 0, '50.222.123.98', '', '', ''),
(100748, 1701098843, 12, 0, 0, 0, '50.222.123.98', '', '', ''),
(90476, 1695238025, 18, 0, 75, 0.056, '50.222.123.98', '', '', ''),
(90464, 1695236224, 18, 0, 45, 0.055, '50.222.123.98', '', '', ''),
(135408, 1721684493, 27, 0, 385, 0.056, '50.222.123.98', '', '', ''),
(85775, 1692975451, 25, 0, 0, 0, '50.222.123.98', '', '', ''),
(102508, 1701717649, 22, 0, 0, 0, '50.222.123.98', '', '', ''),
(134133, 1720470226, 25, 0, 325, 0.051, '50.222.123.98', '', '', ''),
(104268, 1702408811, 22, 0, 0, 0, '50.222.123.98', '', '', ''),
(137884, 1723239596, 19, 0, 1025, 0.118, '76.131.111.251', '', '', ''),
(137527, 1723033612, 23, 0, 0, 0, '98.17.213.212', '', '', ''),
(135384, 1721681243, 27, 0, 255, 0.054, '50.222.123.98', '', '', ''),
(115293, 1709176040, 22, 0, 685, 0.089, '50.222.123.98', '', '', ''),
(134151, 1720472476, 25, 0, 415, 0.05, '50.222.123.98', '', '', ''),
(137887, 1723240346, 19, 0, 1055, 0.111, '76.131.111.251', '', '', ''),
(136559, 1722428439, 23, 0, 0, 0, '98.17.213.212', '', '', ''),
(132895, 1719498511, 19, 0, 0, 0, '76.131.111.251', '', '', ''),
(134129, 1720469748, 25, 0, 305, 0.075, '50.222.123.98', '', '', ''),
(135947, 1721971570, 14, 0, 5, 0.042, '70.49.103.10', '', '', ''),
(134162, 1720473976, 25, 0, 475, 0.058, '50.222.123.98', '', '', ''),
(137853, 1723234057, 23, 0, 575, 0.109, '98.17.213.212', '', '', ''),
(134049, 1720452422, 25, 0, 0, 0, '50.222.123.98', '', '', ''),
(133115, 1719582841, 19, 0, 0, 0, '76.131.111.251', '', '', ''),
(135389, 1721681993, 27, 0, 285, 0.053, '50.222.123.98', '', '', ''),
(134157, 1720473226, 25, 0, 445, 0.051, '50.222.123.98', '', '', ''),
(137850, 1723233457, 23, 0, 565, 0.173, '98.17.213.212', '', '', ''),
(135394, 1721682743, 27, 0, 315, 0.051, '50.222.123.98', '', '', ''),
(134164, 1720474476, 25, 0, 495, 0.059, '50.222.123.98', '', '', ''),
(135387, 1721681743, 27, 0, 275, 0.067, '50.222.123.98', '', '', ''),
(137881, 1723238846, 19, 0, 995, 0.116, '76.131.111.251', '', '', ''),
(137842, 1723232218, 23, 0, 535, 0.091, '98.17.213.212', '', '', ''),
(134640, 1721051398, 19, 0, 0, 0, '76.131.111.251', '', '', ''),
(134765, 1721140756, 19, 0, 0, 0, '76.131.111.251', '', '', ''),
(134147, 1720471976, 25, 0, 395, 0.058, '50.222.123.98', '', '', ''),
(135397, 1721682993, 27, 0, 325, 0.061, '50.222.123.98', '', '', ''),
(136175, 1722263288, 19, 0, 0, 0, '76.131.111.251', '', '', ''),
(135412, 1721684993, 27, 0, 405, 0.055, '50.222.123.98', '', '', ''),
(135417, 1721685791, 27, 0, 1, 0.054, '50.222.123.98', '', '', ''),
(137873, 1723237346, 19, 0, 935, 0.124, '76.131.111.251', '', '', ''),
(129061, 1716990220, 25, 0, 0, 0, '50.222.123.98', '', '', ''),
(137885, 1723239846, 19, 0, 1035, 0.112, '76.131.111.251', '', '', ''),
(133013, 1719519050, 25, 0, 0, 0, '50.222.123.98', '', '', ''),
(137857, 1723234657, 23, 0, 585, 0.11, '98.17.213.212', '', '', ''),
(134143, 1720471476, 25, 0, 375, 0.056, '50.222.123.98', '', '', ''),
(135247, 1721658569, 19, 0, 0, 0, '76.131.111.251', '', '', ''),
(134163, 1720474226, 25, 0, 485, 0.052, '50.222.123.98', '', '', ''),
(137150, 1722860559, 23, 0, 0, 0, '98.17.213.212', '', '', ''),
(135400, 1721683493, 27, 0, 345, 0.051, '50.222.123.98', '', '', ''),
(135413, 1721685243, 27, 0, 415, 0.05, '50.222.123.98', '', '', ''),
(137890, 1723241096, 19, 0, 1085, 0.111, '76.131.111.251', '', '', ''),
(137174, 1722866418, 19, 0, 0, 0, '76.131.111.251', '', '', ''),
(137845, 1723232737, 23, 0, 545, 0.117, '98.17.213.212', '', '', ''),
(137875, 1723237777, 23, 0, 645, 0.09, '98.17.213.212', '', '', ''),
(135948, 1721971660, 14, 0, 0, 0, '70.49.103.10', '', '', ''),
(135949, 1721971665, 14, 0, 1, 0.037, '70.49.103.10', '', '', ''),
(135950, 1721971756, 14, 0, 0, 0, '70.49.103.10', '', '', ''),
(135951, 1721971761, 14, 0, 1, 0.042, '70.49.103.10', '', '', ''),
(135952, 1721971772, 14, 0, 0, 0, '70.49.103.10', '', '', ''),
(135953, 1721971777, 14, 0, 1, 0.045, '70.49.103.10', '', '', ''),
(135954, 1721971887, 14, 0, 5, 0.187, '70.49.103.10', '', '', ''),
(135955, 1721971921, 14, 0, 0, 0, '70.49.103.10', '', '', ''),
(135956, 1721971978, 14, 0, 0, 0, '70.49.103.10', '', '', ''),
(135957, 1721971984, 14, 0, 1, 0.049, '70.49.103.10', '', '', ''),
(135958, 1721998040, 23, 0, 0, 0, '98.17.213.212', '', '', ''),
(137868, 1723236596, 19, 0, 905, 0.112, '76.131.111.251', '', '', ''),
(137882, 1723239096, 19, 0, 1005, 0.135, '76.131.111.251', '', '', ''),
(137599, 1723125164, 19, 0, 0, 0, '76.131.111.251', '', '', ''),
(136949, 1722600105, 23, 0, 0, 0, '98.17.213.212', '', '', ''),
(137837, 1723231417, 23, 0, 515, 0.094, '98.17.213.212', '', '', ''),
(137877, 1723238096, 19, 0, 965, 0.121, '76.131.111.251', '', '', ''),
(137866, 1723236346, 19, 0, 895, 0.127, '76.131.111.251', '', '', ''),
(137888, 1723240596, 19, 0, 1065, 0.121, '76.131.111.251', '', '', ''),
(137833, 1723230817, 23, 0, 505, 0.1, '98.17.213.212', '', '', ''),
(137351, 1722946688, 23, 0, 0, 0, '98.17.213.212', '', '', ''),
(137830, 1723230217, 23, 0, 495, 0.094, '98.17.213.212', '', '', ''),
(137871, 1723237096, 19, 0, 925, 0.105, '76.131.111.251', '', '', ''),
(137878, 1723238217, 23, 0, 655, 0.094, '98.17.213.212', '', '', ''),
(137616, 1723133557, 23, 0, 0, 0, '98.17.213.212', '', '', ''),
(137874, 1723237596, 19, 0, 945, 0.111, '76.131.111.251', '', '', ''),
(137867, 1723236457, 23, 0, 615, 0.092, '98.17.213.212', '', '', ''),
(137712, 1723207164, 23, 0, 0, 0, '98.17.213.212', '', '', ''),
(137827, 1723229617, 23, 0, 485, 0.092, '98.17.213.212', '', '', '');

-- --------------------------------------------------------

--
-- Table structure for table `p_opstatus_log`
--

CREATE TABLE `p_opstatus_log` (
  `created` int NOT NULL,
  `opID` int NOT NULL,
  `status` tinyint NOT NULL,
  `mapp` tinyint UNSIGNED NOT NULL
) ENGINE=InnoDB DEFAULT CHARSET=latin1;

--
-- Dumping data for table `p_opstatus_log`
--

INSERT INTO `p_opstatus_log` (`created`, `opID`, `status`, `mapp`) VALUES
(1628782666, 22, 1, 0),
(1628809235, 22, 0, 0),
(1647530129, 16, 1, 0),
(1647594604, 16, 0, 0),
(1647594656, 16, 1, 0),
(1647609345, 16, 0, 0),
(1647624861, 25, 1, 0),
(1647627981, 25, 1, 0),
(1647644423, 25, 0, 0),
(1647886245, 25, 1, 0),
(1647903662, 25, 0, 0),
(1647960780, 25, 1, 0),
(1647960783, 25, 0, 0),
(1647960810, 25, 1, 0),
(1647960813, 25, 0, 0),
(1647960836, 25, 1, 0),
(1647960839, 25, 0, 0),
(1647960866, 25, 1, 0),
(1647960869, 25, 0, 0),
(1647960938, 25, 1, 0),
(1647960941, 25, 0, 0),
(1647960977, 25, 1, 0),
(1647960980, 25, 0, 0),
(1647961005, 25, 1, 0),
(1647961008, 25, 0, 0),
(1647961250, 25, 1, 0),
(1647986614, 25, 0, 0),
(1648052232, 25, 1, 0),
(1648075290, 25, 0, 0),
(1648075292, 25, 1, 0),
(1648075361, 25, 0, 0),
(1648094048, 16, 1, 0),
(1648094067, 16, 0, 0),
(1648134877, 25, 1, 0),
(1648162803, 25, 0, 0),
(1648223078, 25, 1, 0),
(1648249205, 25, 0, 0),
(1648650616, 25, 1, 0),
(1648650619, 25, 0, 0),
(1648650631, 25, 1, 0),
(1648650634, 25, 0, 0),
(1648650781, 25, 1, 0),
(1648650784, 25, 0, 0),
(1648651550, 25, 1, 0),
(1648651554, 25, 0, 0),
(1648651632, 25, 1, 0),
(1648651635, 25, 0, 0),
(1648652139, 25, 1, 0),
(1648652142, 25, 0, 0),
(1648652163, 25, 1, 0),
(1648652166, 25, 0, 0),
(1648661834, 25, 1, 0),
(1648679667, 25, 0, 0),
(1648824457, 25, 1, 0),
(1648824461, 25, 0, 0),
(1648824481, 25, 1, 0),
(1648824484, 25, 0, 0),
(1649089691, 25, 1, 0),
(1649113233, 25, 0, 0),
(1649351897, 25, 1, 0),
(1649369014, 25, 0, 0),
(1649430991, 25, 1, 0),
(1649458838, 25, 0, 0),
(1649770693, 25, 1, 0),
(1649770696, 25, 0, 0),
(1649770707, 25, 1, 0),
(1649770710, 25, 0, 0),
(1649770724, 25, 1, 0),
(1649770727, 25, 0, 0),
(1649959998, 25, 1, 0),
(1649974343, 25, 0, 0),
(1650033300, 25, 1, 0),
(1650033304, 25, 0, 0),
(1650033325, 25, 1, 0),
(1650033328, 25, 0, 0),
(1650034286, 25, 1, 0),
(1650034290, 25, 0, 0),
(1650034305, 25, 1, 0),
(1650034308, 25, 0, 0),
(1650034722, 25, 1, 0),
(1650034725, 25, 0, 0),
(1650044875, 25, 1, 0),
(1650063103, 25, 0, 0),
(1650292444, 25, 1, 0),
(1650292448, 25, 0, 0),
(1650292459, 25, 1, 0),
(1650292462, 25, 0, 0),
(1650314309, 25, 1, 0),
(1650322808, 25, 0, 0),
(1650899370, 25, 1, 0),
(1650927616, 25, 0, 0),
(1651155949, 25, 1, 0),
(1651155952, 25, 0, 0),
(1651155963, 25, 1, 0),
(1651155966, 25, 0, 0),
(1652203125, 22, 1, 0),
(1652204744, 25, 1, 0),
(1652210143, 27, 1, 0),
(1652210848, 27, 0, 0),
(1652223603, 25, 0, 0),
(1652223636, 22, 0, 0),
(1652285182, 25, 1, 0),
(1652285890, 27, 1, 0),
(1652301371, 22, 1, 0),
(1652310017, 27, 0, 0),
(1652310021, 22, 0, 0),
(1652310054, 25, 0, 0),
(1652313143, 27, 1, 0),
(1652313146, 27, 0, 0),
(1652371458, 22, 1, 0),
(1652376948, 25, 1, 0),
(1652379751, 25, 0, 0),
(1652387168, 27, 1, 0),
(1652390247, 25, 1, 0),
(1652396406, 22, 0, 0),
(1652396409, 25, 0, 0),
(1652396426, 27, 0, 0),
(1652455453, 25, 1, 0),
(1652467828, 22, 1, 0),
(1652479819, 25, 0, 0),
(1652630722, 22, 0, 0),
(1652712940, 25, 1, 0),
(1652742017, 25, 0, 0),
(1652743742, 25, 1, 0),
(1652743745, 25, 0, 0),
(1652993762, 22, 1, 0),
(1652995866, 27, 1, 0),
(1653001226, 27, 0, 0),
(1653001250, 22, 0, 0),
(1653059698, 22, 1, 0),
(1653060415, 22, 0, 0),
(1653060421, 22, 1, 0),
(1653079634, 27, 1, 0),
(1653080240, 27, 0, 0),
(1653087636, 22, 0, 0),
(1653323485, 27, 1, 0),
(1653346812, 27, 0, 0),
(1653491730, 22, 1, 0),
(1653519639, 22, 0, 0),
(1679425900, 28, 0, 0),
(1679426072, 28, 1, 0),
(1679426280, 7, 0, 0),
(1679426318, 7, 0, 0),
(1679426555, 22, 1, 0),
(1679426884, 22, 0, 0),
(1679426884, 28, 0, 0),
(1679427457, 16, 1, 0),
(1679427475, 22, 1, 0),
(1679427565, 22, 0, 0),
(1679427567, 22, 1, 0),
(1679427724, 25, 1, 0),
(1679439603, 25, 0, 0),
(1679439626, 16, 0, 0),
(1679439661, 22, 0, 0),
(1679500341, 22, 1, 0),
(1679581003, 25, 1, 0),
(1679583877, 22, 0, 0),
(1679583903, 22, 1, 0),
(1679586325, 25, 1, 0),
(1679586681, 25, 0, 0),
(1679612417, 22, 0, 0),
(1679667683, 25, 1, 0),
(1679698805, 25, 0, 0),
(1679927499, 25, 1, 0),
(1679940148, 22, 1, 0),
(1679958011, 25, 0, 0),
(1679958045, 22, 0, 0),
(1680016461, 22, 1, 0),
(1680044410, 22, 0, 0),
(1680103815, 25, 1, 0),
(1680130813, 25, 0, 0),
(1680182355, 25, 1, 0),
(1680196621, 22, 1, 0),
(1680201100, 22, 0, 0),
(1680217214, 25, 0, 0),
(1680273650, 25, 1, 0),
(1680303603, 25, 0, 0),
(1680534240, 22, 1, 0),
(1680562814, 22, 0, 0),
(1680710874, 25, 1, 0),
(1680735632, 25, 0, 0),
(1680790866, 25, 1, 0),
(1680800131, 27, 1, 0),
(1680800164, 27, 0, 0),
(1680800170, 27, 1, 0),
(1680804603, 27, 0, 0),
(1680822023, 25, 0, 0),
(1680877663, 25, 1, 0),
(1680898357, 25, 1, 0),
(1680898673, 25, 0, 0),
(1681766888, 22, 1, 0),
(1681772419, 22, 0, 0),
(1681824213, 25, 1, 0),
(1681854569, 25, 0, 0),
(1681913634, 25, 1, 0),
(1681945211, 25, 0, 0),
(1683121238, 25, 1, 0),
(1683154815, 25, 0, 0),
(1683295983, 25, 1, 0),
(1683327611, 25, 0, 0),
(1683727981, 25, 1, 0),
(1683759648, 25, 0, 0),
(1683819057, 25, 1, 0),
(1683837470, 25, 0, 0),
(1683909377, 25, 1, 0),
(1683912338, 25, 1, 0),
(1683912673, 25, 0, 0),
(1683913074, 25, 1, 0),
(1683915738, 22, 1, 0),
(1683932452, 25, 0, 0),
(1683932453, 22, 0, 0),
(1684164659, 25, 1, 0),
(1684190945, 27, 1, 0),
(1684190988, 25, 1, 0),
(1684190995, 25, 0, 0),
(1684191011, 25, 1, 0),
(1684191553, 25, 0, 0),
(1684191620, 27, 0, 0),
(1684244889, 25, 1, 0),
(1684254322, 25, 0, 0),
(1684254326, 25, 1, 0),
(1684276299, 25, 0, 0),
(1684335665, 25, 1, 0),
(1684364428, 25, 0, 0),
(1684419450, 25, 1, 0),
(1684425023, 22, 1, 0),
(1684450824, 25, 0, 0),
(1684450844, 22, 0, 0),
(1684505197, 25, 1, 0),
(1684537224, 25, 0, 0),
(1684937476, 22, 1, 0),
(1684938522, 25, 1, 0),
(1684939578, 25, 0, 0),
(1684969251, 22, 0, 0),
(1685025388, 22, 1, 0),
(1685106160, 22, 0, 0),
(1686060983, 25, 1, 0),
(1686092452, 25, 0, 0),
(1686146064, 25, 1, 0),
(1686178817, 25, 0, 0),
(1686230019, 25, 1, 0),
(1686265254, 25, 0, 0),
(1686319860, 25, 1, 0),
(1686347627, 25, 0, 0),
(1687357458, 25, 1, 0),
(1687388445, 25, 0, 0),
(1687446699, 25, 1, 0),
(1687470927, 25, 0, 0),
(1687785720, 25, 1, 0),
(1687815733, 25, 0, 0),
(1687962604, 25, 1, 0),
(1687979829, 25, 1, 0),
(1687993244, 25, 0, 0),
(1688048286, 25, 1, 0),
(1688079645, 25, 0, 0),
(1688139101, 25, 1, 0),
(1688164705, 25, 0, 0),
(1688568332, 25, 1, 0),
(1688598010, 25, 0, 0),
(1689604843, 25, 1, 0),
(1689620089, 25, 0, 0),
(1690212448, 25, 1, 0),
(1690239640, 25, 0, 0),
(1690899876, 25, 1, 0),
(1690925267, 25, 0, 0),
(1691678868, 25, 1, 0),
(1691708567, 25, 0, 0),
(1691765214, 25, 1, 0),
(1691794817, 25, 0, 0),
(1692282255, 25, 1, 0),
(1692313245, 25, 0, 0),
(1692637108, 25, 1, 0),
(1692669060, 25, 0, 0),
(1692712222, 25, 1, 0),
(1692745224, 25, 0, 0),
(1692803405, 25, 1, 0),
(1692831607, 25, 0, 0),
(1692975455, 25, 1, 0),
(1692975955, 25, 1, 0),
(1692978760, 25, 0, 0),
(1693924566, 25, 1, 0),
(1693953990, 25, 0, 0),
(1694014141, 25, 1, 0),
(1694019946, 25, 0, 0),
(1701194407, 22, 1, 0),
(1701271466, 22, 0, 0),
(1701271485, 22, 1, 0),
(1701302408, 22, 0, 0),
(1701363288, 22, 1, 0),
(1701376440, 27, 1, 0),
(1701388809, 22, 0, 0),
(1701388860, 27, 0, 0),
(1701717653, 22, 1, 0),
(1701734445, 22, 0, 0),
(1702318005, 22, 1, 0),
(1702339239, 22, 0, 0),
(1702408816, 22, 1, 0),
(1702425639, 22, 0, 0),
(1702514359, 22, 1, 0),
(1702514362, 22, 0, 0),
(1703808686, 22, 1, 0),
(1703808689, 22, 0, 0),
(1704227072, 25, 1, 0),
(1704227097, 22, 1, 0),
(1704233126, 19, 1, 0),
(1704233134, 23, 1, 0),
(1704234736, 23, 0, 0),
(1704240006, 19, 0, 0),
(1704240014, 25, 0, 0),
(1704240034, 22, 0, 0),
(1704288968, 23, 1, 0),
(1704288971, 23, 0, 0),
(1704291444, 23, 1, 0),
(1704292382, 19, 1, 0),
(1704296208, 23, 0, 0),
(1704298607, 23, 1, 0),
(1704321178, 23, 0, 0),
(1704326403, 19, 0, 0),
(1704376900, 23, 1, 0),
(1704378757, 19, 1, 0),
(1704386566, 23, 0, 0),
(1704386570, 23, 1, 0),
(1704405490, 23, 0, 0),
(1704412810, 19, 0, 0),
(1704463235, 23, 1, 0),
(1704465415, 19, 1, 0),
(1704478968, 23, 0, 0),
(1704479577, 23, 1, 0),
(1704492582, 23, 0, 0),
(1704499217, 19, 0, 0),
(1704722651, 23, 1, 0),
(1704725400, 19, 1, 0),
(1704728835, 23, 0, 0),
(1704728839, 23, 1, 0),
(1704753127, 23, 0, 0),
(1704758403, 19, 0, 0),
(1704809116, 23, 1, 0),
(1704811315, 19, 1, 0),
(1704825370, 23, 0, 0),
(1704825372, 23, 1, 0),
(1704838841, 23, 0, 0),
(1704844817, 19, 0, 0),
(1704895251, 23, 1, 0),
(1704898588, 19, 1, 0),
(1704910054, 23, 0, 0),
(1704910058, 23, 1, 0),
(1704926061, 23, 0, 0),
(1704931215, 19, 0, 0),
(1704982076, 23, 1, 0),
(1704983004, 19, 1, 0),
(1704994211, 23, 0, 0),
(1704994216, 23, 1, 0),
(1705000452, 23, 0, 0),
(1705000456, 23, 1, 0),
(1705009012, 23, 0, 0),
(1705017607, 19, 0, 0),
(1705068199, 23, 1, 0),
(1705070900, 19, 1, 0),
(1705074876, 23, 0, 0),
(1705074880, 23, 1, 0),
(1705075593, 23, 0, 0),
(1705075596, 23, 1, 0),
(1705100363, 23, 0, 0),
(1705104042, 19, 0, 0),
(1705327217, 23, 1, 0),
(1705330906, 19, 1, 0),
(1705333280, 23, 0, 0),
(1705336612, 23, 1, 0),
(1705360114, 23, 0, 0),
(1705363243, 19, 0, 0),
(1705413742, 23, 1, 0),
(1705415215, 19, 1, 0),
(1705442655, 23, 0, 0),
(1705449619, 19, 0, 0),
(1705502378, 23, 1, 0),
(1705507701, 23, 0, 0),
(1705507705, 23, 1, 0),
(1705522790, 19, 1, 0),
(1705529665, 23, 0, 0),
(1705536022, 19, 0, 0),
(1705586558, 23, 1, 0),
(1705590921, 19, 1, 0),
(1705614869, 23, 0, 0),
(1705622423, 19, 0, 0),
(1705673107, 23, 1, 0),
(1705675401, 19, 1, 0),
(1705675445, 19, 1, 0),
(1705685616, 23, 0, 0),
(1705685621, 23, 1, 0),
(1705688346, 23, 0, 0),
(1705688349, 23, 1, 0),
(1705691189, 23, 0, 0),
(1705693346, 23, 1, 0),
(1705704192, 23, 0, 0),
(1705708810, 19, 0, 0),
(1705935008, 23, 1, 0),
(1705936240, 19, 1, 0),
(1705949890, 23, 0, 0),
(1705949893, 23, 1, 0),
(1705961306, 23, 0, 0),
(1705965254, 19, 1, 0),
(1705968011, 19, 0, 0),
(1706018474, 23, 1, 0),
(1706020961, 19, 1, 0),
(1706039314, 19, 0, 0),
(1706040318, 19, 1, 0),
(1706045536, 23, 0, 0),
(1706045540, 23, 1, 0),
(1706046590, 23, 0, 0),
(1706054412, 19, 0, 0),
(1706105837, 23, 1, 0),
(1706107023, 19, 1, 0),
(1706134137, 23, 0, 0),
(1706140824, 19, 0, 0),
(1706191892, 23, 1, 0),
(1706194234, 19, 1, 0),
(1706219129, 23, 0, 0),
(1706227213, 19, 0, 0),
(1706277799, 23, 1, 0),
(1706280225, 23, 0, 0),
(1706280229, 23, 1, 0),
(1706281129, 19, 1, 0),
(1706291097, 23, 0, 0),
(1706291123, 23, 1, 0),
(1706297054, 19, 1, 0),
(1706307167, 23, 0, 0),
(1706313606, 19, 0, 0),
(1706537727, 23, 1, 0),
(1706540371, 19, 1, 0),
(1706548945, 19, 0, 0),
(1706552014, 19, 1, 0),
(1706558090, 23, 0, 0),
(1706558093, 23, 1, 0),
(1706568181, 23, 0, 0),
(1706572859, 19, 0, 0),
(1706623329, 23, 1, 0),
(1706651459, 23, 0, 0),
(1706709706, 23, 1, 0),
(1706712178, 19, 1, 0),
(1706727643, 23, 0, 0),
(1706727647, 23, 1, 0),
(1706738697, 23, 0, 0),
(1706745606, 19, 0, 0),
(1706797675, 23, 1, 0),
(1706798639, 19, 1, 0),
(1706800526, 23, 0, 0),
(1706800529, 23, 1, 0),
(1706824361, 23, 0, 0),
(1706832049, 19, 0, 0),
(1706878770, 23, 1, 0),
(1706878772, 23, 0, 0),
(1706883633, 23, 1, 0),
(1706886978, 23, 0, 0),
(1706886982, 23, 1, 0),
(1706911969, 23, 0, 0),
(1707143167, 19, 1, 0),
(1707145615, 23, 1, 0),
(1707168734, 23, 0, 0),
(1707169746, 23, 1, 0),
(1707174223, 23, 0, 0),
(1707177651, 19, 0, 0),
(1707228356, 23, 1, 0),
(1707233732, 23, 0, 0),
(1707233736, 23, 1, 0),
(1707246813, 19, 1, 0),
(1707255917, 23, 0, 0),
(1707257782, 23, 1, 0),
(1707259041, 23, 0, 0),
(1707264015, 19, 0, 0),
(1707314522, 23, 1, 0),
(1707316686, 19, 1, 0),
(1707331608, 7, 0, 0),
(1707341354, 23, 0, 0),
(1707342794, 23, 1, 0),
(1707345420, 23, 0, 0),
(1707350443, 19, 0, 0),
(1707401656, 23, 1, 0),
(1707417954, 23, 0, 0),
(1707421920, 23, 1, 0),
(1707429477, 23, 0, 0),
(1707484331, 23, 1, 0),
(1707517129, 23, 0, 0),
(1707747221, 23, 1, 0),
(1707768557, 23, 0, 0),
(1707768560, 23, 1, 0),
(1707776349, 23, 0, 0),
(1707830356, 23, 1, 0),
(1707830638, 23, 0, 0),
(1707830642, 23, 1, 0),
(1707834872, 19, 1, 0),
(1707840314, 19, 1, 0),
(1707841017, 19, 0, 0),
(1707841027, 19, 1, 0),
(1707841334, 19, 0, 0),
(1707861857, 23, 0, 0),
(1707918475, 23, 1, 0),
(1707924206, 23, 0, 0),
(1707926132, 23, 1, 0),
(1707949498, 19, 1, 0),
(1707949744, 23, 0, 0),
(1707951647, 19, 0, 0),
(1708003162, 23, 1, 0),
(1708008501, 19, 1, 0),
(1708009355, 19, 0, 0),
(1708024294, 19, 1, 0),
(1708030822, 23, 0, 0),
(1708032752, 23, 1, 0),
(1708037417, 23, 0, 0),
(1708038020, 19, 0, 0),
(1708095204, 23, 1, 0),
(1708101600, 19, 1, 0),
(1708122872, 23, 0, 0),
(1708124402, 19, 0, 0),
(1708124824, 19, 1, 0),
(1708124827, 19, 0, 0),
(1708124876, 19, 1, 0),
(1708124878, 19, 0, 0),
(1708349353, 23, 1, 0),
(1708353670, 19, 1, 0),
(1708377873, 19, 0, 0),
(1708379851, 23, 0, 0),
(1708381320, 23, 1, 0),
(1708381785, 19, 1, 0),
(1708381869, 19, 1, 0),
(1708381903, 19, 0, 0),
(1708381907, 19, 1, 0),
(1708382145, 23, 0, 0),
(1708383654, 19, 0, 0),
(1708435975, 23, 1, 0),
(1708439605, 19, 1, 0),
(1708462971, 23, 0, 0),
(1708464421, 23, 1, 0),
(1708465857, 23, 0, 0),
(1708470008, 19, 0, 0),
(1708522630, 23, 1, 0),
(1708526211, 19, 1, 0),
(1708538059, 23, 0, 0),
(1708538763, 19, 0, 0),
(1708539212, 19, 1, 0),
(1708541311, 23, 1, 0),
(1708542049, 19, 1, 0),
(1708545716, 23, 0, 0),
(1708551638, 23, 1, 0),
(1708555013, 23, 0, 0),
(1708556426, 19, 0, 0),
(1708607495, 23, 1, 0),
(1708617524, 19, 1, 0),
(1708637700, 23, 0, 0),
(1708639554, 23, 1, 0),
(1708641504, 23, 0, 0),
(1708642802, 19, 0, 0),
(1708694259, 23, 1, 0),
(1708699396, 19, 1, 0),
(1708704765, 27, 1, 0),
(1708721823, 23, 0, 0),
(1708722136, 23, 1, 0),
(1708726020, 23, 0, 0),
(1708726360, 27, 0, 0),
(1708729223, 19, 0, 0),
(1708953665, 23, 1, 0),
(1708958101, 19, 1, 0),
(1708965025, 19, 0, 0),
(1708965029, 19, 1, 0),
(1708983163, 23, 0, 0),
(1708985776, 23, 1, 0),
(1708986947, 23, 0, 0),
(1708988407, 19, 0, 0),
(1709038629, 23, 1, 0),
(1709069262, 23, 0, 0),
(1709071130, 23, 1, 0),
(1709073479, 23, 0, 0),
(1709126497, 23, 1, 0),
(1709130990, 19, 1, 0),
(1709131022, 19, 0, 0),
(1709131038, 19, 1, 0),
(1709139342, 22, 1, 0),
(1709156106, 23, 0, 0),
(1709157941, 23, 1, 0),
(1709159843, 23, 0, 0),
(1709161215, 19, 0, 0),
(1709161223, 22, 0, 0),
(1709212745, 23, 1, 0),
(1709218852, 23, 0, 0),
(1709221196, 23, 1, 0),
(1709247620, 23, 0, 0),
(1709299485, 23, 1, 0),
(1709333150, 23, 0, 0),
(1709554283, 23, 1, 0),
(1709554303, 23, 0, 0),
(1709559381, 23, 1, 0),
(1709563222, 19, 1, 0),
(1709579693, 23, 0, 0),
(1709593224, 19, 0, 0),
(1709593682, 23, 1, 0),
(1709593725, 23, 0, 0),
(1709593909, 23, 1, 0),
(1709593912, 23, 0, 0),
(1709640210, 23, 1, 0),
(1709649909, 19, 1, 0),
(1709653939, 23, 0, 0),
(1709659216, 23, 1, 0),
(1709678757, 23, 0, 0),
(1709729583, 23, 1, 0),
(1709737179, 19, 0, 0),
(1709737213, 19, 1, 0),
(1709765084, 23, 0, 0),
(1709766016, 19, 0, 0),
(1709816850, 23, 1, 0),
(1709822572, 19, 1, 0),
(1709834595, 23, 0, 0),
(1709837830, 23, 1, 0),
(1709851006, 23, 0, 0),
(1709852424, 19, 0, 0),
(1709906064, 23, 1, 0),
(1709919682, 19, 1, 0),
(1709926405, 23, 0, 0),
(1709928086, 23, 1, 0),
(1709938809, 19, 0, 0),
(1709938820, 23, 0, 0),
(1710160764, 23, 1, 0),
(1710164128, 19, 1, 0),
(1710190792, 23, 0, 0),
(1710194405, 19, 0, 0),
(1710244543, 23, 1, 0),
(1710252379, 19, 1, 0),
(1710254042, 23, 0, 0),
(1710254479, 23, 1, 0),
(1710270583, 19, 0, 0),
(1710270590, 19, 1, 0),
(1710273584, 19, 0, 0),
(1710273953, 19, 1, 0),
(1710277400, 23, 0, 0),
(1710278883, 23, 1, 0),
(1710280009, 23, 0, 0),
(1710280805, 19, 0, 0),
(1710331590, 23, 1, 0),
(1710337226, 19, 1, 0),
(1710337352, 19, 1, 0),
(1710363289, 23, 0, 0),
(1710367204, 19, 0, 0),
(1710419204, 23, 1, 0),
(1710422393, 19, 1, 0),
(1710449856, 23, 0, 0),
(1710453620, 19, 0, 0),
(1710505306, 23, 1, 0),
(1710526302, 19, 1, 0),
(1710533165, 23, 0, 0),
(1710536418, 23, 1, 0),
(1710537710, 23, 0, 0),
(1710540003, 19, 0, 0),
(1710763653, 23, 1, 0),
(1710794932, 23, 0, 0),
(1710851557, 23, 1, 0),
(1710857333, 19, 1, 0),
(1710881590, 23, 0, 0),
(1710885611, 19, 0, 0),
(1710933081, 23, 1, 0),
(1710953674, 19, 1, 0),
(1710961582, 23, 0, 0),
(1710972060, 19, 0, 0),
(1711024322, 23, 1, 0),
(1711029360, 19, 1, 0),
(1711054492, 23, 0, 0),
(1711058413, 19, 0, 0),
(1711110370, 23, 1, 0),
(1711114831, 19, 1, 0),
(1711142716, 23, 0, 0),
(1711144808, 19, 0, 0),
(1711369717, 23, 1, 0),
(1711373984, 19, 1, 0),
(1711399098, 23, 0, 0),
(1711399985, 23, 1, 0),
(1711401568, 23, 0, 0),
(1711404004, 19, 0, 0),
(1711454785, 23, 1, 0),
(1711461662, 19, 1, 0),
(1711482080, 27, 1, 0),
(1711486376, 23, 0, 0),
(1711490069, 27, 1, 0),
(1711490414, 19, 0, 0),
(1711490732, 27, 0, 0),
(1711542543, 23, 1, 0),
(1711546333, 19, 1, 0),
(1711564044, 23, 0, 0),
(1711567615, 23, 1, 0),
(1711575344, 23, 0, 0),
(1711576805, 19, 0, 0),
(1711626022, 23, 1, 0),
(1711632882, 19, 1, 0),
(1711642964, 23, 0, 0),
(1711643697, 19, 0, 0),
(1711645245, 23, 1, 0),
(1711661727, 23, 0, 0),
(1711686410, 19, 1, 0),
(1711686413, 19, 0, 0),
(1711715726, 23, 1, 0),
(1711718440, 19, 1, 0),
(1711730712, 19, 1, 0),
(1711748057, 23, 0, 0),
(1711749606, 19, 0, 0),
(1711974081, 23, 1, 0),
(1711978525, 19, 1, 0),
(1712007326, 23, 0, 0),
(1712008803, 19, 0, 0),
(1712060954, 23, 1, 0),
(1712065227, 19, 1, 0),
(1712093535, 23, 0, 0),
(1712095204, 19, 0, 0),
(1712147063, 23, 1, 0),
(1712151595, 19, 1, 0),
(1712162680, 23, 0, 0),
(1712166073, 23, 1, 0),
(1712176814, 23, 0, 0),
(1712178221, 23, 1, 0),
(1712179044, 23, 0, 0),
(1712181622, 19, 0, 0),
(1712233298, 23, 1, 0),
(1712238345, 19, 1, 0),
(1712250281, 23, 0, 0),
(1712254777, 23, 1, 0),
(1712263215, 27, 1, 0),
(1712263522, 27, 0, 0),
(1712265926, 23, 0, 0),
(1712268022, 19, 0, 0),
(1712320211, 23, 1, 0),
(1712324886, 19, 1, 0),
(1712341140, 23, 0, 0),
(1712343100, 23, 1, 0),
(1712350141, 23, 0, 0),
(1712350814, 23, 1, 0),
(1712352817, 23, 0, 0),
(1712464687, 19, 0, 0),
(1712579326, 23, 1, 0),
(1712583200, 19, 1, 0),
(1712584636, 19, 1, 0),
(1712609158, 23, 0, 0),
(1712611277, 23, 1, 0),
(1712612184, 23, 0, 0),
(1712613613, 19, 0, 0),
(1712664053, 23, 1, 0),
(1712674613, 25, 1, 0),
(1712682071, 23, 0, 0),
(1712682171, 23, 1, 0),
(1712682628, 23, 0, 0),
(1712683681, 25, 0, 0),
(1712689181, 23, 1, 0),
(1712696656, 23, 0, 0),
(1712751324, 23, 1, 0),
(1712762090, 19, 1, 0),
(1712780889, 23, 0, 0),
(1712782609, 23, 1, 0),
(1712783962, 23, 0, 0),
(1712810029, 19, 0, 0),
(1712810083, 19, 1, 0),
(1712810086, 19, 0, 0),
(1712837866, 23, 1, 0),
(1712843393, 19, 1, 0),
(1712860531, 23, 0, 0),
(1712862516, 23, 1, 0),
(1712870202, 23, 0, 0),
(1712872824, 19, 0, 0),
(1712927973, 19, 1, 0),
(1712959225, 19, 0, 0),
(1713182270, 23, 1, 0),
(1713217704, 23, 0, 0),
(1713268828, 23, 1, 0),
(1713296270, 23, 0, 0),
(1713296506, 23, 1, 0),
(1713296507, 23, 0, 0),
(1713296537, 23, 1, 0),
(1713301673, 23, 0, 0),
(1713356854, 23, 1, 0),
(1713361297, 19, 1, 0),
(1713385943, 23, 0, 0),
(1713387212, 23, 1, 0),
(1713388166, 23, 0, 0),
(1713391225, 19, 0, 0),
(1713443388, 23, 1, 0),
(1713447974, 19, 1, 0),
(1713470753, 23, 0, 0),
(1713477626, 19, 0, 0),
(1713529521, 23, 1, 0),
(1713536282, 19, 1, 0),
(1713546532, 23, 0, 0),
(1713546591, 23, 1, 0),
(1713546688, 23, 0, 0),
(1713546740, 23, 1, 0),
(1713546756, 23, 0, 0),
(1713546883, 23, 1, 0),
(1713554926, 23, 0, 0),
(1713558380, 23, 1, 0),
(1713562504, 23, 0, 0),
(1713564030, 19, 0, 0),
(1713787154, 23, 1, 0),
(1713793543, 19, 1, 0),
(1713822066, 23, 0, 0),
(1713823220, 19, 0, 0),
(1713875179, 23, 1, 0),
(1713881086, 19, 1, 0),
(1713904886, 23, 0, 0),
(1713907043, 23, 1, 0),
(1713908123, 23, 0, 0),
(1713909613, 19, 0, 0),
(1713961226, 23, 1, 0),
(1713965191, 23, 0, 0),
(1713965193, 23, 1, 0),
(1713967028, 23, 0, 0),
(1713967751, 23, 1, 0),
(1713967787, 19, 1, 0),
(1713982580, 23, 0, 0),
(1713986313, 23, 1, 0),
(1713994429, 23, 0, 0),
(1713996034, 19, 0, 0),
(1714048126, 23, 1, 0),
(1714052115, 23, 0, 0),
(1714052750, 19, 1, 0),
(1714057500, 23, 1, 0),
(1714069785, 23, 0, 0),
(1714071999, 23, 1, 0),
(1714072001, 23, 0, 0),
(1714072025, 23, 1, 0),
(1714077634, 23, 0, 0),
(1714079088, 23, 1, 0),
(1714080132, 23, 0, 0),
(1714082435, 19, 0, 0),
(1714133505, 23, 1, 0),
(1714139662, 19, 1, 0),
(1714145670, 23, 0, 0),
(1714151968, 23, 1, 0),
(1714167150, 23, 0, 0),
(1714178255, 19, 0, 0),
(1714190988, 19, 1, 0),
(1714190995, 19, 0, 0),
(1714393823, 23, 1, 0),
(1714398518, 19, 1, 0),
(1714412419, 23, 0, 0),
(1714415890, 23, 1, 0),
(1714423052, 23, 0, 0),
(1714424942, 23, 1, 0),
(1714426574, 23, 0, 0),
(1714428021, 19, 0, 0),
(1714480048, 23, 1, 0),
(1714484775, 19, 1, 0),
(1714510848, 23, 0, 0),
(1714537148, 19, 0, 0),
(1714566680, 23, 1, 0),
(1714572051, 19, 1, 0),
(1714595648, 23, 0, 0),
(1714597194, 23, 1, 0),
(1714598229, 23, 0, 0),
(1714600803, 19, 0, 0),
(1714652759, 23, 1, 0),
(1714657708, 19, 1, 0),
(1714684430, 23, 0, 0),
(1714687259, 19, 0, 0),
(1714739810, 23, 1, 0),
(1714744517, 19, 1, 0),
(1714768294, 23, 0, 0),
(1714770904, 23, 1, 0),
(1714772599, 23, 0, 0),
(1714773619, 19, 0, 0),
(1714997877, 23, 1, 0),
(1715003050, 19, 1, 0),
(1715015994, 23, 0, 0),
(1715018634, 23, 1, 0),
(1715031293, 23, 0, 0),
(1715032802, 19, 0, 0),
(1715085789, 23, 1, 0),
(1715089575, 19, 1, 0),
(1715093239, 23, 0, 0),
(1715095794, 19, 0, 0),
(1715096928, 19, 1, 0),
(1715097003, 23, 1, 0),
(1715117750, 23, 0, 0),
(1715119217, 19, 0, 0),
(1715171123, 23, 1, 0),
(1715174709, 19, 1, 0),
(1715204156, 23, 0, 0),
(1715205612, 19, 0, 0),
(1715257816, 23, 1, 0),
(1715261658, 19, 1, 0),
(1715274297, 23, 0, 0),
(1715279744, 23, 1, 0),
(1715289940, 23, 0, 0),
(1715292009, 19, 0, 0),
(1715344093, 23, 1, 0),
(1715348517, 19, 1, 0),
(1715358147, 23, 0, 0),
(1715358154, 23, 1, 0),
(1715362015, 23, 0, 0),
(1715362082, 23, 1, 0),
(1715375455, 23, 0, 0),
(1715378419, 19, 0, 0),
(1715602769, 23, 1, 0),
(1715607660, 19, 1, 0),
(1715614404, 23, 0, 0),
(1715620655, 23, 1, 0),
(1715634705, 23, 0, 0),
(1715637621, 19, 0, 0),
(1715689070, 23, 1, 0),
(1715689624, 23, 0, 0),
(1715689643, 23, 1, 0),
(1715695113, 19, 1, 0),
(1715699612, 19, 1, 0),
(1715720291, 23, 0, 0),
(1715721479, 23, 1, 0),
(1715722366, 23, 0, 0),
(1715724014, 19, 0, 0),
(1715775661, 23, 1, 0),
(1715807296, 23, 0, 0),
(1715862446, 23, 1, 0),
(1715866700, 19, 1, 0),
(1715891368, 23, 0, 0),
(1715896823, 19, 0, 0),
(1715947450, 23, 1, 0),
(1715953613, 19, 1, 0),
(1715959440, 23, 0, 0),
(1715963127, 23, 1, 0),
(1715978860, 23, 0, 0),
(1715980770, 23, 1, 0),
(1715981715, 23, 0, 0),
(1715981715, 23, 0, 0),
(1715981715, 23, 0, 0),
(1715983215, 19, 0, 0),
(1716206546, 23, 1, 0),
(1716211630, 19, 1, 0),
(1716216996, 23, 0, 0),
(1716223018, 23, 1, 0),
(1716240980, 23, 0, 0),
(1716242425, 19, 0, 0),
(1716295036, 23, 1, 0),
(1716298881, 19, 1, 0),
(1716320083, 23, 0, 0),
(1716320844, 23, 1, 0),
(1716323817, 23, 0, 0),
(1716324517, 23, 1, 0),
(1716327264, 23, 0, 0),
(1716328826, 19, 0, 0),
(1716382969, 19, 1, 0),
(1716385392, 23, 1, 0),
(1716393968, 23, 0, 0),
(1716397007, 23, 1, 0),
(1716401281, 23, 0, 0),
(1716407077, 23, 1, 0),
(1716413697, 23, 0, 0),
(1716415221, 19, 0, 0),
(1716465831, 23, 1, 0),
(1716472394, 19, 1, 0),
(1716485610, 23, 0, 0),
(1716489592, 23, 1, 0),
(1716500259, 23, 0, 0),
(1716501622, 19, 0, 0),
(1716553371, 23, 1, 0),
(1716558554, 19, 1, 0),
(1716563101, 23, 0, 0),
(1716563104, 23, 1, 0),
(1716563110, 23, 0, 0),
(1716563126, 23, 1, 0),
(1716574415, 23, 0, 0),
(1716576415, 23, 1, 0),
(1716586477, 23, 0, 0),
(1716588006, 19, 0, 0),
(1716898376, 23, 1, 0),
(1716904443, 19, 1, 0),
(1716910470, 25, 1, 0),
(1716917176, 25, 1, 0),
(1716917485, 25, 0, 0),
(1716921980, 19, 0, 0),
(1716923137, 23, 0, 0),
(1716926234, 25, 1, 0),
(1716927701, 23, 1, 0),
(1716931250, 19, 1, 0),
(1716932250, 23, 0, 0),
(1716933611, 25, 0, 0),
(1716933618, 19, 0, 0),
(1716985132, 23, 1, 0),
(1716990213, 19, 1, 0),
(1716990224, 25, 1, 0),
(1717007776, 23, 0, 0),
(1717014401, 23, 1, 0),
(1717017853, 25, 1, 0),
(1717018161, 25, 0, 0),
(1717019223, 23, 0, 0),
(1717020015, 19, 0, 0),
(1717075675, 19, 1, 0),
(1717078628, 25, 1, 0),
(1717079797, 25, 1, 0),
(1717080104, 25, 0, 0),
(1717091600, 25, 1, 0),
(1717106402, 25, 0, 0),
(1717106419, 19, 0, 0),
(1717156741, 23, 1, 0),
(1717163678, 19, 1, 0),
(1717178649, 23, 0, 0),
(1717179351, 23, 1, 0),
(1717191099, 23, 0, 0),
(1717192805, 19, 0, 0),
(1717421695, 19, 1, 0),
(1717431640, 19, 0, 0),
(1717431870, 19, 1, 0),
(1717431871, 19, 0, 0),
(1717431895, 19, 1, 0),
(1717452022, 19, 0, 0),
(1717508118, 19, 1, 0),
(1717538420, 19, 0, 0),
(1717594935, 19, 1, 0),
(1717597127, 19, 0, 0),
(1717600431, 19, 1, 0),
(1717600537, 19, 0, 0),
(1717600579, 19, 1, 0),
(1717624861, 19, 0, 0),
(1717681266, 19, 1, 0),
(1717715505, 19, 0, 0),
(1717767906, 19, 1, 0),
(1717790952, 19, 1, 0),
(1717797602, 19, 0, 0),
(1718019797, 23, 1, 0),
(1718027368, 19, 1, 0),
(1718028320, 19, 0, 0),
(1718028324, 19, 1, 0),
(1718052777, 23, 0, 0),
(1718052781, 23, 1, 0),
(1718056654, 23, 0, 0),
(1718056826, 19, 0, 0),
(1718108044, 23, 1, 0),
(1718142608, 23, 0, 0),
(1718194510, 23, 1, 0),
(1718199937, 19, 1, 0),
(1718228064, 23, 0, 0),
(1718229614, 19, 0, 0),
(1718282276, 23, 1, 0),
(1718286508, 19, 1, 0),
(1718310517, 23, 0, 0),
(1718316010, 19, 0, 0),
(1718321388, 19, 1, 0),
(1718321391, 19, 0, 0),
(1718367456, 23, 1, 0),
(1718372907, 19, 1, 0),
(1718400803, 23, 0, 0),
(1718402409, 19, 0, 0),
(1718626808, 23, 1, 0),
(1718632170, 19, 1, 0),
(1718634586, 19, 0, 0),
(1718646212, 23, 0, 0),
(1718646444, 19, 1, 0),
(1718648955, 23, 1, 0),
(1718660124, 23, 0, 0),
(1718661621, 19, 0, 0),
(1718713961, 23, 1, 0),
(1718718468, 19, 1, 0),
(1718726544, 25, 1, 0),
(1718726558, 25, 1, 0),
(1718726568, 25, 0, 0),
(1718726572, 25, 1, 0),
(1718746922, 23, 0, 0),
(1718748021, 19, 0, 0),
(1718748032, 25, 0, 0),
(1718798762, 23, 1, 0),
(1718805619, 19, 1, 0),
(1718806839, 25, 1, 0),
(1718832823, 23, 0, 0),
(1718834416, 25, 0, 0),
(1718834421, 19, 0, 0),
(1718886617, 23, 1, 0),
(1718892627, 19, 1, 0),
(1718912016, 23, 0, 0),
(1718912702, 23, 1, 0),
(1718919323, 23, 0, 0),
(1718920804, 19, 0, 0),
(1718972979, 23, 1, 0),
(1718977670, 19, 1, 0),
(1719005924, 23, 0, 0),
(1719007238, 19, 0, 0),
(1719234200, 23, 1, 0),
(1719236923, 19, 1, 0),
(1719265166, 23, 0, 0),
(1719266425, 19, 0, 0),
(1719317389, 23, 1, 0),
(1719323454, 19, 1, 0),
(1719335181, 23, 0, 0),
(1719337403, 23, 1, 0),
(1719361786, 19, 0, 0),
(1719361786, 23, 0, 0),
(1719404207, 23, 1, 0),
(1719409809, 19, 1, 0),
(1719414814, 23, 0, 0),
(1719419485, 23, 1, 0),
(1719436868, 23, 0, 0),
(1719439211, 19, 0, 0),
(1719490739, 23, 1, 0),
(1719498515, 19, 1, 0),
(1719519054, 25, 1, 0),
(1719523769, 23, 0, 0),
(1719525604, 25, 0, 0),
(1719525662, 19, 0, 0),
(1719576018, 23, 1, 0),
(1719582845, 19, 1, 0),
(1719606885, 25, 1, 0),
(1719608889, 25, 0, 0),
(1719611101, 23, 0, 0),
(1719612002, 19, 0, 0),
(1719837771, 23, 1, 0),
(1719841915, 19, 1, 0),
(1719870157, 23, 0, 0),
(1719871241, 19, 0, 0),
(1719922259, 23, 1, 0),
(1719931044, 19, 1, 0),
(1719956390, 23, 0, 0),
(1719957621, 19, 0, 0),
(1720008447, 23, 1, 0),
(1720015086, 19, 1, 0),
(1720041722, 23, 0, 0),
(1720044043, 19, 0, 0),
(1720182032, 23, 1, 0),
(1720214810, 23, 0, 0),
(1720438544, 23, 1, 0),
(1720442278, 23, 0, 0),
(1720442350, 23, 1, 0),
(1720452425, 25, 1, 0),
(1720466785, 23, 0, 0),
(1720466812, 23, 1, 0),
(1720466813, 23, 0, 0),
(1720466872, 23, 1, 0),
(1720474070, 23, 0, 0),
(1720474862, 25, 0, 0),
(1720527184, 23, 1, 0),
(1720560470, 23, 0, 0),
(1720611016, 23, 1, 0),
(1720646810, 23, 0, 0),
(1720701437, 23, 1, 0),
(1720733390, 23, 0, 0),
(1720788597, 23, 1, 0),
(1720820210, 23, 0, 0),
(1721047310, 23, 1, 0),
(1721051402, 19, 1, 0),
(1721071741, 23, 0, 0),
(1721072046, 23, 1, 0),
(1721079242, 23, 0, 0),
(1721080857, 19, 0, 0),
(1721133209, 23, 1, 0),
(1721140760, 19, 1, 0),
(1721166605, 23, 0, 0),
(1721167257, 19, 0, 0),
(1721218337, 23, 1, 0),
(1721225429, 19, 1, 0),
(1721245372, 23, 0, 0),
(1721246737, 23, 1, 0),
(1721247371, 19, 1, 0),
(1721251262, 23, 0, 0),
(1721253658, 19, 0, 0),
(1721305727, 23, 1, 0),
(1721313131, 19, 1, 0),
(1721337842, 23, 0, 0),
(1721340009, 19, 0, 0),
(1721391352, 23, 1, 0),
(1721423762, 23, 0, 0),
(1721649288, 23, 1, 0),
(1721658573, 19, 1, 0),
(1721674893, 27, 1, 0),
(1721685144, 23, 0, 0),
(1721685620, 27, 0, 0),
(1721685630, 19, 0, 0),
(1721685789, 27, 1, 0),
(1721685792, 27, 0, 0),
(1721737564, 23, 1, 0),
(1721742757, 19, 1, 0),
(1721770599, 23, 0, 0),
(1721772042, 19, 0, 0),
(1721823739, 23, 1, 0),
(1721856542, 23, 0, 0),
(1721910871, 23, 1, 0),
(1721924014, 19, 1, 0),
(1721925922, 23, 0, 0),
(1721930179, 23, 1, 0),
(1721943866, 23, 0, 0),
(1721944843, 19, 0, 0),
(1721970736, 14, 0, 0),
(1721970942, 14, 1, 0),
(1721970945, 14, 0, 0),
(1721971439, 14, 1, 0),
(1721971442, 14, 0, 0),
(1721971663, 14, 1, 0),
(1721971666, 14, 0, 0),
(1721971759, 14, 1, 0),
(1721971762, 14, 0, 0),
(1721971775, 14, 1, 0),
(1721971778, 14, 0, 0),
(1721971924, 14, 1, 0),
(1721971978, 14, 0, 0),
(1721971982, 14, 1, 0),
(1721971985, 14, 0, 0),
(1721998067, 23, 1, 0),
(1722003440, 19, 1, 0),
(1722029063, 23, 0, 0),
(1722031244, 19, 0, 0),
(1722256994, 23, 1, 0),
(1722263293, 19, 1, 0),
(1722289322, 23, 0, 0),
(1722290426, 19, 0, 0),
(1722341895, 23, 1, 0),
(1722348906, 19, 1, 0),
(1722359083, 23, 0, 0),
(1722362963, 23, 1, 0),
(1722375030, 23, 0, 0),
(1722376826, 19, 0, 0),
(1722428443, 23, 1, 0),
(1722439395, 19, 1, 0),
(1722458178, 23, 0, 0),
(1722463227, 19, 0, 0),
(1722513724, 23, 1, 0),
(1722520538, 19, 1, 0),
(1722520631, 19, 1, 0),
(1722523021, 23, 0, 0),
(1722524195, 23, 1, 0),
(1722548132, 23, 0, 0),
(1722549635, 19, 0, 0),
(1722600109, 23, 1, 0),
(1722610064, 19, 1, 0),
(1722628367, 23, 0, 0),
(1722629341, 23, 1, 0),
(1722633904, 23, 0, 0),
(1722636036, 19, 0, 0),
(1722860563, 23, 1, 0),
(1722866422, 19, 1, 0),
(1722892537, 23, 0, 0),
(1722895225, 19, 0, 0),
(1722946691, 23, 1, 0),
(1722956704, 19, 1, 0),
(1722974000, 23, 0, 0),
(1722981607, 19, 0, 0),
(1723033616, 23, 1, 0),
(1723073686, 23, 0, 0),
(1723125168, 19, 1, 0),
(1723133561, 23, 1, 0),
(1723153604, 23, 0, 0),
(1723154419, 19, 0, 0),
(1723207167, 23, 1, 0),
(1723211496, 19, 1, 0),
(1723238673, 23, 0, 0),
(1723240823, 19, 0, 0);

-- --------------------------------------------------------

--
-- Table structure for table `p_op_vars`
--

CREATE TABLE `p_op_vars` (
  `opID` int UNSIGNED NOT NULL,
  `canID` int UNSIGNED NOT NULL,
  `sound` tinyint(1) NOT NULL,
  `blink` tinyint(1) NOT NULL,
  `blink_r` tinyint(1) NOT NULL,
  `dn_response` tinyint(1) NOT NULL,
  `dn_request` tinyint(1) NOT NULL,
  `dn_always` tinyint(1) NOT NULL,
  `nsleep` tinyint UNSIGNED NOT NULL DEFAULT '1',
  `shorts` tinyint UNSIGNED NOT NULL,
  `mapp_c` tinyint UNSIGNED NOT NULL,
  `pic_edit` tinyint UNSIGNED NOT NULL,
  `upload_ses` int UNSIGNED NOT NULL,
  `vis_idle_canned` varchar(90) NOT NULL,
  `can_cats` text CHARACTER SET utf8mb3 COLLATE utf8mb3_general_ci NOT NULL,
  `lang_vars` text CHARACTER SET utf8mb3 COLLATE utf8mb3_general_ci NOT NULL
) ENGINE=MyISAM DEFAULT CHARSET=latin1;

--
-- Dumping data for table `p_op_vars`
--

INSERT INTO `p_op_vars` (`opID`, `canID`, `sound`, `blink`, `blink_r`, `dn_response`, `dn_request`, `dn_always`, `nsleep`, `shorts`, `mapp_c`, `pic_edit`, `upload_ses`, `vis_idle_canned`, `can_cats`, `lang_vars`) VALUES
(19, 0, 1, 1, 1, 1, 1, 0, 1, 0, 0, 0, 0, '', '', ''),
(22, 0, 1, 0, 0, 1, 1, 1, 1, 0, 0, 0, 0, '', '', ''),
(23, 69, 1, 1, 1, 1, 1, 1, 1, 0, 0, 0, 0, '', '', ''),
(7, 0, 1, 1, 0, 0, 0, 1, 1, 0, 0, 0, 0, '', '', ''),
(14, 0, 1, 0, 0, 1, 1, 0, 1, 0, 0, 0, 0, '', '', ''),
(16, 0, 1, 0, 0, 1, 1, 0, 1, 1, 0, 0, 0, '', '', ''),
(25, 0, 1, 1, 0, 1, 1, 1, 1, 0, 0, 0, 0, '', '', ''),
(27, 0, 1, 1, 1, 1, 1, 0, 1, 0, 0, 0, 0, '', '', ''),
(28, 0, 1, 0, 0, 1, 1, 0, 1, 0, 0, 0, 0, '', '', '');

-- --------------------------------------------------------

--
-- Table structure for table `p_proaction_c`
--

CREATE TABLE `p_proaction_c` (
  `proactionID` int NOT NULL,
  `sdate` int UNSIGNED NOT NULL,
  `views` mediumint UNSIGNED NOT NULL,
  `taken` mediumint UNSIGNED NOT NULL,
  `declined` mediumint UNSIGNED NOT NULL
) ENGINE=MyISAM DEFAULT CHARSET=latin1;

-- --------------------------------------------------------

--
-- Table structure for table `p_queue`
--

CREATE TABLE `p_queue` (
  `queueID` int UNSIGNED NOT NULL,
  `created` int NOT NULL,
  `updated` int UNSIGNED NOT NULL,
  `deptID` int UNSIGNED NOT NULL,
  `embed` tinyint UNSIGNED NOT NULL,
  `ces` varchar(32) NOT NULL,
  `md5_vis` varchar(32) NOT NULL,
  `ops_d` varchar(255) NOT NULL
) ENGINE=MyISAM DEFAULT CHARSET=latin1;

-- --------------------------------------------------------

--
-- Table structure for table `p_queue_log`
--

CREATE TABLE `p_queue_log` (
  `logID` int UNSIGNED NOT NULL,
  `created` int UNSIGNED NOT NULL,
  `ended` int UNSIGNED NOT NULL,
  `sdate` int UNSIGNED NOT NULL,
  `status` tinyint(1) NOT NULL,
  `deptID` int UNSIGNED NOT NULL,
  `ces` varchar(32) NOT NULL
) ENGINE=MyISAM DEFAULT CHARSET=latin1;

--
-- Dumping data for table `p_queue_log`
--

INSERT INTO `p_queue_log` (`logID`, `created`, `ended`, `sdate`, `status`, `deptID`, `ces`) VALUES
(1, 1541791553, 0, 1541746801, -1, 3, '16643003252'),
(2, 1552410075, 0, 1552370401, -1, 1, '177048454u5'),
(3, 1552410079, 0, 1552370401, -1, 1, '177048454u5'),
(4, 1554315697, 1554315700, 1554271201, 1, 2, '1789538694s'),
(5, 1557437693, 1557439040, 1557381601, -1, 4, '182076216yq'),
(6, 1558722970, 0, 1558677601, -1, 1, '18336131155'),
(7, 1564063844, 0, 1564034401, -1, 3, '188702282ax'),
(8, 1564064221, 0, 1564034401, -1, 3, '188702624ax'),
(9, 1564669903, 1564669907, 1564639201, -1, 2, '1893079047v'),
(10, 1565658887, 0, 1565589601, -1, 2, '190294845uz'),
(11, 1568062796, 0, 1568008801, -1, 1, '1927011834u'),
(12, 1568642651, 0, 1568613601, -1, 2, '19328057344'),
(13, 1573836656, 1573837034, 1573801201, 1, 3, '198475083st'),
(14, 1574515645, 1574515648, 1574492401, 0, 2, '199153901kw'),
(15, 1578333842, 0, 1578294001, 0, 2, '20297235849'),
(16, 1579764421, 0, 1579762801, -1, 2, '204399699c5'),
(17, 1579774200, 0, 1579762801, -1, 2, '204399699c5'),
(18, 1579774402, 0, 1579762801, -1, 2, '204399699c5'),
(19, 1579776078, 0, 1579762801, -1, 2, '204399699c5'),
(20, 1579778465, 0, 1579762801, -1, 2, '204399699c5'),
(21, 1579781819, 0, 1579762801, -1, 2, '204399699c5'),
(22, 1579793787, 0, 1579762801, -1, 2, '204399699c5'),
(23, 1579794027, 0, 1579762801, -1, 2, '204399699c5'),
(24, 1579803593, 0, 1579762801, -1, 2, '204399699c5'),
(25, 1584555768, 0, 1584511201, -1, 1, '20919418247'),
(26, 1585164272, 0, 1585116001, -1, 3, '209802675j6'),
(27, 1586379803, 0, 1586325601, 0, 1, '211018199s7'),
(28, 1587134890, 1587135129, 1587103201, 1, 3, '211773421nm'),
(29, 1590171348, 0, 1590127201, -1, 3, '2148098163t'),
(30, 1601479142, 1601479145, 1601445601, 1, 2, '226117667yb');

-- --------------------------------------------------------

--
-- Table structure for table `p_refer`
--

CREATE TABLE `p_refer` (
  `md5_vis` varchar(32) NOT NULL,
  `created` int UNSIGNED NOT NULL,
  `archive` tinyint(1) NOT NULL,
  `marketID` int UNSIGNED NOT NULL,
  `md5_page` varchar(32) NOT NULL,
  `refer` text CHARACTER SET utf8mb3 COLLATE utf8mb3_general_ci NOT NULL
) ENGINE=InnoDB DEFAULT CHARSET=latin1;

-- --------------------------------------------------------

--
-- Table structure for table `p_referstats`
--

CREATE TABLE `p_referstats` (
  `sdate` int UNSIGNED NOT NULL,
  `md5_page` varchar(32) NOT NULL,
  `total` int UNSIGNED NOT NULL,
  `refer` text CHARACTER SET utf8mb3 COLLATE utf8mb3_general_ci NOT NULL
) ENGINE=InnoDB DEFAULT CHARSET=latin1;

-- --------------------------------------------------------

--
-- Table structure for table `p_requests`
--

CREATE TABLE `p_requests` (
  `requestID` int UNSIGNED NOT NULL,
  `created` int UNSIGNED NOT NULL,
  `ended` int UNSIGNED NOT NULL,
  `tupdated` int NOT NULL,
  `updated` int UNSIGNED NOT NULL,
  `vupdated` int UNSIGNED NOT NULL,
  `status` tinyint(1) NOT NULL,
  `auto_pop` tinyint NOT NULL,
  `initiated` tinyint(1) NOT NULL,
  `deptID` int UNSIGNED NOT NULL,
  `opID` int UNSIGNED NOT NULL,
  `op2op` int UNSIGNED NOT NULL,
  `marketID` int NOT NULL,
  `bses_id` varchar(32) CHARACTER SET utf8mb3 COLLATE utf8mb3_general_ci NOT NULL,
  `os` tinyint(1) NOT NULL,
  `browser` tinyint(1) NOT NULL,
  `requests` int UNSIGNED NOT NULL,
  `rloop` tinyint UNSIGNED NOT NULL,
  `tloop` tinyint NOT NULL,
  `peer` int UNSIGNED NOT NULL,
  `ces` varchar(32) NOT NULL,
  `resolution` varchar(15) NOT NULL,
  `vname` varchar(80) CHARACTER SET utf8mb3 COLLATE utf8mb3_general_ci NOT NULL,
  `vemail` varchar(160) NOT NULL,
  `ip` varchar(45) NOT NULL,
  `country` varchar(3) NOT NULL,
  `md5_vis` varchar(32) NOT NULL,
  `md5_vis_` varchar(32) NOT NULL,
  `sim_ops` varchar(155) NOT NULL,
  `sim_ops_` varchar(155) NOT NULL,
  `onpage` varchar(255) NOT NULL,
  `title` varchar(255) CHARACTER SET utf8mb3 COLLATE utf8mb3_general_ci NOT NULL,
  `rstring` varchar(255) NOT NULL,
  `refer` text CHARACTER SET utf8mb3 COLLATE utf8mb3_general_ci NOT NULL,
  `custom` text CHARACTER SET utf8mb3 COLLATE utf8mb3_general_ci NOT NULL,
  `question` text CHARACTER SET utf8mb3 COLLATE utf8mb3_general_ci NOT NULL
) ENGINE=InnoDB DEFAULT CHARSET=latin1;

-- --------------------------------------------------------

--
-- Table structure for table `p_req_log`
--

CREATE TABLE `p_req_log` (
  `ces` varchar(32) NOT NULL,
  `created` int UNSIGNED NOT NULL,
  `accepted` int UNSIGNED NOT NULL,
  `accepted_op` int UNSIGNED NOT NULL,
  `duration` mediumint UNSIGNED NOT NULL,
  `ended` int UNSIGNED NOT NULL,
  `status` tinyint(1) NOT NULL,
  `archive` tinyint(1) NOT NULL,
  `status_msg` tinyint(1) NOT NULL,
  `initiated` tinyint(1) NOT NULL,
  `deptID` int UNSIGNED NOT NULL,
  `opID` int UNSIGNED NOT NULL,
  `op2op` int NOT NULL,
  `marketID` int NOT NULL,
  `os` tinyint(1) NOT NULL,
  `browser` tinyint(1) NOT NULL,
  `transferred` tinyint UNSIGNED NOT NULL,
  `tag` tinyint UNSIGNED NOT NULL,
  `disc` tinyint UNSIGNED NOT NULL,
  `resolution` varchar(15) NOT NULL,
  `vname` varchar(40) CHARACTER SET utf8mb3 COLLATE utf8mb3_general_ci NOT NULL,
  `vemail` varchar(160) NOT NULL,
  `ip` varchar(45) NOT NULL,
  `md5_vis` varchar(32) NOT NULL,
  `sim_ops` varchar(155) NOT NULL,
  `onpage` varchar(255) NOT NULL,
  `title` varchar(150) CHARACTER SET utf8mb3 COLLATE utf8mb3_general_ci NOT NULL,
  `custom` text CHARACTER SET utf8mb3 COLLATE utf8mb3_general_ci NOT NULL,
  `question` text CHARACTER SET utf8mb3 COLLATE utf8mb3_general_ci NOT NULL
) ENGINE=InnoDB DEFAULT CHARSET=latin1;

--
-- Dumping data for table `p_req_log`
--

INSERT INTO `p_req_log` (`ces`, `created`, `accepted`, `accepted_op`, `duration`, `ended`, `status`, `archive`, `status_msg`, `initiated`, `deptID`, `opID`, `op2op`, `marketID`, `os`, `browser`, `transferred`, `tag`, `disc`, `resolution`, `vname`, `vemail`, `ip`, `md5_vis`, `sim_ops`, `onpage`, `title`, `custom`, `question`) VALUES
('18568001438', 1561041480, 0, 0, 0, 0, 0, 0, 3, 0, 4, 0, 0, 0, 5, 4, 0, 0, 0, '414 x 736', 'Jeffrey Joyner', 'Joynerja@dhec.sc.gov', '174.218.20.7', '9401253b24e3560e5ded6cc0d20c4969', '', '', '', 'What training are you interested in?-_-40 hr hazwoper-cus-', 'Do you offer a discount for state government employees?\r\nI had a guy take this class in 2014 and from what I remember the course was a lot cheaper back then?\r\nThanks'),
('2103101229x', 1585671588, 63, 23, 123, 1585671711, 1, 0, 0, 0, 4, 22, 0, 0, 1, 1, 0, 0, 0, '1368 x 912', 'Paula Callahan', 'pacallahan@pa.gov', '8.20.65.4', '0e6dd0cec96062b0a0068a7cb665e476', '', 'livechatimagelink', 'Live Chat Direct Link', 'Name-_-Paula-cus-Email-_-pacallahan@pa.gov-cus-Please provide a brief description of how we can help:-_-class in Phila-cus-', 'Are you still taking registrations for the May Hazwoper class in Philadelphia?'),
('2103210373h', 1585682503, 30, 27, 839, 1585683342, 1, 0, 0, 0, 4, 22, 0, 0, 1, 3, 0, 0, 0, '1280 x 720', 'Morgan Hull', 'hullmj@cdmsmith.com', '208.116.164.237', 'bcf488551794e0fcec7570f45a577ef5', '', '', '', 'Name-_-Morgan Hull-cus-Email-_-hullmj@cdmsmith.com-cus-Please provide a brief description of how we can help:-_-Require access to online course for final examination-cus-', 'How to access final examination?'),
('210325301sn', 1585686767, 0, 0, 0, 0, 0, 0, 2, 0, 4, 22, 0, 0, 1, 3, 0, 0, 0, '1920 x 1080', 'Tracy Sanders', 'tlpayne1414@gmail.com', '156.108.56.142', '2e28b1293972512e9de6f6e243012432', '', '', '', 'Name-_-Tracy Sanders-cus-Email-_-tlpayne1414@gmail.com-cus-Please provide a brief description of how we can help:-_-Trying to get contact hours for classes taken-cus-', 'I attended classes thru your company at the Town of Windsor on July 17 & 18, 2018 and received Certificates of Completion but there is not any contact hours listed on the Certificates, is it possible to get some type of paperwork showing contact hours?'),
('216975735d4', 1592337200, 0, 0, 0, 0, 0, 0, 1, 0, 4, 22, 0, 0, 1, 3, 0, 0, 0, '1280 x 1024', 'James B. Daugherty', 'shipping@hpingredients.com', '174.135.176.198', 'fbd8518189c8314aa2b854f51324043c', '', '', '', 'Name-_-Tom Jones-cus-Email-_-tom@hpingredients.com-cus-Please provide a brief description of how we can help:-_-Forklift-cus-', 'How much for an propane forklift onsite training and orientation? '),
('216975894hw', 1592337359, 53, 14, 1224, 1592338583, 1, 0, 0, 0, 4, 22, 0, 0, 1, 3, 0, 0, 0, '1280 x 1024', 'James B. Daugherty', 'shipping@hpingredients.com', '174.135.176.198', 'fbd8518189c8314aa2b854f51324043c', '', '', '', 'Name-_-Tom Jones-cus-Email-_-tom@@hpingredients.com-cus-Please provide a brief description of how we can help:-_-forklift-cus-', 'how much?\r\n'),
('217061964dm', 1592423430, 0, 0, 0, 0, 0, 0, 1, 0, 4, 22, 0, 0, 1, 1, 0, 0, 0, '1920 x 1080', 'Brigid Mcginity', 'brmg@wrist.com', '91.234.149.10', 'f06fd4f86eb931aee0942db95a58c241', '', 'livechatimagelink', 'Live Chat Direct Link', 'Name-_-Brigdi McGinity-cus-Email-_-brmg@wrist.com-cus-Please provide a brief description of how we can help:-_-System Shutdown while in Module-cus-', 'I was just finishing the Labels and Pictograms Module when the system locked up only showing a buffer circle for 5-10 minutes.'),
('217073458ae', 1592434924, 0, 0, 0, 0, 0, 0, 2, 0, 2, 0, 0, 0, 1, 3, 0, 0, 0, '1536 x 864', 'Benjamin Hong', 'benjamin.hong@etssi.com', '74.62.214.106', '3080f22deed077bb293cc786d8c149ba', '', '', '', 'Name-_-Benjamin Hong-cus-Email-_-benjamin.hong@etssi.com-cus-Please provide a brief description of how we can help:-_-log in-cus-', 'Purchased DOT Hazmat Transportation Complete - Online Training and was logged in for training but am now not able to log in'),
('218085412te', 1593446878, 0, 0, 0, 0, 0, 0, 1, 0, 4, 22, 0, 0, 1, 3, 0, 0, 0, '1536 x 864', 'Chuang', 'clin@langan.com', '96.242.177.73', '0e266631332c5fd0bc692404642860be', '', '', '', 'Name-_-Lin-cus-Email-_-clin@langan.com-cus-Please provide a brief description of how we can help:-_-onsite 8 hrs training for OSHA-40 HAZEWOPER-cus-', 'Can I register the onsite training for OSHA-40?\r\n'),
('218086026z5', 1593447491, 46, 6, 837, 1593448374, 1, 0, 0, 0, 4, 22, 0, 0, 1, 3, 0, 0, 0, '1536 x 864', 'Chuang', 'clin@langan.com', '96.242.177.73', '0e266631332c5fd0bc692404642860be', '', '', '', 'Name-_-Lin-cus-Email-_-clin@langan.com-cus-Please provide a brief description of how we can help:-_-register onsite training for OSHA-40 HAZEWOPER-cus-', 'I have completed the 32 hrs online training and the 8 hrs supplemental training. Now I would like to register for the 8 hrs onsite training. My Voucher ID:  TEGKZMQ'),
('218259769wu', 1593621235, 0, 0, 0, 0, 0, 0, 2, 0, 4, 22, 0, 0, 1, 3, 0, 0, 0, '1920 x 1080', 'Alwyn Ambrose', 'aambrose@tiogaenv.com', '50.76.208.197', 'd0d360212366516147b3cf9835981588', '', 'http://www.csregs.com/', 'HAZWOPER OSHA EPA DOT Occupational Safety and Health Administration Environmental Protection Agency Department of Transportation Compliance Solutions ', 'Name-_-Alwyn Ambrose-cus-Email-_-aambrose@tiogaenv.com-cus-Please provide a brief description of how we can help:-_-Manually let me move past a module.-cus-', 'The Sampling and Packaging Part 2 module is not letting me move on. I have spent enough time on it and I do believe I passed the assessment with over 70%. I have tried to log out and log back in but it is still not let me past. Please manually let me past this module or tell me how to move past it.'),
('218276454j3', 1593637920, 0, 0, 0, 0, 0, 0, 1, 0, 4, 22, 0, 0, 1, 1, 0, 0, 0, '1440 x 900', 'terri', 'terri.wyels@erm.com', '104.129.202.90', '19cd6e140e837d7d8aee45fa4a7e25b4', '', '', '', 'Name-_-TERRI WYELS-cus-Email-_-terri.wyels@erm.com-cus-Please provide a brief description of how we can help:-_-40 hour hazwoper-cus-', 'hi gayle dumm did not get to take her 40 hour hazwoper class back in march due to covid.  we want to transfer her credit to the hybrid online 40 hour class.  can we do that today? t hanks. '),
('2189479962y', 1594309462, 0, 0, 0, 0, 0, 0, 2, 0, 4, 16, 0, 0, 1, 3, 0, 0, 0, '1366 x 768', 'Janine', 'jrandall@triumvirate.com', '98.118.123.11', '2347a6c4a204c747ddfe4881f96faf18', '', '', '', 'Name-_-randall-cus-Email-_-jrandall@triumvirate.com-cus-Please provide a brief description of how we can help:-_-hybrid hazwoper-cus-', 'How long do I have to complete the hybrid 40 hr HAZWOPER.\r\nThanks'),
('22111619599', 1596477661, 0, 0, 0, 0, 0, 0, 1, 0, 4, 22, 0, 0, 1, 1, 0, 0, 0, '1536 x 864', 'Greg', 'greg.mcelroy@aptim.com', '74.98.198.218', 'aeb662fbf22797673beee23156d92ae3', '', 'livechatimagelink', 'Live Chat Direct Link', 'Name-_-McElroy-cus-Email-_-greg.mcelroy@aptim.com-cus-Please provide a brief description of how we can help:-_-on line 30 hr construction safety course-cus-', 'Do you offer a 30hr Construction Manger course\r\n'),
('221276338mj', 1596637803, 0, 0, 0, 0, 0, 0, 3, 0, 4, 22, 0, 0, 1, 3, 0, 0, 0, '1536 x 864', 'drew', 'drew.howell@csregs.com', '50.222.123.98', '21f5e2f298827e82d4888aa2603d6e71', '', '', '', 'Name-_-drew-cus-Email-_-drew.howell@csregs.com-cus-Please provide a brief description of how we can help:-_-test-cus-', 'test'),
('221276527h8', 1596637992, 14, 13, 28, 1596638034, 1, 0, 0, 0, 4, 22, 0, 0, 1, 3, 0, 0, 0, '1536 x 864', 'drew', 'drew.howell@csregs.com', '50.222.123.98', '21f5e2f298827e82d4888aa2603d6e71', '', '', '', 'Name-_-drew-cus-Email-_-drew.howell@csregs.com-cus-Please provide a brief description of how we can help:-_-test-cus-', 'test'),
('222417987gn', 1597779454, 35, 10, 870, 1597780359, 1, 0, 0, 0, 2, 23, 0, 0, 1, 3, 0, 0, 0, '1920 x 1200', 'Robert Pino', 'robert.pino@bkrenewablefuels.com', '70.241.134.249', 'd4f98c7ea34ee27a0fff8340e8b2fc1d', '', '', '', 'Name-_-Robert Pino-cus-Email-_-robert.pino@bkrenewablefuels.com-cus-Please provide a brief description of how we can help:-_-Registration Issue-cus-', 'I\'ve been calling 800 711-2706 to try and speak with someone but my call won\'t go through. Can someone call me at 661 201-2580 or 661 742-7021'),
('2224223479a', 1597783812, 10, 7, 1611, 1597785433, 1, 0, 0, 0, 2, 23, 0, 0, 1, 3, 0, 0, 0, '1280 x 720', 'Jennie Andryski', 'jennie.andryski@state.mn.us', '156.98.51.15', '79f9278f1497bc1c06fdbc7f51132f67', '', '', '', 'Name-_-Jennie Andryski-cus-Email-_-jennie.andryski@state.mn.us-cus-Please provide a brief description of how we can help:-_-I registered for the wrong course-cus-', 'Can I please cancel my registration so I can sign up for the in person course? Thank you'),
('222515292ew', 1597876758, 26, 26, 277, 1597877035, 1, 0, 0, 0, 4, 22, 0, 0, 1, 3, 0, 0, 0, '1280 x 1024', 'Dean Schmidt', 'dean.schmidt@mxns.com', '137.27.82.166', '6d88898ac2d5a3cd056bf5cb9d262370', '', '', '', 'Name-_-Dean Schmidt-cus-Email-_-dean.schmidt@mxns.com-cus-Please provide a brief description of how we can help:-_-How do I sign up for 40hr OSHA hazwoper online training hybrid option?-cus-', 'How do I sign up for 40hr OSHA hazwoper online training hybrid option?'),
('222515329ux', 1597876793, 0, 0, 92, 1597876899, 1, 0, 0, 0, 4, 22, 18, 0, 1, 3, 0, 0, 0, '', 'Aaron', '4eccs@csregs.com', '50.222.123.98', 'op2op', '', 'op2op', '', '', 'Operator to Operator Chat Request'),
('222593566cg', 1597955032, 48, 8, 2130, 1597957210, 1, 0, 0, 0, 4, 22, 0, 0, 1, 1, 0, 0, 0, '1920 x 1080', 'LeAnn Mallette', 'leann.mallette@tetratech.com', '104.129.199.63', 'ad1e285935b75874a7b548b995bae2ca', '', 'livechatimagelink', 'Live Chat Direct Link', 'Name-_-LeAnn Mallette-cus-Email-_-leann.mallette@tetratech.com-cus-Please provide a brief description of how we can help:-_-8 Hour Live Session -cus-', 'How do I get/do my 8 Hour Live Session ?\r\n'),
('2229169694k', 1598278437, 31, 5, 710, 1598279178, 1, 0, 0, 0, 2, 23, 0, 0, 1, 1, 0, 0, 0, '1920 x 1080', 'jonah Brooks', 'marquisbrooks510@gmail.com', '12.15.160.6', '66de9e579b7e2b05d1fc0104ed4be9fc', '', 'http://www.csregs.com/', 'HAZWOPER OSHA EPA DOT Occupational Safety and Health Administration Environmental Protection Agency Department of Transportation Compliance Solutions ', 'Name-_-Jonah Brooks-cus-Email-_-marquisbrooks510@gmail.com-cus-Please provide a brief description of how we can help:-_-frozen assessment-cus-', 'While doing the assessment for the hand and power tool section the final assessment froze. I needed a reset to the assessment for restart reset to the entire section. However it would be easier on your end.'),
('222929382jb', 1598290848, 69, 14, 450, 1598291298, 1, 0, 0, 0, 2, 23, 0, 0, 1, 2, 0, 0, 0, '1680 x 1050', 'craig', 'craigvaught4@yahoo.com', '67.189.65.91', '23d3f74c76053197af306a8ef588aa30', '', 'livechatimagelink', 'Live Chat Direct Link', 'Name-_-craig-cus-Email-_-craigvaught4@yahoo.com-cus-Please provide a brief description of how we can help:-_-how do i start the course-cus-', 'i did the over view  and it says completede but the support page has nothing to complete... so i cant start module 1\r\n'),
('222932274jp', 1598293741, 0, 0, 0, 0, 0, 0, 1, 0, 4, 22, 0, 0, 5, 4, 0, 0, 0, '414 x 896', 'Lianne Kelly', 'liannekelly5@gmail.com', '216.139.47.130', 'a06e2c41555ff6a29409c2659c8cfac7', '', '', '', 'Name-_-Lianne Kelly-cus-Email-_-liannekelly5@gmail.com-cus-Please provide a brief description of how we can help:-_-Hazwoper refresher-cus-', 'My current 40 hour hazwoper certificate is dated June 9, 2019\r\nWhat course do I take to bring the certificate current'),
('223003933ad', 1598365398, 5, 4, 458, 1598365861, 1, 0, 0, 0, 2, 23, 0, 0, 1, 1, 0, 0, 0, '1280 x 1024', 'Jeff Tarr', 'jeffrey.tarr@aptim.com', '65.35.179.97', 'be8c9cda280e6d3d62955c223fc56aec', '', 'livechatimagelink', 'Live Chat Direct Link', 'Name-_-Jett Tarr-cus-Email-_-jeffrey.tarr@aptim.com-cus-Please provide a brief description of how we can help:-_-Cant log in-cus-', 'Unable to log into 8-HR HAZWOPER Course.  This is just one class for me .  Why are they asking me twice for information?'),
('2230043662c', 1598365832, 49, 46, 335, 1598366167, 1, 0, 0, 0, 2, 23, 0, 0, 1, 1, 0, 0, 0, '1951 x 1098', 'Jacob Valenti', 'jayandmel123@yahoo.com', '173.233.120.216', '8beb86d51451d63fe38d7d5168827d55', '', '', '', 'Name-_-Jacob Valenti-cus-Email-_-jayandmel123@yahoo.com-cus-Please provide a brief description of how we can help:-_-Need a copy of my 8 hr refresher hazwoper-cus-', 'need copy of my 8 hr refresher hazwoper certificate '),
('223004800rw', 1598366265, 50, 47, 759, 1598367074, 1, 0, 0, 0, 2, 23, 0, 0, 1, 1, 0, 0, 0, '1280 x 1024', 'Jeff Tarr', 'jeffrey.tarr@aptim.com', '65.35.179.97', 'be8c9cda280e6d3d62955c223fc56aec', '', 'livechatimagelink', 'Live Chat Direct Link', 'Name-_-Jeff Tarr-cus-Email-_-jeffrey.tarr@aptim.com-cus-Please provide a brief description of how we can help:-_-Cant log into course-cus-', 'I logged into the course but when it asks for yourself or invite someone, after I click just me it (your system) does nothing.  '),
('2230272235e', 1598388690, 10, 7, 278, 1598388968, 1, 0, 0, 0, 2, 23, 0, 0, 1, 1, 0, 0, 0, '1920 x 1080', 'jonah Brooks', 'marquisbrooks510@gmail.com', '12.15.160.6', '66de9e579b7e2b05d1fc0104ed4be9fc', '', 'http://www.csregs.com/', 'HAZWOPER OSHA EPA DOT Occupational Safety and Health Administration Environmental Protection Agency Department of Transportation Compliance Solutions ', 'Name-_-Jonah Brooks-cus-Email-_-marquisbrooks510@gmail.com-cus-Please provide a brief description of how we can help:-_-help with module -cus-', 'After I finished my site controls module part 2 with 100% completion I was unable to move on to the next module. I have tried exiting re-entering. I have tried going to another module from before redoing that than going back, and nothing. I don\'t know what else to do.'),
('223113385bk', 1598474850, 18, 15, 1281, 1598476131, 1, 0, 0, 0, 2, 23, 0, 0, 1, 3, 0, 0, 0, '1920 x 1080', 'Shabeena Perera', 'Shabeena@activatedcarbon.com', '198.101.96.190', 'fd61ef370eb545061710ad606f2190cc', '', '', '', 'Name-_-Shabeena Perera-cus-Email-_-Shabeena Perera-cus-Please provide a brief description of how we can help:-_-how to invite people for online training-cus-', 'i just purchased a 8-hour hazwoper online training. How to add that to our account? and how to send that information to our service tech?'),
('223187772y2', 1598549238, 26, 7, 424, 1598549688, 1, 0, 0, 0, 2, 23, 0, 0, 1, 3, 0, 0, 0, '1280 x 720', 'Sarah Fockler', 'sfockler@actransit.org', '73.170.196.25', '9631f26d0ce82f01c5df4e343b226544', '', '', '', 'Name-_-Sarah Fockler-cus-Email-_-sfockler@actransit.org-cus-Please provide a brief description of how we can help:-_-Missing Certificate-cus-', 'I completed my 8-hour HAZWOPER refresher in June, but I have not received the completion certificate.'),
('22352326127', 1598884727, 9, 8, 726, 1598885462, 1, 0, 0, 0, 2, 23, 0, 0, 1, 1, 0, 0, 0, '1829 x 1029', 'Calvin Wiggs', 'calvin.wiggs@aptim.com', '72.207.226.150', '8dab8fe3be3a80e76638c3aa1d049c33', '', 'livechatimagelink', 'Live Chat Direct Link', 'Name-_-calvin Wiggs-cus-Email-_-calvin.wiggs@aptim.com-cus-Please provide a brief description of how we can help:-_-Need certificate for online 8-hour HAZWOPER refresher training-cus-', 'I completed the online 8-hour HAZWOPER refresher training well over 30 days ago and Have not received my training certificate yet. Can you email me a copy of my certificate?'),
('223701136pt', 1599062603, 8, 7, 946, 1599063549, 1, 0, 0, 0, 2, 23, 0, 0, 1, 1, 0, 0, 0, '1440 x 900', 'terri', 'terri.wyels@erm.com', '108.245.208.6', '661e37ec364d84cdef21465ce2de2c82', '', 'livechatimagelink', 'Live Chat Direct Link', 'Name-_-terri-cus-Email-_-terri.wyels@erm.com-cus-Please provide a brief description of how we can help:-_-class this friday?-cus-', '8 hour in person class in sacramento this friday'),
('223717199nt', 1599078664, 0, 0, 0, 0, 0, 0, 2, 0, 4, 22, 0, 0, 1, 3, 0, 0, 0, '1920 x 1080', 'Carol', 'cmerwarth@ironhillcm.com', '216.164.172.138', '022cfa4c7a451bdab69eff925643bc5a', '', '', '', 'Name-_-Carol Merwarth-cus-Email-_-Carol Merwarth-cus-Please provide a brief description of how we can help:-_-Hazwoper training-cus-', 'Are you holding in-person Hazwoper training in Philadelphia on 10/23 or 12/4, or will it be virtual?'),
('223874153xq', 1599235619, 9, 8, 1079, 1599236707, 1, 0, 0, 0, 2, 23, 0, 0, 1, 3, 0, 0, 0, '1920 x 1080', 'Carlos Reyes', 'CAReyes@kleinfelder.com', '104.180.90.17', 'b68cb2e80d109deb2f0ed4a9fcc68e81', '', '', '', 'Name-_-Carlos A Reyes-cus-Email-_-Carlos A Reyes-cus-Please provide a brief description of how we can help:-_-Certificate-cus-', 'Can I get a digital copy of my certificate sent to me?\r\n'),
('223881468r6', 1599242935, 13, 10, 268, 1599243203, 1, 0, 0, 0, 2, 23, 0, 0, 2, 4, 0, 0, 0, '1440 x 900', 'Heather Habinyak', 'habinyak.heather@gmail.com', '75.132.129.131', '197939b2c7e7eb20ea7c196e9438d592', '', 'http://www.csregs.com/', 'HAZWOPER OSHA EPA DOT Occupational Safety and Health Administration Environmental Protection Agency Department of Transportation Compliance Solutions ', 'Name-_-Heather -cus-Email-_-habinyak.heather@gmail.com-cus-Please provide a brief description of how we can help:-_-Tech difficulties-cus-', 'I am taking the assessment for \"Concentrations and Toxic Levels\" in the OSHA 40 hr Hazwoper Training and the application won\'t allow me to move on to the next question. '),
('223881541uy', 1599243007, 13, 12, 933, 1599243940, 1, 0, 0, 0, 2, 23, 0, 0, 2, 3, 0, 0, 0, '1440 x 900', 'Heather Habinyak', 'habinyak.heather@gmail.com', '75.132.129.131', '64414023b111cc0febc25d51c1826c94', '', 'http://www.csregs.com/', 'HAZWOPER OSHA EPA DOT Occupational Safety and Health Administration Environmental Protection Agency Department of Transportation Compliance Solutions ', 'Name-_-Heather Habinyak-cus-Email-_-Heather Habinyak-cus-Please provide a brief description of how we can help:-_-Tech problems-cus-', 'Im taking an assessment and it wont allow me to move to the next question'),
('2238852892h', 1599246753, 0, 0, 192, 1599246954, 1, 0, 0, 0, 2, 23, 12, 0, 1, 3, 0, 0, 0, '', 'Tony-Instructor', 'tcamper@csregs.com', '50.222.123.98', 'op2op', '', 'op2op', '', '', 'Operator to Operator Chat Request'),
('224303227ma', 1599664692, 26, 7, 358, 1599665076, 1, 0, 0, 0, 2, 23, 0, 0, 1, 1, 0, 0, 0, '1920 x 1080', 'Margaret Callahan', 'mcallahan@brightfieldsinc.com', '50.226.142.246', '1a064aac5120ec46e32eadf7e69ca16f', '', '', '', 'Name-_-Margaret Callahan-cus-Email-_-mcallahan@brightfieldsinc.com-cus-Please provide a brief description of how we can help:-_-40 Hr HAZWOPER Supplemental-cus-', 'I\'m following up for George Spock, who just completed his 40 Hr (including Supplemental) online and received his Training Voucher for Hands-on training (to be used sometime in the next 6 mo).    Is there a place on your website, where I can view those training options?  Or does it need to be via phone...'),
('2243131867r', 1599674652, 22, 21, 1148, 1599675822, 1, 0, 0, 0, 4, 22, 0, 0, 1, 1, 0, 0, 0, '1280 x 720', 'Beth Hadder', 'beth.hadder@ghd.com', '104.129.196.49', 'aa87c7babd3c236468c7d7d1ad4c26e7', '', 'livechatimagelink', 'Live Chat Direct Link', 'Name-_-Beth-cus-Email-_-beth.hadder@ghd.com-cus-Please provide a brief description of how we can help:-_-in person portion of hybrid course-cus-', 'We recently had two employees complete the online portion of the hybrid course. Do you have a course schedule available for the 8-hour in-person part of this?'),
('224316718yd', 1599678186, 0, 0, 0, 0, 0, 0, 1, 0, 4, 22, 0, 0, 1, 1, 0, 0, 0, '1366 x 768', 'Timothy Collins', 'timothy.collins@aptim.com', '207.155.193.223', '898e40fc85c94bba447773cc46ce374e', '', 'livechatimagelink', 'Live Chat Direct Link', 'Name-_-Timothy Collins-cus-Email-_-timothy.collins@aptim.com-cus-Please provide a brief description of how we can help:-_-Purchased 8 hour refresher course yesterday, today  cant access it-cus-', 'How do I locate my training?'),
('224322079y9', 1599683544, 22, 4, 505, 1599684071, 1, 0, 0, 0, 2, 23, 0, 0, 1, 3, 0, 0, 0, '1920 x 1080', 'Scott Wojcicki', 'scott.wojcicki@aptim.com', '12.219.57.141', 'c0c9e79a48131bd94bbf21e3c58b5ec2', '', '', '', 'Name-_-Scott Wojcicki-cus-Email-_-scott.wojcicki@aptim.com-cus-Please provide a brief description of how we can help:-_-I need to get a copy of the payment receipt for my training.-cus-', 'Hello, can someone please email to me a payment receipt for the 8 hour OSHA Refresher training I took last Friday (9/4/20)?'),
('224393190ry', 1599754656, 25, 5, 254, 1599754910, 1, 0, 0, 0, 2, 23, 0, 0, 1, 3, 0, 0, 0, '1680 x 1050', 'Rory Wilson', 'rory.wilson@fhr.com', '72.21.227.18', '38a0fd43d3ba7b1f1483e2a23d93a3f2', '', '', '', 'Name-_-Rory Wilson-cus-Email-_-rory.wilson@fhr.com-cus-Please provide a brief description of how we can help:-_-Mailed Certificate-cus-', 'I haven\'t received my certificate yet and was wondering where and to whom it was mailed.  Thanks!'),
('224411474wm', 1599772940, 29, 11, 748, 1599773717, 1, 0, 0, 0, 2, 23, 0, 0, 1, 3, 0, 0, 0, '1366 x 768', 'Kimberly Light', 'kimberly.light@anteagroup.com', '107.131.194.230', '5ecdef74e5243f5f04020ef6c963845e', '', '', '', 'Name-_-Kimberly Light-cus-Email-_-kimberly.light@anteagroup.com-cus-Please provide a brief description of how we can help:-_-In person training confirmation-cus-', 'Is the Detroit 40-hour HAZWOPER class a sure bet and what are the safety protocols for attending class'),
('224492983mw', 1599854449, 33, 13, 331, 1599854813, 1, 0, 0, 0, 2, 23, 0, 0, 1, 3, 0, 0, 0, '1366 x 768', 'Beau Beaube', 'beau@flprotech.com', '97.106.178.216', '88398befd9a1d9335793b12a0cb90331', '', '', '', 'Name-_-Beau Beaube-cus-Email-_-beau@flprotech.com-cus-Please provide a brief description of how we can help:-_-looking for certs-cus-', 'I believe I took an 8 hr refresher with CS in 2017 or 2018 but don\'t remember the email I used.  Is it possible to look it up by name?'),
('22493147943', 1600292944, 18, 17, 1269, 1600294231, 1, 0, 0, 0, 4, 22, 0, 0, 1, 3, 0, 0, 0, '1366 x 768', 'Emilie ', 'emilieb85@yahoo.com', '99.102.117.163', '90ded89acfcbbe95148ebb2c22b1a9d9', '', '', '', 'Name-_-Emilie -cus-Email-_-Emilie -cus-Please provide a brief description of how we can help:-_-Seeking a Hazwoper 40 online training -cus-', 'I currently just completed my OSHA 1O: General Industry and the OSHA 30: General Industry Health and safety. I\'m currently seeking an online hazwoper 40 class that will work with my work schedule. Since I\'m currently working part time. I wanted to know how much the course is and what days will the course take place? And will I receive an OSHA hazwoper 40 card and certification?'),
('2250135838p', 1600375049, 27, 6, 1320, 1600376396, 1, 0, 0, 0, 2, 23, 0, 0, 1, 3, 0, 0, 0, '1920 x 1080', 'Karen', 'karen@drillingengineers.com', '24.9.29.235', '18272d660c51c6280abae3d172184097', '', '', '', 'Name-_-Karen DiFrancesco-cus-Email-_-Karen DiFrancesco-cus-Please provide a brief description of how we can help:-_-Karen DiFrancesco-cus-', 'I am trying to register 10 employees for 8 hour refresher and it shows there is a 15% discount for 10 or more but that discount isn\'t being applied.'),
('225440813hm', 1600802279, 6, 5, 197, 1600802476, 1, 0, 0, 0, 2, 23, 0, 0, 1, 1, 0, 0, 0, '1518 x 853', 'Katie Benz', 'katie.benz@aptim.cin', '74.98.190.103', 'b3768e2916c74c82e88b991c9ddeff42', '', 'livechatimagelink', 'Live Chat Direct Link', 'Name-_-Katie Benz -cus-Email-_-katie.benz@aptim.com-cus-Please provide a brief description of how we can help:-_-Online registration-cus-', 'Can you tell me the name of the employee who completed order #9559?'),
('225526886wj', 1600888352, 59, 19, 414, 1600888825, 1, 0, 0, 0, 4, 22, 0, 0, 1, 3, 0, 0, 0, '1536 x 864', 'Nathan ', 'nsarapas@trccompanies.com', '73.249.195.62', 'f2cbf2c831fd1a4f34f89f8cb9b1ee05', '', 'http:/', '', 'Name-_-Sarapas-cus-Email-_-nsarapas@trccompanies.com-cus-Please provide a brief description of how we can help:-_-Information out of date-cus-', 'This module says that the worst spill in US history occurred in 1989 (Exxon Valdez).  Deepwater Horizon released 210 million gallons versus the 11 million gallons in Valdez.'),
('225539654cp', 1600901119, 0, 0, 0, 0, 0, 0, 2, 0, 4, 22, 0, 0, 1, 3, 0, 0, 0, '1536 x 864', 'joshua', 'joshuaedom@gmail.com', '35.138.75.168', 'd1106ed653eef0586eb911bf155ee02e', '', '', '', 'Name-_-joshua-cus-Email-_-joshuaedom@gmail.com-cus-Please provide a brief description of how we can help:-_-open new modules-cus-', 'new modules are not opening?'),
('2255998722g', 1600961339, 28, 10, 1464, 1600962831, 1, 0, 0, 0, 2, 23, 0, 0, 1, 3, 0, 0, 0, '1920 x 1080', 'Karen', 'karen@drillingengineers.com', '24.9.29.235', '18272d660c51c6280abae3d172184097', '', '', '', 'Name-_-Karen-cus-Email-_-karen@drillingengineers.com-cus-Please provide a brief description of how we can help:-_-change order-cus-', 'How do I go about changing my order no 9622A?  I have an employee who just quit so I need to take him off of this training.'),
('226040364x8', 1601401830, 16, 15, 953, 1601402799, 1, 0, 0, 0, 4, 22, 0, 0, 1, 1, 0, 0, 0, '1536 x 864', 'Manuel salazar', 'jesus.salazar@cardinalhealth.com', '198.89.160.146', '1bcfe35048bce33f709f45aa4f86fb5c', '', 'livechatimagelink', 'Live Chat Direct Link', 'Name-_-manuel-cus-Email-_-cc-cus-Please provide a brief description of how we can help:-_-how the online training works?-cus-', 'How the online training works?'),
('2261141322w', 1601475598, 9, 8, 458, 1601476065, 1, 0, 0, 0, 2, 23, 0, 0, 1, 3, 0, 0, 0, '1680 x 1050', 'Erin', 'emorgan@manniksmithgroup.com', '72.240.44.210', 'd274e4ce92dc4b3e599d9623a0a782ad', '', '', '', 'Name-_-Erin Morgan-cus-Email-_-emorgan@manniksmithgroup.com-cus-Please provide a brief description of how we can help:-_-New certificate needed-cus-', 'We need to have mailed to us a new copy of the 40 hr Hazwoper certificate for our employee Amber Kauppila'),
('226126351pt', 1601487817, 55, 15, 257, 1601488129, 1, 0, 0, 0, 4, 22, 0, 0, 1, 3, 0, 0, 0, '1536 x 864', 'Madison Wernke', 'mwernke@slrconsulting.com', '64.58.142.34', 'b6d96bca5cef7a95e192a96bd44c0c7a', '', '', '', 'Name-_-Madison Wernke-cus-Email-_-mwernke@slrconsulting.com-cus-Please provide a brief description of how we can help:-_-How long do I have to complete my course-cus-', 'I am currently working my way through the OSHA 40 Hour HAZWOPER. I have been working on it whenever I have time over the past few weeks. I am wondering if there is a cutoff date for when I need to have the course completed by.  '),
('226134820yh', 1601496286, 27, 9, 2653, 1601498966, 1, 0, 0, 0, 2, 23, 0, 0, 1, 3, 0, 0, 0, '1920 x 1200', 'Steve Airhart', 'steveairhart@gofreestone.com', '66.119.214.125', '10bd277f3ac670cd6c913d17f9065ecb', '', '', '', 'Name-_-Steve-cus-Email-_-steveairhart@gofreestone.com-cus-Please provide a brief description of how we can help:-_-Steve P Airhart-cus-', 'Is your 40 hr HAZWOPER training in Oakland Oct 20-23 going to happen?  \r\n'),
('226204202pq', 1601565669, 0, 0, 0, 0, 0, 0, 2, 0, 4, 22, 0, 0, 1, 1, 0, 0, 0, '1440 x 900', 'nathaniel ', 'stratton.nathaniel@cleanharbors.com', '155.203.3.141', '8946663c7a5ee0cea48a16033bc9805b', '', 'http://www.csregs.com/', 'HAZWOPER OSHA EPA DOT Occupational Safety and Health Administration Environmental Protection Agency Department of Transportation Compliance Solutions ', 'Name-_-stratton-cus-Email-_-stratton.nathaniel@cleanharbors.com-cus-Please provide a brief description of how we can help:-_-logging off the hazwoper training-cus-', 'I want to know how to log off with out the course disappearing from my traing timeline'),
('226212434xv', 1601573901, 0, 0, 0, 0, 0, 0, 2, 0, 4, 22, 0, 0, 1, 3, 0, 0, 0, '1536 x 864', 'Cara', 'criwaicouch@usbr.gov', '158.68.232.207', 'b7fc0b719d12796f3380e8d2ebf3676d', '', '', '', 'Name-_-NA-cus-Email-_-NA-cus-Please provide a brief description of how we can help:-_-Training In person-cus-', 'Are in person classes still being held on Oct 9th in Ft.Lauderdale FL?'),
('226216551z6', 1601578017, 14, 11, 585, 1601578616, 1, 0, 0, 0, 2, 23, 0, 0, 1, 3, 0, 0, 0, '1280 x 720', 'Jeff Tweeddale', 'jeffrey.tweeddale@woodplc.com', '12.129.64.198', '2fc70131417a590f1b0c57454432a002', '', '', '', 'Name-_-Jeff Tweeddale-cus-Email-_-Jeffrey.tweeddale@woodplc.com-cus-Please provide a brief description of how we can help:-_-Student Cert-cus-', 'I\'m was looking for the status of employee\'s HAZWOPER certificate. It was for Aaron Ricardi from Wood in Portland Maine.  '),
('226814362sn', 1602175831, 14, 11, 3705, 1602179550, 1, 0, 0, 0, 2, 23, 0, 0, 1, 3, 0, 0, 0, '1920 x 1080', 'Karen', 'karen@drillingengineers.com', '24.9.29.235', '18272d660c51c6280abae3d172184097', '', '', '', 'Name-_-Karen-cus-Email-_-karen@drillingengineers.com-cus-Please provide a brief description of how we can help:-_-Student change-cus-', 'I just found out that our class for Nov 20th in Denver has been rescheduled to Nov 23rd.  In that case, I need to add Shawn Flanagan back on the roster.  Also, I need to check and see if I originally had Rick Rogers on the list.  If I did, I need to take him off and get credit for him.'),
('226820151px', 1602181619, 0, 0, 0, 0, 0, 0, 2, 0, 4, 22, 0, 0, 1, 1, 0, 0, 0, '1280 x 853', 'michael', 'mharden@trccompanie.com', '99.203.46.89', '76a07ec023c7416ec6f24d726c9bcbff', '', 'livechatimagelink', 'Live Chat Direct Link', 'Name-_-Harden-cus-Email-_-mharden@trccompanies.com-cus-Please provide a brief description of how we can help:-_-Certificate of completeion-cus-', 'I just completed the online course for fall protection. I was wondering if I can print out a certificate of completion for my employer?'),
('227244805wn', 1602606271, 0, 0, 0, 0, 0, 0, 1, 0, 4, 22, 0, 0, 2, 4, 0, 0, 0, '1280 x 800', 'Stephanie', 'sjwoolley@drpa.org', '96.245.65.253', '0d521664610d3c3212e9c98154f685b2', '', '', '', 'Name-_-Stephanie Woolley-cus-Email-_-training@drpa.org-cus-Please provide a brief description of how we can help:-_-Missing Account-cus-', 'Hi. I called on Friday to cancel and reschedule a different training Course. My account under any of my personal emails isn\'t existing. My name is Stephanie Woolley and one of the emails I would have used was sjwoolley@drpa.org or training@drpa.org. Thanks.'),
('227421372gx', 1602782839, 0, 0, 0, 0, 0, 0, 2, 0, 4, 22, 0, 0, 1, 3, 0, 0, 0, '1920 x 1080', 'Brian Hacker', 'bhacker@westernsugar.com', '65.141.52.162', '69f6baa764e9e01c7a7dd05db5a5c44e', '', '', '', 'Name-_-Brian Hacker-cus-Email-_-bhacker@westernsugar.com-cus-Please provide a brief description of how we can help:-_-Train the Trainer Refresher-cus-', 'Do you provide on line train the trainer refresher?\r\n'),
('227421842nx', 1602783308, 10, 9, 1076, 1602784394, 1, 0, 0, 0, 2, 23, 0, 0, 1, 1, 0, 0, 0, '1829 x 1029', 'Rosemarie', 'rosemarie.tuccillo@dep.nj.gov', '69.248.35.196', '974aff39a8a2eb916f12668e6d2b59d1', '', 'livechatimagelink', 'Live Chat Direct Link', 'Name-_-Tuccillo-cus-Email-_-rosemarie.tuccillo@dep.nj.gov-cus-Please provide a brief description of how we can help:-_-purchase order-cus-', '40 hour hazwoper training purchase order'),
('227502816y5', 1602864282, 33, 12, 380, 1602864695, 1, 0, 0, 0, 2, 23, 0, 0, 1, 3, 0, 0, 0, '1920 x 1080', 'Kevin', 'keuser@scottcontracting.com', '207.173.249.124', 'aaa6f7b42852e5b27d89c7f193b4be97', '', '', '', 'Name-_-Kevin Euser-cus-Email-_-keuser@scottcontracting.com-cus-Please provide a brief description of how we can help:-_-Hazmat Class-cus-', 'Hi, I just registered for the Hazmat class on October 26.  I don\'t see anywhere of what time it starts?'),
('2275160918v', 1602877558, 24, 23, 589, 1602878171, 1, 0, 0, 0, 4, 22, 0, 0, 1, 1, 0, 0, 0, '1920 x 1080', 'tommy', 'xayavong.tommy@cleanharbros.com', '12.15.160.6', '3acb739655b8899f95b02d3e902b36bc', '', 'http://www.csregs.com/', 'HAZWOPER OSHA EPA DOT Occupational Safety and Health Administration Environmental Protection Agency Department of Transportation Compliance Solutions ', 'Name-_-tommy-cus-Email-_-xayavong.tommy@cleanharbros.com-cus-Please provide a brief description of how we can help:-_-finnished with fall proteching summary and wont let me go to part 2 -cus-', 'cant proceed'),
('227769216w7', 1603130684, 12, 9, 274, 1603130970, 1, 0, 0, 0, 2, 23, 0, 0, 1, 1, 0, 0, 0, '1920 x 1080', 'Jason Hollingsworth', 'jason.hollingsworth@lgcgroup.com', '63.76.13.68', '5ebd44c6fe3aac20fa8adcea9f45957e', '', 'http://www.csregs.com/', 'HAZWOPER OSHA EPA DOT Occupational Safety and Health Administration Environmental Protection Agency Department of Transportation Compliance Solutions ', 'Name-_-Jason Hollingsworth-cus-Email-_-jason.hollingsworth@lgcgroup.com-cus-Please provide a brief description of how we can help:-_-Jason Hollingsworth-cus-', 'Need to register for the 8hr live training session in order to complete 40 Hazwoper training'),
('227845916ww', 1603207382, 42, 4, 358, 1603207782, 1, 0, 0, 0, 4, 22, 0, 0, 1, 3, 0, 0, 0, '1280 x 720', 'mark torres', 'mtorres@forensicanalytical.com', '67.180.253.51', 'e0ee2b06f4f7b5c0cbb34988dbf84676', '', '', '', 'Name-_-Mark Torres-cus-Email-_-mark.e.torres@gmail.com-cus-Please provide a brief description of how we can help:-_-Log in to online hazwoper refresher-cus-', 'Hi, I can\'t log in to my online hazwoper refresher that I purchased yesterday. '),
('228029780d7', 1603391250, 25, 9, 1338, 1603392613, 1, 0, 0, 0, 2, 23, 0, 0, 1, 3, 0, 0, 0, '1920 x 1080', 'Nicole Fitzgerald', 'nicole.j.m.fitzgerald@jacobs.com', '107.77.197.194', '09780a08837697f5eea921da0f12e002', '', '', '', 'Name-_-Nicole Fitzgerald-cus-Email-_-nicole.j.m.fitzgerald@jacobs.com-cus-Please provide a brief description of how we can help:-_-certification-cus-', 'Hi, I received my HAZWOPER 40 hour certification from you in January. I need a copy of the certification. How can I get this? '),
('2284496732w', 1603811139, 29, 10, 346, 1603811514, 1, 0, 0, 0, 2, 23, 0, 0, 1, 3, 0, 0, 0, '1920 x 1080', 'Sean Pierce', 'sean.pierce@stantec.com', '107.0.73.82', 'a669c692138c6c41bd01ff434c500a1d', '', '', '', 'Name-_-Sean Pierce-cus-Email-_-sean.pierce@stantec.com-cus-Please provide a brief description of how we can help:-_-Question about 40 Hour training-cus-', 'I had an employee take the online 40 Hour HAZWOPER training, and received a voucher to complete the hands on portion after that.  A few weeks after completing the remaining 8 hours online to make the full 40 hours, we received a certificate stating he passed the test and completed the requirements for the 40-Hour HAZWOPER Initial Training.  Does he need to do anything else or is this his full 40 Hour certificate?'),
('228557904da', 1603919370, 44, 9, 291, 1603919705, 1, 0, 0, 0, 2, 23, 0, 0, 1, 3, 0, 0, 0, '1920 x 1080', 'Woody Frossard', 'woody.frossard@trwd.com', '75.142.185.18', '8a073afdb5fd37e8c0e4e9860e550dc5', '', '', '', 'Name-_-Woody Frossard-cus-Email-_-Woody Frossard-cus-Please provide a brief description of how we can help:-_-Woody Frossard-cus-', 'need a copy of my Hazwoper Certification'),
('2286301433y', 1603991612, 66, 2, 841, 1603992519, 1, 0, 0, 0, 2, 23, 0, 0, 1, 3, 0, 0, 0, '1600 x 900', 'Rebecca Haring, CSP', 'rharing@omegasafetytraining.com', '172.58.103.15', '6118a055656892e728afd5eb2389fd0a', '', '', '', 'Name-_-Rebecca Haring-cus-Email-_-rharing@omegasafetytraining.com-cus-Please provide a brief description of how we can help:-_-Houston schedule-cus-', 'I took 40 hr HAZWOPER online and and scheduled to take the 8 hour practical on 6 Nov in Houston, TX.  I have to have knee surgery on 5 Nov.\r\nWhen is the next scheduled Houston practical class?'),
('228633710ze', 1603995176, 10, 9, 311, 1603995497, 1, 0, 0, 0, 2, 23, 0, 0, 1, 1, 0, 0, 0, '1536 x 864', 'Erika Thompson', 'erika.thompson@aptim.com', '73.228.210.216', 'ca47722d4af70579572701ad415ab4ea', '', 'livechatimagelink', 'Live Chat Direct Link', 'Name-_-Erika Thompson-cus-Email-_-erika.thompson@aptim.com-cus-Please provide a brief description of how we can help:-_-Need New Invite-cus-', 'I paid for 1 - 8-Hour OSHA HAZWOPER Annual Refresher Online Training on 7-7-20 and sent an invite to our employee Ramon Ibarra.  He never took the training.  Is there any way to get a new invite for him to take the training?  Thanks.'),
('2286421503q', 1604003616, 9, 7, 818, 1604004443, 1, 0, 0, 0, 2, 23, 0, 0, 1, 3, 0, 0, 0, '1920 x 1080', 'Karly Summerlin', 'ksummerlin@langan.com', '160.39.42.197', '3a66eb308419a4744915c80e64e24ff6', '', '', '', 'Name-_-Karly Summerlin-cus-Email-_-ksummerlin@langan.com-cus-Please provide a brief description of how we can help:-_-I never received my HAZWOPER certificate-cus-', 'Hi, I completed my HAZWOPER training in February of this year and never received my physical certificate. Can I get a copy of the certificate emailed or receive some proof of my completion of the training?'),
('2289689528k', 1604330419, 24, 5, 1244, 1604331687, 1, 0, 0, 0, 2, 23, 0, 0, 1, 1, 0, 0, 0, '1920 x 1080', 'Emily Jones', 'emily.jones@erm.com', '99.125.130.39', 'fe02b03055568b26ffbb391cd97cefdd', '', 'livechatimagelink', 'Live Chat Direct Link', 'Name-_-Emily Jones-cus-Email-_-emily.jones@erm.com-cus-Please provide a brief description of how we can help:-_-Trying to sign up-cus-', 'Good Morning, \r\nI am trying to add the HAZWOPER training to my cart but it wont let me. Is there something I missing?'),
('2289764439p', 1604337910, 0, 0, 0, 0, 0, 0, 1, 0, 4, 22, 0, 0, 1, 3, 0, 0, 0, '1536 x 864', 'Jesse De Haro', 'jessed@hasapool.com', '172.102.77.38', '5172ef41d86f4663e7a9291bc6f36def', '', '', '', 'Name-_-8 Hour HAZWOPER-cus-Email-_-Jesse De Haroz-cus-Please provide a brief description of how we can help:-_-I cannot access my course-cus-', 'Why can\'t I access my course'),
('228991969p4', 1604353434, 65, 5, 34, 1604353533, 1, 0, 0, 0, 2, 23, 0, 0, 2, 3, 0, 0, 0, '1920 x 1080', 'Eric', 'EBECKMAN@YECI.US', '74.93.53.26', '62e4af435a79f7ee693765e2ab819b0a', '', '', '', 'Name-_-ERIC J BECKMAN-cus-Email-_-ERIC J BECKMAN-cus-Please provide a brief description of how we can help:-_-upcoming class information-cus-', 'is the class for next week in lansing a forsure class?\r\n'),
('22899676843', 1604358234, 0, 0, 0, 0, 0, 0, 2, 0, 4, 22, 0, 0, 1, 1, 0, 0, 0, '1829 x 1029', 'colleen moss', 'colleen.moss@stantec.com', '72.46.98.214', 'ee14c091468b830594add48840d8cb55', '', '', '', 'Name-_-Colleen Moss-cus-Email-_-Colleen Moss-cus-Please provide a brief description of how we can help:-_-8 hour live session - hazwoper-cus-', 'Good afternoon, \r\n\r\nI completed the 32 hours of my 40-hour hazwoper course online. My training expires next week and I still need to take the 8 hour live session. Are in-person trainings currently being offered in the Houston area? If there aren\'t any in-person courses offered by my expiration date, what are my options?\r\n\r\nThank you, \r\n\r\nColleen'),
('229000255c3', 1604361722, 0, 0, 0, 0, 0, 0, 2, 0, 4, 0, 0, 0, 1, 1, 0, 0, 0, '1188 x 668', 'Michael Martinez', 'michael.martinez@aptim.com', '107.77.220.117', 'c7e0cf09024267ba3dc65b7b1ced44ed', '', 'livechatimagelink', 'Live Chat Direct Link', 'Name-_-Michael Martinez-cus-Email-_-michael.martinez@aptim.com-cus-Please provide a brief description of how we can help:-_-I completed a course a few days ago and your systems will no-cus-', 'your system will not let me move forward even though I finished a session a few days ago'),
('229066598n6', 1604428066, 26, 5, 466, 1604428558, 1, 0, 0, 0, 2, 23, 0, 0, 1, 3, 0, 0, 0, '1366 x 768', 'michael hoover', 'michael.hoover@aptim.com', '207.155.193.195', '39d86bc93745614dbe8afec4695c42ae', '', '', '', 'Name-_-michael-cus-Email-_-michael.hoover@aptim.com-cus-Please provide a brief description of how we can help:-_-training-cus-', 'I purchased 8 hour HAZWOPER Refresher training yesterday, I tried to log in and it doesn\'t show any training available for me'),
('229075160yr', 1604436627, 15, 13, 537, 1604437179, 1, 0, 0, 0, 2, 23, 0, 0, 1, 1, 0, 0, 0, '1920 x 1080', 'Brandon Garrett', 'brandon.garrett@lgcgroup.com', '208.87.233.180', '51c3f31559d10787baec6a70ba9f4618', '', '', '', 'Name-_-brandon garrett-cus-Email-_-brandon garrett-cus-Please provide a brief description of how we can help:-_-brandon garrett-cus-', 'I just ordered the RCRA/EPA online training and when I accepted the link to log in, I did not see the class to send the invite to my employee? I did see a Library Pass on there so maybe the class is with the Library Pass?'),
('229143976ws', 1604505442, 20, 20, 1545, 1604506987, 1, 0, 0, 0, 4, 22, 0, 0, 1, 3, 0, 0, 0, '1920 x 1080', 'Lacy Hutchison', 'lacy@bondedinspections.com', '97.77.26.242', '3d28c5c7163dd1eebbddbb0228f73178', '', '', '', 'Name-_-Lacy Hutchison-cus-Email-_-lacy@bondedinspections.com-cus-Please provide a brief description of how we can help:-_-email address-cus-', 'I need to change the email address I set up the online training with'),
('229228871pj', 1604590336, 9, 7, 906, 1604591251, 1, 0, 0, 0, 2, 23, 0, 0, 1, 3, 0, 0, 0, '1920 x 1080', 'Chelsea Alsdorf', 'calsdorf@hveapc.com', '72.89.144.162', '7e196af7973cdbfa34deac320a04457d', '', '', '', 'Name-_-Chelsea Alsdorf-cus-Email-_-calsdorf@hveapc.com-cus-Please provide a brief description of how we can help:-_-Need copy of certification for employee-cus-', 'Can we get a copy of the OSHA certification done for employee names Richard Dillman?'),
('229250799uk', 1604612266, 0, 0, 0, 0, 0, 0, 1, 0, 4, 22, 0, 0, 1, 3, 0, 0, 0, '1920 x 1080', 'Carolina', 'cluna@trccompanies.com', '12.91.209.26', 'a3835551428e04ccb23135b30bab2272', '', 'http://www.csregs.com/', 'HAZWOPER OSHA EPA DOT Occupational Safety and Health Administration Environmental Protection Agency Department of Transportation Compliance Solutions ', 'Name-_-Carolina-cus-Email-_-cluna@trccompanies.com-cus-Please provide a brief description of how we can help:-_-I finished a module but the following one is not available to start-cus-', 'My next module is not available to launch'),
('229251178bm', 1604612645, 57, 3, 1480, 1604614182, 1, 0, 0, 0, 2, 23, 0, 0, 1, 1, 0, 0, 0, '2400 x 1350', 'Michael Keen', 'mkeen@cecinc.com', '12.235.212.66', '379cbb6bf3e35640baea4a9688acf0ce', '', 'livechatimagelink', 'Live Chat Direct Link', 'Name-_-Mike Keen-cus-Email-_-mkeen@cecinc.com-cus-Please provide a brief description of how we can help:-_-online access-cus-', 'How do I login for online class?'),
('2292587986v', 1604620264, 0, 0, 0, 0, 0, 0, 1, 0, 4, 22, 0, 0, 1, 3, 0, 0, 0, '1536 x 864', 'sean sewell', 'ssewell@holtservicesinc.com', '173.160.254.233', '6b93284e2150046531394e29f5eab66b', '', '', '', 'Name-_-Sean Sewell-cus-Email-_-Sean Sewell-cus-Please provide a brief description of how we can help:-_-hands on training-cus-', 'I am trying to enroll 2 employees into the hands on training on 18 December 2020'),
('229579858rc', 1604941325, 0, 0, 0, 0, 0, 0, 1, 0, 4, 22, 0, 0, 1, 3, 0, 0, 0, '1536 x 864', 'Diane Racelis', 'dracelis@erp-is.com', '49.146.209.57', '03816da83feba99fe74f4ea5782f5bbb', '', '', '', 'Name-_-Diane Racelis-cus-Email-_-dracelis@erp-is.com-cus-Please provide a brief description of how we can help:-_-IATA Training Inquiry-cus-', 'Is Compliance Solutions strict with the time that will be spent for IATA training and Cert Exam?\r\n'),
('229766791yv', 1605128256, 29, 9, 860, 1605129145, 1, 0, 0, 0, 2, 23, 0, 0, 1, 1, 0, 0, 0, '1366 x 768', 'Joe Burdick', 'joseph.burdick@aptim.com', '67.43.105.215', '031e7c4d803932df3461a759de7c0fa6', '', 'livechatimagelink', 'Live Chat Direct Link', 'Name-_-Joe Burdick-cus-Email-_-joseph.burdick@aptim.com-cus-Please provide a brief description of how we can help:-_-scheduling live portion of OSHA 40 Hyrbird Option-cus-', 'Good Afternoon. I will soon have a new hire in the Salt Lake City, UT area that requires OSHA 40 Hour HAZWOPER.  I am considering enrolling her in your Hybrid option, but need to know if you have classes in the area to accommodate the \"live\" 8 hour portion.  If so, do you have a list of available dates, and also, after taking the Hybrid option, how much time before she needs to take the 8-hour live component?'),
('229771258pg', 1605132724, 29, 11, 458, 1605133211, 1, 0, 0, 0, 2, 23, 0, 0, 1, 1, 0, 0, 0, '1366 x 768', 'Joe Burdick', 'joseph.burdick@aptim.com', '67.43.105.215', '031e7c4d803932df3461a759de7c0fa6', '', 'livechatimagelink', 'Live Chat Direct Link', 'Name-_-Joe Burdick-cus-Email-_-joseph.burdick@aptim.com-cus-Please provide a brief description of how we can help:-_-Discount Code for APTIM-cus-', 'I was chatting with Tiffany about an hour ago.  She provided me with the discount code for APTIM, but I didn\'t save it in time.  Can you please provide that to me.  Thanks in advance.'),
('229836830c6', 1605198297, 24, 6, 521, 1605198842, 1, 0, 0, 0, 2, 23, 0, 0, 5, 4, 0, 0, 0, '375 x 812', 'Colleen', 'Colleen.moss@stantec.com', '107.77.196.159', 'c4f41fb0168654175570d38bff51fcd9', '', '', '', 'Name-_-Colleen-cus-Email-_-Colleen.moss@stantec.com-cus-Please provide a brief description of how we can help:-_-8 hour live session texas-cus-', 'Hello, I completed the 32 hours online for hazwoper and need to register for the 8 hour live session. I am based out of Houston Texas and am looking for upcoming courses offered in either Houston, Dallas, or San Antonio. If there are any upcoming courses, how do I register? '),
('229933210sb', 1605294675, 21, 5, 1418, 1605296114, 1, 0, 0, 0, 2, 23, 0, 0, 1, 3, 0, 0, 0, '1418 x 798', 'Debbi', 'Deborah.j.dauth@nasa.gov', '156.68.162.168', 'ed191da2cf5c84b2fed56ef539b3a579', '', '', '', 'Name-_-Dauth-cus-Email-_-Deborah.j.dauth@nasa.gov-cus-Please provide a brief description of how we can help:-_-having problems logging in.-cus-', 'doesn\'t recognize either the password or email'),
('230199417j6', 1605560883, 17, 16, 604, 1605561487, 1, 0, 0, 0, 2, 23, 0, 0, 1, 1, 0, 0, 0, '1745 x 982', 'Denis', 'dgarcia1@dekalbcountyga.gov', '50.237.148.4', 'ca9d7bf928278ac68d79bacbf507e2e3', '', '', '', 'Name-_-Denis-cus-Email-_-dgarcia1@dekalbcountyga.gov-cus-Please provide a brief description of how we can help:-_-Extend class time-cus-', 'Hi, things have been very busy due to work. I am part of the front line work force in DeKalb County Government. So, I haven\'t been albe to finish the class. Is there a way the class can be extended?'),
('230271060vd', 1605632526, 0, 0, 0, 0, 0, 0, 1, 0, 4, 22, 0, 0, 1, 1, 0, 0, 0, '1920 x 1080', 'bryant ', 'dionk70@yahoo.com', '192.12.105.30', '9b5a5cfa6edb58b5470dc4e4e76550f8', '', 'livechatimagelink', 'Live Chat Direct Link', 'Name-_-Bryant Kornegay -cus-Email-_-dionk70@yahoo.com-cus-Please provide a brief description of how we can help:-_-my online course will not let me start the next module-cus-', 'my online course will not let me start the next module'),
('2302945558s', 1605656020, 0, 0, 0, 0, 0, 0, 1, 0, 4, 22, 0, 0, 1, 3, 0, 0, 0, '1920 x 1080', 'Frank Arnwine', 'farnwine@braunintertec.com', '67.130.248.130', 'c96828795934947d0c1213eec3250f67', '', '', '', 'Name-_-Frank Arnwine-cus-Email-_-Frank Arnwine-cus-Please provide a brief description of how we can help:-_-Hands-on portion of 40-hour training-cus-', 'I have a staff person that will be signing up for the 40-hour online course.  She was signed up for KC, but class was cancelled.  If she completes the 40-hour hydrid option, will she get the certificate or is it a qualified cert?\r\n'),
('2304399608d', 1605801427, 10, 10, 620, 1605802057, 1, 0, 0, 0, 2, 23, 0, 0, 1, 1, 0, 0, 0, '1920 x 1080', 'karl howell', 'kthowell@co.shasta.ca.us', '192.159.8.111', 'a61969fb66b3095eab080baf07640df5', '', 'livechatimagelink', 'Live Chat Direct Link', 'Name-_-karl howell-cus-Email-_-kthowell@co.shasta.ca.us-cus-Please provide a brief description of how we can help:-_-just purchased 8-Hour OSHA HAZWOPER clicked on get started no password-cus-', 'I just purchased the 8-Hour OSHA HAZWOPER refresh online course. got the email to start but it did not come with an password. '),
('230540112za', 1605901577, 28, 8, 708, 1605902313, 1, 0, 0, 0, 2, 23, 0, 0, 1, 3, 0, 0, 0, '1920 x 1080', 'Kathleen', 'kmccormac@geosyntec.com', '4.17.78.42', '6f1832ca27d1d2f5e9d6a8b83cd119d9', '', '', '', 'Name-_-McCormac-Miller-cus-Email-_-kmccormac@geosyntec.com-cus-Please provide a brief description of how we can help:-_-May have signed up for the wrong course-cus-', 'I meant to sign up for the hyprid course, but it looks like I signed up for the online and 8 hour in person. I am slightly confused.'),
('230549962mb', 1605911428, 0, 0, 0, 1605911428, 1, 0, 2, 0, 4, 22, 0, 0, 1, 3, 0, 0, 0, '1920 x 1080', 'Megan Duncan', 'megand@a-bconstruction.net', '107.1.1.6', 'be58c67c11c56c4e4d9e6b57d81763c6', '', '', '', 'Name-_-Megan Duncan-cus-Email-_-megand@a-bconstruction.net-cus-Please provide a brief description of how we can help:-_-HAZWOPER Training-cus-', 'Following up on the price quote I requested on Wednesday. I sent it for 40-hour and refresher courses, but have not heard from anyone.'),
('2307918586q', 1606153324, 29, 12, 222, 1606153575, 1, 0, 0, 0, 2, 23, 0, 0, 1, 3, 0, 0, 0, '1680 x 1050', 'Krista Jackson', 'krista.jackson@kuraray.com', '209.166.156.34', '065bbe5ce0e5faebf170ebd99981aef1', '', '', '', 'Name-_-Krista Jackson-cus-Email-_-Krista Jackson-cus-Please provide a brief description of how we can help:-_-Copy of receipt-cus-', 'I need to obtain a copy of a receipt that I paid for an employees online class on 11/13/2020 for a Douglas Nevill. '),
('230796737pv', 1606158203, 29, 10, 286, 1606158518, 1, 0, 0, 0, 2, 23, 0, 0, 2, 4, 0, 0, 0, '2560 x 1440', 'Garrett Beels', 'gbeels@aemgroup.biz', '96.85.125.21', '7ce4778cfb742a1240792ed5b1ac391c', '', '', '', 'Name-_-Garrett Beels-cus-Email-_-gbeels@aemgroup.biz-cus-Please provide a brief description of how we can help:-_-40 Hazwoper Final-cus-', 'I still need to do the 8 hour final with the dining and doffing of gear are there any times soon for me to attend to complete my training?');
INSERT INTO `p_req_log` (`ces`, `created`, `accepted`, `accepted_op`, `duration`, `ended`, `status`, `archive`, `status_msg`, `initiated`, `deptID`, `opID`, `op2op`, `marketID`, `os`, `browser`, `transferred`, `tag`, `disc`, `resolution`, `vname`, `vemail`, `ip`, `md5_vis`, `sim_ops`, `onpage`, `title`, `custom`, `question`) VALUES
('230888853jw', 1606250319, 27, 9, 1806, 1606252125, 1, 0, 0, 0, 2, 23, 0, 0, 1, 2, 0, 0, 0, '1920 x 1080', 'Elliot Burggraf', 'elliot.burggraf@ii-vi.com', '108.60.96.44', '4482a2d15e0270ed59bd072a472ffbf9', '', '', '', 'Name-_-Han Kim-cus-Email-_-Han.kim@finisar.com-cus-Please provide a brief description of how we can help:-_-HazWoper Certificate-cus-', 'Han Kim attended a HazWoper course earlier this year and we are waiting for the certificate he would typically receive for completing the training. How could we go about requesting the certificate. Nirap Sainju was the initial Finisar employee who requested the training.'),
('2308904038s', 1606251869, 14, 11, 706, 1606252589, 1, 0, 0, 0, 2, 23, 0, 0, 1, 3, 0, 0, 0, '1920 x 1080', 'Ashley', 'ashley.koehler@gwplc.com', '12.9.73.68', 'f22b1cef31ad2cbb30ea5b91a64991ce', '', '', '', 'Name-_-Ashley Koehler-cus-Email-_-ashley.koehler@gwplc.com-cus-Please provide a brief description of how we can help:-_-Registration Confirmation-cus-', 'I just placed an order but only the payer received a confirmation and not me (the person taking the training)'),
('231397449g8', 1606758916, 15, 13, 1902, 1606760833, 1, 0, 0, 0, 2, 23, 0, 0, 1, 3, 0, 0, 0, '1536 x 864', 'Emmy', 'emmy_tsang@wreco.com', '96.95.214.89', '84fcd9b389bda1f23f52d3de37d081c0', '', '', '', 'Name-_-emmy-cus-Email-_-emmy_Tsang@wreco.com-cus-Please provide a brief description of how we can help:-_-I am having trouble logging into the account-cus-', 'I am having trouble logging into the account'),
('231397705pu', 1606759171, 45, 11, 2342, 1606761558, 1, 0, 0, 0, 2, 23, 0, 0, 1, 3, 0, 0, 0, '1360 x 768', 'Julio Lopez', 'jlopez@aerotek.com', '216.152.106.25', '6f72504586c9d40c2aaa554571c5513c', '', '', '', 'Name-_-Julio Lopez-cus-Email-_-Julio Lopez-cus-Please provide a brief description of how we can help:-_-Setting up someone for training-cus-', 'Hello, This is our first time partnering with an outside companies in training and I wanted to see how we would set them up after ordering the particular training. '),
('231404615ta', 1606766081, 23, 6, 314, 1606766418, 1, 0, 0, 0, 2, 23, 0, 0, 1, 3, 0, 0, 0, '1920 x 1080', 'Tammy Lutz-Rechtin', 'tlutzrec@uark.edu', '76.220.100.31', '98a91b828318dd2902bee7e846720693', '', '', '', 'Name-_-Tammy Lutz-Rechtin-cus-Email-_-tlutzrec@uark.edu-cus-Please provide a brief description of how we can help:-_-I can no longer access my account with my library passwith my -cus-', 'need access to my account'),
('231409935s3', 1606771401, 28, 9, 901, 1606772302, 1, 0, 0, 0, 2, 23, 0, 0, 5, 4, 0, 0, 0, '414 x 896', 'Steven', 'valenzuelasteven68@gmail.com', '96.85.142.246', '1ea8357410c7ffb57904e7082346b8c0', '', '', '', 'Name-_-Valenzuela -cus-Email-_-valenzuelasteven68@gmail.com-cus-Please provide a brief description of how we can help:-_-I didnâ€™t know about not going into the second try -cus-', 'I got a email says before I try do it again I need to talked to you guys '),
('2315638109q', 1606925276, 23, 22, 717, 1606925993, 1, 0, 0, 0, 4, 22, 0, 0, 1, 3, 0, 0, 0, '1680 x 1050', 'Brenda Herrington', 'brenda.herrington@romerlabs.com', '71.86.24.54', 'b5508a6a33d39cbbe02a9177d49d2700', '', 'http://www.csregs.com/', 'HAZWOPER OSHA EPA DOT Occupational', 'Name-_-Brenda Herrington-cus-Email-_-Brenda Herrington-cus-Please provide a brief description of how we can help:-_-Brenda Herrington-cus-', 'I have finished the IATA course but cannot find the final exam\r\n'),
('231563852ra', 1606925318, 0, 0, 0, 0, 0, 0, 2, 0, 4, 22, 0, 0, 1, 3, 0, 0, 0, '1920 x 1080', 'Rhett', 'rmoore@intera.com', '104.55.142.225', '57e79e603e914cbb791e5559188863fe', '', 'livechatimagelink', 'Live Chat Direct Link', 'Name-_-Moore-cus-Email-_-rmoore@intera.com-cus-Please provide a brief description of how we can help:-_-Online technical support-cus-', 'I\'m taking the 8-hr HAZWOPER. I\'ve completed lesson 1. It says completed below and to the right of the lesson outline. The activity report says I\'ve spent 57 minutes on it (55 are required). Yet the activity report says the lesson is \"in progress\" and I don\'t have access to lesson 2. what gives? '),
('231580333ym', 1606941799, 38, 19, 410, 1606942247, 1, 0, 0, 0, 2, 23, 0, 0, 1, 3, 0, 0, 0, '1680 x 1050', 'Liz', 'liz.mauro@pitkincounty.com', '65.38.144.66', 'f5406291033ee45242e3a0ad7928905a', '', '', '', 'Name-_-Liz Mauro-cus-Email-_-Liz Mauro-cus-Please provide a brief description of how we can help:-_-Liz Mauro-cus-', 'Hi, I need to get e receipt for the hazwoper refresher I took in November.  My log-in info does not work anymore, can you help me get a receipt please?'),
('2316652242e', 1607026690, 16, 15, 103, 1607026809, 1, 0, 0, 0, 2, 23, 0, 0, 1, 3, 0, 0, 0, '1280 x 720', 'Gabriel Relich', 'gabriel.relich@aecom.com', '108.251.0.254', '674ab1c93146434213daac5cf839672f', '', '', '', 'Name-_-Gabriel Relich-cus-Email-_-gabriel.relich@aecom.com-cus-Please provide a brief description of how we can help:-_-New Restrictions / availability-cus-', 'With the new restrictions coming into effect, are the Friday classroom portions expended to continue in December / January?  (I\'m aware nothing is 100% certain woth Covid)'),
('231665256p7', 1607026721, 0, 0, 0, 0, 0, 0, 2, 0, 4, 22, 0, 0, 1, 3, 0, 0, 0, '1920 x 1080', 'Thomas', 'tvento@rgaincorporated.com', '50.225.59.154', 'a57b5f03eba8144f56aaaf92dd8452d3', '', 'livechatimagelink', 'Live Chat Direct Link', 'Name-_-Vento-cus-Email-_-tvento@rgaincorporated.com-cus-Please provide a brief description of how we can help:-_-Trouble accessing modules -cus-', 'Hello, I have started my 8 hour refresher course online. It tells me I have to spend 55 minutes on a module before I can continue to the next module? Is there somewhere where this number of time spend on a module is displayed? Thanks. '),
('231665591s3', 1607027057, 0, 0, 0, 0, 0, 0, 2, 0, 4, 22, 0, 0, 1, 3, 0, 0, 0, '1920 x 1080', 'Rhea Ann Phillips', 'rheaann.phillips@arkema.com', '199.36.132.54', '81ed6f0dfb61344666d5418e319b936a', '', '', '', 'Name-_-Rhea Ann Phillips-cus-Email-_-rheaann.phillips@arkema.com-cus-Please provide a brief description of how we can help:-_-Do you provide any other solution by integrating with a companys LMS?-cus-', 'We use SuccessFactors, and want to know if your company offers any integration with that.  We prefer to host the training module ourselves.  We have 140 students - if thisis available, what is the cost?'),
('2316742169x', 1607035682, 17, 14, 120, 1607035802, 1, 0, 0, 0, 4, 22, 0, 0, 1, 2, 0, 0, 0, '1920 x 1080', 'Ernesto ', 'ernesto.prendez@stocktonca.gov', '66.124.44.254', '2ee907f39635be0941eadd653766280e', '', '', '', 'Name-_-Prendez-cus-Email-_-ernesto.prendez@stocktonca.gov-cus-Please provide a brief description of how we can help:-_-Quote for On-site Training -cus-', 'Please provide me with a email address to send you the training information.  And you can return me a quote.'),
('23175236445', 1607113830, 24, 20, 918, 1607114772, 1, 0, 0, 0, 4, 22, 0, 0, 1, 1, 0, 0, 0, '2560 x 1440', 'Thomas Riggin', 'tom.riggin@pfanstiehl.com', '50.204.70.202', '0ebb1ca30e5b5764ee1ba7b3dbd76f4c', '', '', '', 'Name-_-Thomas-cus-Email-_-tom.riggin@pfanstiehl.com-cus-Please provide a brief description of how we can help:-_-Purchased class does not show on Compliance Solutions Learning Portal -cus-', 'Where is the class we purchased?'),
('231999125sm', 1607360596, 50, 8, 722, 1607361318, 1, 0, 0, 0, 4, 22, 0, 0, 1, 1, 0, 0, 0, '1280 x 720', 'Allyson', 'allyson.osborn@arcadis.com', '174.222.8.63', '96f3ca60cdbdcbc28beafcdc25a5dba4', '', 'livechatimagelink', 'Live Chat Direct Link', 'Name-_-Allyson-cus-Email-_-allyson.osborn@arcadis.com-cus-Please provide a brief description of how we can help:-_-In Person Question-cus-', 'Hi, \r\nWith the recent Stay at Home Orders in California, I wanted to make sure that the 8 hour in person course is still available and dates in the future will still be held?'),
('232187575xc', 1607549041, 10, 8, 412, 1607549463, 1, 0, 0, 0, 2, 23, 0, 0, 1, 3, 0, 0, 0, '1536 x 864', 'Kristina Caldwell', 'kristina.caldwell@wsp.com', '152.44.16.66', 'affbf83f33bc2a4b7e9433b360e16e76', '', '', '', 'Name-_-Kristina Caldwell-cus-Email-_-Kristina Caldwell-cus-Please provide a brief description of how we can help:-_-Access of class-cus-', 'Class is good until 12/10 - does that mean I have until midnight tomorrow to finish?'),
('232265223c2', 1607626689, 23, 6, 1250, 1607627962, 1, 0, 0, 0, 2, 23, 0, 0, 1, 3, 0, 0, 0, '1920 x 1080', 'Rohan Shah', 'rshah@jsr-nahq.com', '63.145.233.189', 'fe9efffa61b04c7a30e68bc0d3db258e', '', '', '', 'Name-_-Rohan Shah-cus-Email-_-Rohan Shah-cus-Please provide a brief description of how we can help:-_-Certification Status -cus-', 'Hi, I completed the 40 hour Hazwoper training with Compliance Solutions through my last employer, Clean Harbors around OCT-NOV of last year. As of 1 month ago, I have moved to another position at a new company, JSR Micro.\r\n\r\nI was looking to find the exact date of my certification as well as a new copy to show to my new employer, and to ensure that I can take an 8 hour refresher instead of retaking the entire 40 hour.\r\n\r\nThanks,\r\n\r\nRohan'),
('232343423au', 1607704889, 0, 0, 0, 0, 0, 0, 1, 0, 4, 22, 0, 0, 1, 3, 0, 0, 0, '1680 x 1050', 'Geno ', 'ecervan5@wm.com', '156.101.9.4', 'eb0a7a1f9fccb16552eea1ee3799fcc8', '', '', '', 'Name-_-Cervantes-cus-Email-_-ecervan5@wm.com-cus-Please provide a brief description of how we can help:-_-Extend course-cus-', 'I was reminded that I had to complete my DOT course and when I logged in I see it\'s no longer there. Can you please re open the course?'),
('2323671762h', 1607728642, 27, 24, 1006, 1607729675, 1, 0, 0, 0, 4, 22, 0, 0, 1, 3, 0, 0, 0, '1920 x 1080', 'Nishal', 'nuka@blaesenvironmental.com', '99.47.240.185', 'fcce91253695e9e1d82e4ec737e8096b', '', '', '', 'Name-_-Nishal Uka-cus-Email-_-Nishal Uk-cus-Please provide a brief description of how we can help:-_-Certify for 24 hr HAZWOPER-cus-', 'I have completed 32 hours of online course for my 40 hour. I cannot complete the last 8 hours of in person due to pandemic situation. In the meantime can you issue me a 24 hour certification till I can do the in person training?'),
('232597991mw', 1607959457, 15, 13, 336, 1607959808, 1, 0, 0, 0, 2, 23, 0, 0, 1, 1, 0, 0, 2, '1280 x 1024', 'William Bailor', 'william.bailor@aptim.com', '174.45.105.185', '19b5b72c99ba61905579345f1a788d74', '', 'livechatimagelink', 'Live Chat Direct Link', 'Name-_-William Bailor-cus-Email-_-william.bailor@aptim.com-cus-Please provide a brief description of how we can help:-_- course not showing up-cus-', 'I ordered online 8HR Hazwoper refresher, order number 10668.  when I log onto my account, the class is not listed and I cannot start the class.'),
('2326116427k', 1607973107, 0, 0, 0, 0, 0, 0, 2, 0, 2, 23, 0, 0, 1, 3, 0, 0, 0, '1366 x 768', 'Julia', 'Julia.Galayda@dep.nj.gov', '73.29.11.17', '18637f69e11dc2d565271b4788e42504', '', '', '', 'Name-_-Julia Galayda-cus-Email-_-Julia.Galayda@dep.nj.gov-cus-Please provide a brief description of how we can help:-_-dress code for class-cus-', 'What is the dress code for in-class 40 hour? I\'m not sure if I should wear something more business casual or something that I can maneuver in since we will be dressing in the hazmat gear.'),
('232620315mk', 1607981780, 25, 20, 549, 1607982329, 1, 0, 0, 0, 4, 22, 0, 0, 2, 4, 0, 0, 0, '1024 x 1366', 'Robert keller hopkins ', 'keller@hopkins-inc.com', '98.233.155.102', 'd4ce85e51d4c235930db9ef786704db8', '', '', '', 'Name-_-Robert keller hopkins -cus-Email-_-keller@hopkins-inc.com-cus-Please provide a brief description of how we can help:-_-Course difference -cus-', 'I am looking for the annual hazwoperrenewal course , is it the same as what is listed as 8 hr hazwoper course?'),
('232690492c4', 1608051958, 28, 23, 899, 1608052857, 1, 0, 0, 0, 4, 22, 0, 0, 2, 4, 0, 0, 0, '1440 x 900', 'Huda ', 'hudaaslam@hotmail.com', '94.204.155.90', 'd776c44e3355cd6feb72eff8a54599f6', '', '', '', 'Name-_-Huda -cus-Email-_-hudaaslam@hotmail.com-cus-Please provide a brief description of how we can help:-_-Location of on-site 40-Hour HAZWOPER training -cus-', 'Hey, I live in Durham and I am interested in 40-Hour HAZWOPER training. I wanted to know what is the location for the 8-hour site training in North Carolina ? Also, do you have any discounts for students ?'),
('232700740at', 1608062206, 0, 0, 0, 0, 0, 0, 2, 0, 4, 22, 0, 0, 1, 1, 0, 0, 0, '1920 x 1080', 'Alberto Maldonado', 'maldonado.alberto@cleanharbors.com', '155.203.3.60', '334f141ae0741c5b655e633c1fcbc581', '', 'http://www.csregs.com/', 'HAZWOPER OSHA EPA DOT Occupational Safety and Health Administration Environmental Protection Agency Department of Transportation Compliance Solutions ', 'Name-_-Alberto Maldonado-cus-Email-_-maldonado.alberto@cleanharbors.com-cus-Please provide a brief description of how we can help:-_-HAZWOPER 24 HR. Training froze -cus-', 'Training program froze at the end of training module, exited widows, signed back in.\r\nThe Program didn\'t recognize completion and have to restart module.\r\nI\'m at sampling and Packaging part1  '),
('232772191dg', 1608133656, 29, 25, 264, 1608133920, 1, 0, 0, 0, 4, 22, 0, 0, 1, 3, 0, 0, 0, '1920 x 1080', 'Angelo Algeri', 'aalgeri@langan.com', '173.49.88.233', 'c3bce476445389ebee4ce1e61bf45c7e', '', 'http://www.csregs.com/', 'HAZWOPER OSHA EPA DOT Occupational Safety and Health Administration Environmental Protection Agency Department of Transportation Compliance Solutions ', 'Name-_-Angelo Algeri-cus-Email-_-aalgeri@langan.com-cus-Please provide a brief description of how we can help:-_-page 28 of atmospheric hazards does not show the chart.-cus-', 'page 28 of atmospheric hazards does not show the chart.'),
('233212899nx', 1608574364, 0, 0, 0, 0, 0, 0, 1, 0, 4, 22, 0, 0, 1, 3, 0, 0, 0, '1920 x 1080', 'Paul Bauer', 'paul.bauer@aptim.com', '71.60.94.219', '671ce03220740cace9a63057ccad3ebd', '', '', '', 'Name-_-Paul Bauer-cus-Email-_-paul.bauer@aptim.com-cus-Please provide a brief description of how we can help:-_-8hr OSHA Refresher-cus-', 'Logged in to start my 8hr refresher and I have no items in my training plan.  Order No. 10265 (11/10/2020) is not showing up when I login.  Can you please check to see why the training is not showing up.  Thanks, Paul'),
('233396691xd', 1608758155, 11, 7, 590, 1608758756, 1, 0, 0, 0, 2, 23, 0, 0, 1, 3, 0, 0, 2, '1600 x 1200', 'Tricia Romano', 'tlr@lockatong.com', '50.198.236.157', 'c9da2bda23158bae481aa63bdcd2ed05', '', '', '', 'Name-_-Tricia Romano-cus-Email-_-tlr@lockatong.com-cus-Please provide a brief description of how we can help:-_-never received certificate-cus-', 'never received certificate from 8 hr hazwopper'),
('233987239y9', 1609348704, 0, 0, 0, 0, 0, 0, 2, 0, 4, 22, 0, 0, 1, 3, 0, 0, 0, '1423 x 800', 'Joann Talamantez', 'office@alamowaterproofing.com', '68.201.249.221', '3e7b04e0ad85f6527903db790bb4cb59', '', '', '', 'Name-_-Brandon Wilson-cus-Email-_-Brandon Wilson-cus-Please provide a brief description of how we can help:-_-Spanish online fall protection course-cus-', 'Does the Spanish online fall protection plan meet the OSHA 1926 subpart M training?'),
('234500978n4', 1609862443, 0, 0, 0, 0, 0, 0, 1, 0, 4, 22, 0, 0, 1, 1, 0, 0, 0, '2133 x 1200', 'Neha Damle', 'ndamle@golder.com', '75.146.164.97', '35ae38015b1686c5b69b99bef17d3d18', '', 'livechatimagelink', 'Live Chat Direct Link', 'Name-_-Neha Damle-cus-Email-_-ndamle@golde.com-cus-Please provide a brief description of how we can help:-_-Course module progress-cus-', 'The course module tells me that even though I have completed the material and passes the quiz, I need to complete all 55 minutes to move on to the next module. I completed it again, just to be sure and I think 55 minutes have elapsed now...it still shoes not open up the second module! Neither does it show time that has elapsed or remaining in 55 minutes.'),
('2345134397z', 1609874904, 15, 13, 962, 1609875866, 1, 0, 0, 0, 2, 23, 0, 0, 1, 3, 0, 0, 1, '1920 x 1080', 'John', 'jporourkeart@gmail.com', '67.164.92.42', '348f182423cfccf32a9ffd1861cd1daa', '', '', '', 'Name-_-John Patrick O\'Rourke-cus-Email-_-John Patrick O\'Rourke-cus-Please provide a brief description of how we can help:-_-John Patrick O\'Rourke-cus-', 'I am unable to log into my account. I am trying to view a copy of my certificate for employer'),
('234600842z9', 1609962307, 20, 14, 1985, 1609964312, 1, 0, 0, 0, 4, 22, 0, 0, 1, 1, 0, 0, 2, '1600 x 900', 'Bill Plamondon', 'bill@asapfire.com', '50.78.4.62', 'ce586a89766d34cc21d3350ac9423bf5', '', 'livechatimagelink', 'Live Chat Direct Link', 'Name-_-Bill Plamondon-cus-Email-_-bill@asapfire.com-cus-Please provide a brief description of how we can help:-_-HAZMAT TRAINING-cus-', 'I am looking to get a quote on Hazmat Awareness training.  You folks provided this to us in 2018 and it is time for some folks to recertify and others to be trained.'),
('234605660wh', 1609967125, 0, 0, 0, 0, 0, 0, 2, 0, 2, 23, 0, 0, 1, 3, 0, 0, 0, '1920 x 1080', 'Matthew', 'matt@aeiengineers.com', '96.81.51.177', 'da0114a08ad556daf27035b6a1689f5d', '', 'livechatimagelink', 'Live Chat Direct Link', 'Name-_-Matthew G Strader-cus-Email-_-Matthew G Strader-cus-Please provide a brief description of how we can help:-_-I need copies of the receipts from 2 purchases yesterday -cus-', 'My account does not have the receipts and I need them. I purchased a qualitative fit test and a medical clearance. '),
('234691322g7', 1610052787, 10, 8, 825, 1610053622, 1, 0, 0, 0, 2, 23, 0, 0, 1, 1, 0, 0, 2, '1920 x 1080', 'Patrick Moore', 'pmoore@slrconsulting.com', '73.53.116.164', '995597dfc3ee0d6ee2781b3f23bf672a', '', '', '', 'Name-_-Patrick Moore-cus-Email-_-pmoore@slrconsulting.com-cus-Please provide a brief description of how we can help:-_-Looking for the 40-hour Hazwoper training cert for one of my employees-cus-', 'Looking for the 40-hour hazwoper cert for one of my employees.  Her name is Madison Wernke.  Completed the online version back on 10/27/2020.'),
('234693427v7', 1610054892, 13, 10, 615, 1610055520, 1, 0, 0, 0, 2, 23, 0, 0, 1, 1, 0, 0, 2, '1920 x 1080', 'Patrick Moore', 'pmoorei@slrconsulting.com', '73.53.116.164', '995597dfc3ee0d6ee2781b3f23bf672a', '', '', '', 'Name-_-Patrick Moore-cus-Email-_-Patrick Moore-cus-Please provide a brief description of how we can help:-_-Patrick Moore-cus-', 'Copy of training cert.'),
('234767281tr', 1610128746, 0, 0, 0, 0, 0, 0, 2, 0, 4, 22, 0, 0, 1, 2, 0, 0, 0, '2560 x 1080', 'kipper Montgomery', 'kipper.montgomery@arcadis.com', '68.224.216.190', '037e77440d2447d71acdda2ac041bbe9', '', '', '', 'Name-_-kipper montgomery-cus-Email-_-kipper.montgomery@arcadis.com-cus-Please provide a brief description of how we can help:-_-certificate production-cus-', 'Completed a course yesterday and was looking to print out my completion certificate?\r\nalso, is there a recert (time wise) for the OSHA Site Supervisor trainer?'),
('2350233166w', 1610384781, 0, 0, 0, 0, 0, 0, 2, 0, 4, 22, 0, 0, 1, 3, 0, 0, 0, '1920 x 1080', 'Gabriel', 'gabriel.relich@aecom.com', '208.127.83.200', 'bc4b50dff560886c81bccbb73f275096', '', '', '', 'Name-_-Gabriel-cus-Email-_-gabriel.relich@aecom.com-cus-Please provide a brief description of how we can help:-_-HazWop 40 Oakland Confirmed?-cus-', 'Has the Oakland class (Final 8 Hours HazWop 40) for the 15th been confirmed?'),
('23503871463', 1610400180, 16, 14, 2402, 1610402598, 1, 0, 0, 0, 2, 23, 0, 0, 1, 3, 0, 0, 1, '1536 x 864', 'Sarah Walker', 'qdc@certol.com', '23.31.95.97', 'c9fdb84bccd551e5996957b8d1964d44', '', '', '', 'Name-_-Sarah Walker-cus-Email-_-qdc@certol.com-cus-Please provide a brief description of how we can help:-_-Virtually led Course-cus-', 'Hello,\r\n\r\nI signed up two employees for a virtually led DOT hazmat course on January 26th. Can you provide me with some more information on the structure of the day, and if they have to create profiles before the day they will take the course? More specifically due to coronovirus constraints one employee needs to vacate the building a 6PM eastern which is a half hour earlier than the listed course end. Will that be able to be worked around?\r\n\r\nThank you'),
('235107498jv', 1610468964, 31, 9, 734, 1610469729, 1, 0, 0, 0, 2, 23, 0, 0, 1, 3, 0, 0, 2, '1344 x 840', 'Ryan Price', 'ryan.price@denverwater.org', '73.34.114.167', '92978cd6d68db5f69742223cee5b030f', '', '', '', 'Name-_-Ryan Price-cus-Email-_-ryan.price@denverwater.org-cus-Please provide a brief description of how we can help:-_-Locating an invoice-cus-', 'Hello...I have charge for $565 I\'d like to get the invoice for. Charge was on 12/21 I believe. On the card of Arleen Hernandez. She retired. Thanks\r\n'),
('235108682yj', 1610470149, 19, 14, 206, 1610470374, 1, 0, 0, 0, 4, 22, 0, 0, 1, 1, 0, 0, 2, '1920 x 1080', 'Francisco Pacheco', 'pacheco.francisco@cleanharbors.com', '155.203.3.158', '3fa4fb39094799222c56a5920fe6aebc', '', 'livechatimagelink', 'Live Chat Direct Link', 'Name-_-Francisco Pacheco-cus-Email-_-pacheco.francisco@cleanharbors.com-cus-Please provide a brief description of how we can help:-_-OSHA 24 hour course 2 will not load-cus-', 'course 2 will not load'),
('235110117hu', 1610471582, 0, 0, 0, 0, 0, 0, 2, 0, 4, 22, 0, 0, 5, 4, 0, 0, 0, '414 x 896', 'Kyle Turner', 'kturner@choate.edu', '174.192.2.161', 'ff5f41edea4da77d504a65fbc661d183', '', '', '', 'Name-_-Kyle Turner-cus-Email-_-kturner@choate.edu-cus-Please provide a brief description of how we can help:-_-Class Registration-cus-', 'I would like to know if I can register for a class in my area'),
('235115094r2', 1610476559, 24, 19, 259, 1610476842, 1, 0, 0, 0, 4, 22, 0, 0, 1, 1, 0, 0, 2, '1920 x 1080', 'Francisco Pacheco', 'pacheco.francisco@cleanharbors.com', '155.203.3.158', '3fa4fb39094799222c56a5920fe6aebc', '', 'http://www.csregs.com/', 'HAZWOPER OSHA EPA DOT Occupational Safety and Health Administration Environmental Protection Agency Department of Transportation Compliance Solutions ', 'Name-_-Francisco Pacheco-cus-Email-_-pacheco.francisco@cleanharbors.com-cus-Please provide a brief description of how we can help:-_-Unable to access next lesson even though previous course is completed-cus-', 'Unable to access next lesson even though previous course is completed'),
('235115753rw', 1610477218, 0, 0, 0, 0, 0, 0, 1, 0, 4, 22, 0, 0, 1, 3, 0, 0, 0, '1920 x 1080', 'Leah', 'jaxoffice@rutland.com', '97.64.229.34', '04232488bb05497fcb32d198297b7401', '', '', '', 'Name-_-Faith Nergenah-cus-Email-_-Faith Nergenah-cus-Please provide a brief description of how we can help:-_-online courses-cus-', 'Looking for a course for a manager to take so they can train employees in their department on HAZCOMM'),
('235126259gu', 1610487725, 33, 28, 1231, 1610488956, 1, 0, 0, 0, 4, 22, 0, 0, 1, 3, 0, 0, 0, '1920 x 1080', 'Vanessa Montijo', 'vanessa.montijo@quantabiodesign.com', '74.219.187.126', 'a583a44d565eabfd360ff5c3c6601988', '', '', '', 'Name-_-Vanessa Montijo-cus-Email-_-vanessa.montijo@quantabiodesign.com-cus-Please provide a brief description of how we can help:-_-Onsite training-cus-', 'Hello,\r\n\r\nI want to set up training for an employee for the 24 hour Hazwoper Occasional Site Worker.  Will they be at the location all 3 days?'),
('23520837975', 1610569844, 0, 0, 0, 0, 0, 0, 2, 0, 4, 22, 0, 0, 1, 3, 0, 0, 0, '1536 x 864', 'Sarah Crawford', 'scrawford@mskeng.com', '73.89.49.130', '00cc856e033366a11f6c60bb7c62e125', '', '', '', 'Name-_-Sarah Crawford-cus-Email-_-scrawford@mskeng.com-cus-Please provide a brief description of how we can help:-_-Sarah Crawford-cus-', 'Good afternoon.  I have a specific question regarding the 8 hr of onsite PPE training needed to complete the Hazwoper training.  It states there are 58 Cities in the US that offer this and I wanted to see if there are any facilities close to Vermont. '),
('2352780686j', 1610639533, 13, 9, 1219, 1610640752, 1, 0, 0, 0, 2, 23, 0, 0, 5, 3, 0, 0, 0, '412 x 869', 'Daniel Bess', 'dbess1206@gmail.com', '107.135.225.141', '438dcc24b579f6410c0ef3746451d65c', '', '', '', 'Name-_-Daniel Bess-cus-Email-_-dbess1206@gmail.com-cus-Please provide a brief description of how we can help:-_-Military discount-cus-', 'I was wondering if y\'all offer a military, veterans, or disabled veteran discount?'),
('235288684aa', 1610650149, 26, 9, 1773, 1610651948, 1, 0, 0, 0, 2, 23, 0, 0, 1, 3, 0, 0, 2, '1920 x 1080', 'Amber Bataille', 'amber.bataille@delaware.gov', '174.198.231.57', '2998075e54de9bd1d41707d95c59513d', '', '', '', 'Name-_-Amber Bataille-cus-Email-_-Amber.bataille@delaware.gov-cus-Please provide a brief description of how we can help:-_-40 hour course-cus-', 'What is the difference between the 40 hour online course and the 40 hour hybrid course?  Also I am located in Delaware where would the in person training be taught?'),
('235385129na', 1610746595, 12, 9, 381, 1610746988, 1, 0, 0, 0, 2, 23, 0, 0, 1, 2, 0, 0, 1, '1920 x 1200', 'Robbie Deister', 'rdd@shanwil.com', '209.210.132.242', '3fdf27a85f4f1b673ed7360f8f35dd6e', '', '', '', 'Name-_-Robbie Deister-cus-Email-_-rdd@shanwil.com-cus-Please provide a brief description of how we can help:-_-Cert shipment-cus-', 'Have not received certification of 8-hour HAZWOPER refresh course completed in December.  Want to confirm shipping address or confirm lost in transport.'),
('235637894dj', 1610999360, 0, 0, 0, 0, 0, 0, 2, 0, 4, 22, 0, 0, 1, 2, 0, 0, 0, '1680 x 1050', 'Charles', 'cchristopher@aesgeo.com', '97.126.114.75', 'd6c15954014632f2b2e7cd1f4dcaecbc', '', 'livechatimagelink', 'Live Chat Direct Link', 'Name-_-Charles-cus-Email-_-cchristopher@aesgeo.com-cus-Please provide a brief description of how we can help:-_-Cant proceed-cus-', 'Hello, I cannot continue to the next section of my hazwopper refresher.'),
('235726132wy', 1611087598, 0, 0, 0, 0, 0, 0, 2, 0, 4, 22, 0, 0, 1, 1, 0, 0, 0, '1280 x 1024', 'jordan', 'jordan.haka@saftey.kleen.com', '155.203.3.204', '82e7208eda6d7cd892f5733ab5e9282b', '', 'livechatimagelink', 'Live Chat Direct Link', 'Name-_-haka-cus-Email-_-jordanhaka@gmail.com-cus-Please provide a brief description of how we can help:-_-it will not let me start the course after introduction-cus-', 'i did the course over view but will not let me start the actual actual courses\r\n'),
('235794282z3', 1611155747, 9, 5, 234, 1611155990, 1, 0, 0, 0, 2, 23, 0, 0, 1, 3, 0, 0, 2, '1680 x 1050', 'Katherine', 'katie.healy@gmail.com', '71.201.215.69', '6df385ff1683166db0a99075f44bb7db', '', '', '', 'Name-_-Katherine D Healy-cus-Email-_-Katherine D Healy-cus-Please provide a brief description of how we can help:-_-Katherine D Healy-cus-', 'I completed an 8-hr refresher/dress-out HAZWOPER course on Friday, 1/15, in the Chicago area. I was given a code to access an exam that was to follow the course. I have the code but it\'s unclear how I access the exam. '),
('235813833th', 1611175298, 28, 7, 2052, 1611177378, 1, 0, 0, 0, 2, 23, 0, 0, 1, 1, 0, 0, 1, '1280 x 800', 'Tanny Davidson', 'tanny@stagenterprise.com', '173.186.110.49', '011f683f75a001b0314723cc4920d04c', '', '', '', 'Name-_-Tanny Davidson-cus-Email-_-Tanny Davidson-cus-Please provide a brief description of how we can help:-_-Tanny Davidson-cus-', 'Hello,\r\n\r\nI purchased two seats for online HAZMAT training and 2 seats for online IATA training. I invited the 2 participants. When I log in, I don;t see the participants or the seats. Can you help? Our company is Stag Enterprise, Inc. Thank you!'),
('235817802zp', 1611179267, 47, 10, 241, 1611179555, 1, 0, 0, 0, 2, 23, 0, 0, 1, 3, 0, 0, 2, '1280 x 720', 'Brooke Salisbury', 'brooke.salisbury@tceq.texas.gov', '163.234.245.168', '4c00de64f908b7fb9fc4b710f371b29b', '', '', '', 'Name-_-Brooke Salisbury-cus-Email-_-brooke.salisbury@tceq.texas.gov-cus-Please provide a brief description of how we can help:-_-Copy of my completion of hazwopper (online portion)-cus-', 'Can I be emailed a copy of my Hazwoper certificate I received after completing the online portion of the course?'),
('235893459q6', 1611254925, 27, 8, 668, 1611255620, 1, 0, 0, 0, 2, 23, 0, 0, 1, 1, 0, 0, 2, '1600 x 900', 'Ryan', 'ryan.evans@riotinto.com', '57.76.160.33', '9ac328c7aa55821115482580132f0220', '', '', '', 'Name-_-Evans-cus-Email-_-ryan.evans@riotinto.com-cus-Please provide a brief description of how we can help:-_-Cannot login to my account at csregs.com any longer?-cus-', 'Hello,\r\nI used to login with a username and password.\r\nThe website now asks me to use an email, and does not let me login nor to enter it to change my password.\r\nPlease advise how I can login to view my account and signup for your courses? thank you\r\nryan.evans@riotinto.com '),
('235905447qk', 1611266913, 20, 17, 174, 1611267087, 1, 0, 0, 0, 4, 22, 0, 0, 1, 1, 0, 0, 0, '1670 x 939', 'Bryan Barrett', 'bryan.barrett2@usda.gov', '170.144.244.53', '03b30fc53040e863c7c8efa34c2dee14', '', 'livechatimagelink', 'Live Chat Direct Link', 'Name-_-Bryan Barrett-cus-Email-_-bryan.barrett2@usda.gov-cus-Please provide a brief description of how we can help:-_-COVID Info-cus-', 'Hi, I am signed up for a 40-Hour HAZWOPER Training in Denver on Feb. 16-19. I am filling out a travel request through my work (Forest Service) and need some type of attachment that describes the COVID mitigation measures that Compliance Solutions will be taking for the training. Do you have anything like that you could email me? Let me know!'),
('23597204686', 1611333511, 10, 6, 365, 1611333876, 1, 0, 0, 0, 2, 23, 0, 0, 1, 1, 0, 0, 0, '1920 x 1080', 'Michael Dookie', 'mdookie@dynacheminc.com', '192.24.91.99', 'ab6777e8eac39a8579dbdd94ffd54346', '', '', '', 'Name-_-Michael Dookie-cus-Email-_-mdookie@dynacheminc.com-cus-Please provide a brief description of how we can help:-_-Michael Dookie-cus-', 'How do I add my other employee?'),
('236313644b7', 1611675109, 10, 5, 1075, 1611676194, 1, 0, 0, 0, 2, 23, 0, 0, 5, 1, 0, 0, 1, '834 x 1194', 'Visitor', 'null', '107.72.178.132', 'f896e45915f875ba8bf49d52b9154d7a', '', '', '', '', ''),
('236314546yg', 1611676011, 11, 7, 242, 1611676253, 1, 0, 0, 0, 2, 23, 0, 0, 1, 3, 0, 0, 0, '1920 x 1080', 'Visitor', 'null', '165.189.255.60', '0d41927115d964ad86bb715c5f47993d', '', '', '', '', ''),
('236330390yb', 1611691855, 25, 5, 1949, 1611693829, 1, 0, 0, 0, 2, 23, 0, 0, 1, 1, 0, 0, 1, '1920 x 1017', 'Visitor', 'null', '4.15.82.6', '422a71eb7604294f3db27281a160c5f5', '', 'livechatimagelink', 'Live Chat Direct Link', '', ''),
('236401213z7', 1611762678, 9, 6, 575, 1611763262, 1, 0, 0, 0, 2, 23, 0, 0, 1, 1, 0, 0, 2, '1366 x 768', 'Visitor', 'null', '72.21.196.65', 'b03dd4a6e7fb0e8c08b0e7912b5c9c41', '', '', '', '', ''),
('23657716567', 1611938630, 12, 8, 99, 1611938741, 1, 0, 0, 0, 2, 23, 0, 0, 1, 3, 0, 0, 2, '1280 x 720', 'Anastasia Nikolopoulou', 'anikolop@its.jnj.com', '108.2.127.95', '13697cacceb12200522977aee93fc984', '', '', '', 'Select Area of Inquiry:-_-New Registration-cus-Company-_-Janssen R&D-cus-', 'the 1-2 seats price of $295, is it per person or for a total of max 2?'),
('236835090ep', 1612196555, 10, 7, 647, 1612197212, 1, 0, 0, 0, 2, 23, 0, 0, 1, 1, 0, 0, 1, '1920 x 1080', 'Christopher Day', 'day973@yahoo.com', '98.192.16.139', '6538f8474c9e41226440a4f716d93267', '', '', '', 'Select Area of Inquiry:-_-Existing Registration-cus-Company-_-Georgia Boat Safety and Training-cus-', 'I need to register for the Hands on portion of the class. Date Feb. 5th in Atlanta GA. I will be finished with the online portion today. '),
('236835346cn', 1612196811, 12, 8, 82, 1612196893, 1, 0, 0, 0, 2, 23, 0, 0, 1, 3, 0, 0, 0, '1680 x 1050', 'Danyelle', 'danyellemroberts@gmail.com', '67.163.159.202', '1f3bc34c230fd950b4cbce0499c0051d', '', '', '', 'Select Area of Inquiry:-_-New Registration-cus-Company-_-PM Supply-cus-', 'Hi, can the online courses be done on a tablet? '),
('23684087767', 1612202342, 9, 5, 530, 1612202881, 1, 0, 0, 0, 2, 23, 0, 0, 1, 3, 0, 0, 2, '1920 x 1080', 'Adrian Escobar', 'escobar@geoconinc.com', '172.115.174.39', '52d0f97e36388193fe27f6c313b71b05', '', '', '', 'Select Area of Inquiry:-_-Certificate Inquiry-cus-Company-_-Geocon Inc-cus-', 'I would like to figure out the location of my certificate. I have yet to receive one.'),
('236857401gn', 1612218867, 0, 0, 0, 0, 0, 0, 2, 0, 2, 0, 0, 0, 1, 3, 0, 0, 0, '1920 x 1080', 'Derek', 'Derek.Norpchen@hdrinc.com', '199.168.243.204', 'f39ad4b8b9f76789b6e9e83970936b32', '', '', '', 'Select Area of Inquiry:-_-Other-cus-Company-_-HDR-cus-', 'Hello, I completed my 40hr Hazwopr a few years back, I\'d like to get re-certified and was hoping all I need is the 8 hour refresher.'),
('236923149as', 1612284614, 27, 5, 455, 1612285096, 1, 0, 0, 0, 2, 23, 0, 0, 1, 3, 0, 0, 2, '1680 x 1050', 'Teresa Timmons', 'teresa.timmons@aecom.com', '65.240.194.232', '3cedec2bacb7c989003cc64e62260701', '', '', '', 'Select Area of Inquiry:-_-Other-cus-Company-_-AECOM-cus-', 'quick question:  what exactly is the difference between the 40-Hour HAZWOPER standard online training and the online hybrid version?'),
('236928994gw', 1612290462, 10, 7, 242, 1612290714, 1, 0, 0, 0, 1, 23, 0, 0, 1, 1, 0, 0, 1, '1680 x 1050', 'Tamie Phelps', 'tamie.phelps@erm.com', '73.83.233.175', '05f179fd5c448fe69efc80a4e52010c0', '', 'livechatimagelink', 'Live Chat Direct Link', 'Question Type:-_-Course Not Working as Expected-cus-Company-_-Evironmental Resource Managemnt-cus-Online Course-_-HAZWOPER-cus-', 'I am working through the HAZWOPER course. In Competent Person beginning quiz and the first check in, the question is asked what the Competent Person does, one of the incorrect answers is hire or fire an employee. When you check the last box, which is something along the lines of the Competent Person knows how to fix hazards, it registers as the fire an employee and marks the answer wrong. This needs to be fixed. I am not sure where if this comes up and the end of the module or in the final test. It would be great if you could check all areas where this question is asked.'),
('237018886v9', 1612380350, 10, 5, 1363, 1612381723, 1, 0, 0, 0, 2, 23, 0, 0, 1, 1, 0, 0, 1, '1920 x 1080', 'Lane Whitesell', 'Lwhitesell@walkdie.com', '12.23.242.130', '42347d1f97079eb155ec03c9facdd050', '', '', '', 'Select Area of Inquiry:-_-Certificate Inquiry-cus-Company-_-Walker Die Casting-cus-', 'I was wandering when I needed to complete my 8hr refresher for my HAZWOPER training.'),
('237090043eb', 1612451509, 15, 13, 745, 1612452269, 1, 0, 0, 0, 2, 23, 0, 0, 1, 3, 0, 0, 2, '1280 x 720', 'Lisa Holum', 'l.holum4@gmail.com', '104.129.198.66', '549eddf5c653b041fa30553d1821d6c9', '', '', '', 'Select Area of Inquiry:-_-Existing Registration-cus-Company-_-FACS-cus-', 'I was signed up for an 8 hour local in person Hazwoper class for tomorrow Friday Feb 5th.  I was told I would receive an email on Tuesday with information regarding time/location but I have not seen any email.  I need to confirm that I am indeed signed up for the class and get the necessary information for it.'),
('237090293s6', 1612451759, 0, 0, 0, 0, 0, 0, 1, 0, 2, 23, 0, 0, 1, 1, 0, 0, 0, '1280 x 720', 'Simone Mitchell', 'simone.mitchell.contractor@usap.gov', '157.132.194.146', '18f800d2ca433c0956487574b85e3636', '', '', '', 'Select Area of Inquiry:-_-New Registration-cus-Company-_-Simone Mitchell-cus-', 'registration question'),
('237090395k2', 1612451861, 7, 5, 252, 1612452120, 1, 0, 0, 0, 2, 23, 0, 0, 1, 1, 0, 0, 2, '1280 x 720', 'Simone Mitchell', 'simone.mitchell.contractor@usap.gov', '157.132.194.146', '18f800d2ca433c0956487574b85e3636', '', '', '', 'Select Area of Inquiry:-_-New Registration-cus-Company-_-Leidos/ Antarctica Support Contract-cus-', 'registration questions'),
('237096630s9', 1612458095, 6, 3, 366, 1612458467, 1, 0, 0, 0, 2, 23, 0, 0, 1, 3, 0, 0, 1, '1920 x 1080', 'Amory', 'acervarich@brwncald.com', '34.100.93.57', '72326ccbbe28ceef17e114e5cd0a3c63', '', '', '', 'Select Area of Inquiry:-_-Existing Registration-cus-Company-_-Brown & Caldwell-cus-', 'Hi there, I want to confirm my registration, start time and location for tomorrow\'s Hands on training in Portland, OR.'),
('2371096119p', 1612471076, 8, 5, 555, 1612471639, 1, 0, 0, 0, 2, 23, 0, 0, 1, 3, 0, 0, 2, '1920 x 1080', 'Matt', 'modishoo@town.berlin.ct.us', '24.2.234.115', 'f802e1aa5cc6c20d9c026b7cd61cbd7c', '', '', '', 'Select Area of Inquiry:-_-New Registration-cus-Company-_-Town of Berlin-cus-', 'Question about payment'),
('237179925hc', 1612541389, 7, 4, 2110, 1612543506, 1, 0, 0, 0, 2, 23, 0, 0, 1, 1, 0, 0, 1, '1920 x 1080', 'Sandra Zish', 'Sandra.zish@sgs.com', '50.205.138.106', 'd50a51b5e153d1e143c1257b2637630e', '', '', '', 'Select Area of Inquiry:-_-Existing Registration-cus-Company-_-SGS North America-cus-', 'I paid for two registrations the other day under Dominic Guerriero\'s name.  I believe I set up an account, but now can\'t get into it.  Can you please confirm that yes 2 people are registered for the hybrid course?  I also need to print out a receipt of payment. '),
('2371869202a', 1612548385, 14, 10, 433, 1612548832, 1, 0, 0, 0, 2, 23, 0, 0, 1, 1, 0, 0, 1, '1280 x 720', 'Nicholas Kelley', 'nicholas.kelley@menziesaviation.com', '73.201.166.240', '24f135330d2a48628b29a0c184f374ac', '', 'livechatimagelink', 'Live Chat Direct Link', 'Select Area of Inquiry:-_-Certificate Inquiry-cus-Company-_-Menzies Aviation-cus-', 'Could you send me my certificate via email? '),
('237454363ux', 1612815828, 10, 7, 678, 1612816516, 1, 0, 0, 0, 1, 23, 0, 0, 1, 1, 0, 0, 1, '1920 x 1080', 'James', 'james.m.bartels@gmail.com', '73.242.15.123', '60964f3e83efb8a754e7f93ae93db239', '', '', '', 'Question Type:-_-Computer/Network Issues-cus-Company-_-EVS-cus-Online Course-_-BARTELS-cus-', 'I need to login and not only can I not reset my password but I am having difficulty having the system recognize my email address.  '),
('237540919bp', 1612902385, 6, 4, 499, 1612902890, 1, 0, 0, 0, 2, 23, 0, 0, 1, 3, 0, 0, 2, '1536 x 864', 'Douglas Stolowski', 'dstolowski@interplastic.com', '74.8.249.34', '279fc001fee6be6bbac478566284f664', '', '', '', 'Select Area of Inquiry:-_-Certificate Inquiry-cus-Company-_-Interplastic Corporation-cus-', 'Hello-\r\nI\'m looking for any past training records that I\'ve done with Compliance Solutions and my email is dstolowski@interplastic.com. Thanks, Douglas'),
('2377972919x', 1613158756, 25, 6, 456, 1613159237, 1, 0, 0, 0, 2, 23, 0, 0, 1, 3, 0, 0, 2, '1280 x 720', 'Viridiana Gomez', 'Viridianag@hi-tempinsulation.com', '47.180.179.111', '5330627083dde17450e673b60db76ff1', '', '', '', 'Select Area of Inquiry:-_-New Registration-cus-Company-_-Hi Temp Insulation-cus-', 'I purchased and 8 hour course for an employee around an 1 hour ago, but I didn\'t receive a confirmation email.'),
('2378052829a', 1613166747, 0, 0, 0, 0, 0, 0, 2, 0, 2, 23, 0, 0, 1, 2, 0, 0, 0, '1920 x 1080', 'maisie', 'maisie.borg@swca.com', '65.241.1.131', '94b1e62ce98848d1c9025de28ec97b0d', '', '', '', 'Select Area of Inquiry:-_-Other-cus-Company-_-swca-cus-', 'Once I purchase the hazwoper 8 hr refresher course how long do I have to comlpete the course?'),
('2383046454d', 1613666112, 11, 7, 342, 1613666454, 1, 0, 0, 0, 2, 23, 0, 0, 1, 3, 0, 0, 0, '1920 x 1080', 'Charles Dahlen', 'chdahlen@yahoo.com', '155.203.3.172', '492659236eefc24a16cb4c44fa25d268', '', '', '', 'Select Area of Inquiry:-_-Existing Registration-cus-Company-_-Clean Harbors-cus-', 'My account is expired and I need to log in to complete my 40hr HAZWOPER Supplemental '),
('238394356ex', 1613755823, 24, 4, 43, 1613755890, 1, 0, 0, 0, 2, 23, 0, 0, 1, 1, 0, 0, 2, '1920 x 1080', 'Adam', 'adam.walters@worley.com', '166.211.96.144', 'e80a81e3a72ea0840e16a97013cf8f42', '', '', '', 'Select Area of Inquiry:-_-Other-cus-Company-_-Worley-cus-', 'What time do the in person classes start in Denver?'),
('238665357xm', 1614026822, 25, 3, 447, 1614027294, 1, 0, 0, 0, 2, 23, 0, 0, 1, 2, 0, 0, 2, '1920 x 1080', 'Teodor Grujoski', 'tgrujoski@stant.com', '184.17.130.210', '4471d8f22c34306004901cf140beebe6', '', '', '', 'Select Area of Inquiry:-_-Certificate Inquiry-cus-Company-_-Stant-cus-', 'I didn\'t receive DOT HAZMAT certificate.'),
('2387474115t', 1614108876, 8, 5, 374, 1614109258, 1, 0, 0, 0, 1, 23, 0, 0, 1, 1, 0, 0, 2, '1680 x 1050', 'Michael', 'michael.wheatley@glidewelldental.com', '98.173.11.178', '8e1459be5961e827af01f01beef82e33', '', 'livechatimagelink', 'Live Chat Direct Link', 'Question Type:-_-Computer/Network Issues-cus-Company-_-Glidewell-cus-Online Course-_-8 hour hazwoper-cus-', 'Hello, I am taking online 8 hour hazwoper refresher. I have completed lesson and passed the quiz. But, I am not able to click on Lesson 2 as it is grayed out. Can you please help me proceed?'),
('2388363838n', 1614197847, 0, 0, 0, 0, 0, 0, 0, 0, 2, 23, 12, 0, 1, 3, 0, 0, 0, '', 'Tony', 'tcamper@csregs.com', '50.222.123.98', 'op2op', '', 'op2op', '', '', 'Operator to Operator Chat Request'),
('238904130rr', 1614265595, 0, 0, 0, 0, 0, 0, 2, 0, 2, 23, 0, 0, 1, 3, 0, 0, 0, '1920 x 1080', 'Clare Sullivan', 'clare.sullivan@apexcos.com', '69.118.72.164', '6cf1a82a7598d751a2aeda3e29678b8b', '', '', '', 'Select Area of Inquiry:-_-Certificate Inquiry-cus-Company-_-Apex-cus-', 'I see you have a 40 hour on-line training.  The 8 Hour hands on training - where is the classes held in NJ and is there a set class schedule?'),
('238909174ss', 1614270639, 10, 8, 139, 1614270778, 1, 0, 0, 0, 2, 23, 0, 0, 1, 1, 0, 0, 0, '2560 x 1440', 'Ulrika Messer', 'Ulrika.Messer@aptim.com', '75.80.140.154', 'fb096628c66d9b7806e1dee012c4167a', '', 'livechatimagelink', 'Live Chat Direct Link', 'Select Area of Inquiry:-_-Existing Registration-cus-Company-_-APTIM-cus-', 'I registered/paid for the 8 hr HAZWOPER refresher course yesterday but were never able to assign the course to myself.  the window froze.  as i relogin today, there is no option for me to assign the course to myself.  can you please resolve?'),
('238919067bs', 1614280532, 8, 5, 280, 1614280820, 1, 0, 0, 0, 2, 23, 0, 0, 1, 3, 0, 0, 2, '1920 x 1080', 'Stacy Poindexter', 's.poindexter@drinkmeiers.com', '162.155.239.50', 'd861d6e301d8b1141b68e762c8c8d0f7', '', '', '', 'Select Area of Inquiry:-_-New Registration-cus-Company-_-Meiers Beverage Group-cus-', 'I am trying to purchase 25 of the Chemical Safety-Online Training modules.  I have a coupon code for 10% off, but I cannot figure out how to enter it.'),
('238990948xz', 1614352414, 23, 2, 1039, 1614353453, 1, 0, 0, 0, 2, 23, 0, 0, 1, 1, 0, 0, 0, '1920 x 1080', 'Douglas Stolowski', 'Dstolowski@interplastic.com', '74.8.249.34', 'b0487291f9c983ba73c44c035559eb24', '', '', '', 'Select Area of Inquiry:-_-Certificate Inquiry-cus-Company-_-Interplastic Corporation-cus-', 'Hello, I took the DOT Training course in 2019 as I was employed at Gopher Resource. Since then, I was let go and I don\'t have any contacts with Gopher Resource and I wanted to get a copy of my DOT certification. Can you please help me with this, thanks.'),
('2390024633s', 1614363928, 10, 7, 368, 1614364306, 1, 0, 0, 0, 2, 23, 0, 0, 1, 1, 0, 0, 1, '1920 x 1080', 'Bruno Giri', 'bruno.giri@usda.gov', '151.121.153.20', '12655317822368aa8cc0255b4c5641dc', '', '', '', 'Select Area of Inquiry:-_-New Registration-cus-Company-_-USDA-cus-', 'Do you provide RCRA annual refresher training and, if so, how much per person?'),
('2392581899w', 1614619654, 28, 7, 516, 1614620198, 1, 0, 0, 0, 2, 23, 0, 0, 1, 1, 0, 0, 2, '1422 x 800', 'Bridgette Jones ', 'bjones@bakodx.com', '50.206.65.66', '0180b64ccb3aec4aae59d9aa6a618ce1', '', '', '', 'Select Area of Inquiry:-_-Scheduling/Reschedule-cus-Company-_-Bako Pathology -cus-', 'Hi! I was scheduled for training in ATL this week, however the training has been cancelled. I wanted to know if I can take course online? I also would be interested in adding the respirator course as well if that is possible?  '),
('239333653jr', 1614695118, 6, 4, 933, 1614696057, 1, 0, 0, 0, 2, 23, 0, 0, 1, 3, 0, 0, 1, '1360 x 768', 'dalton sharpe', 'dalton.sharpe@westonsolutions.conm', '24.181.114.174', '95af53072faada4e485def1cfe689795', '', '', '', 'Select Area of Inquiry:-_-Scheduling/Reschedule-cus-Company-_-Weston Solutions-cus-', 'I have completed the online portion of the 40 hour HAZ and now I need to register for the 8 hour in person. Where exactly is that located for me to register?'),
('239426993mq', 1614788459, 24, 3, 1788, 1614790271, 1, 0, 0, 0, 2, 23, 0, 0, 1, 1, 0, 0, 1, '1280 x 1024', 'Joseph Roberts', 'joseph@brooksapplied.com', '206.169.226.68', '8f3e0b093a2dbb1a161dff9af52aa403', '', '', '', 'Select Area of Inquiry:-_-Other-cus-Company-_-Joseph Roberts-cus-', 'I would like to know where to find answers to the quiz for each module'),
('239861284d8', 1615222749, 12, 9, 445, 1615223206, 1, 0, 0, 0, 2, 23, 0, 0, 1, 3, 0, 0, 1, '1920 x 1080', 'Amber Burton', 'amber.burton@aptim.com', '157.130.143.214', 'd8cc2e1f275dbb24b00076ddb2d7695c', '', '', '', 'Select Area of Inquiry:-_-Existing Registration-cus-Company-_-APTIM-cus-', 'I apparently was supposed to use a code to get my 8 hour refresher cheaper and I didn\'t.  Is there a way to get that discount applied now? '),
('239950290xe', 1615311756, 8, 5, 841, 1615312605, 1, 0, 0, 0, 2, 23, 0, 0, 1, 3, 0, 0, 1, '1536 x 864', 'Julio C Lopez', 'jlopez@aerotek.com', '216.152.106.25', 'aea4c21850d2f382e2ef9a71c7d2cd7f', '', '', '', 'Select Area of Inquiry:-_-Certificate Inquiry-cus-Company-_-Aerotek-cus-', 'Wanted to see how I can pull certificates for employees'),
('24005117477', 1615412639, 6, 2, 566, 1615413211, 1, 0, 0, 0, 2, 23, 0, 0, 1, 3, 0, 0, 2, '1366 x 768', 'Mark Halloway', 'mark.halloway@sme-usa.com', '76.112.222.89', '5c0d4fa88924801df48040f41f8dba01', '', '', '', 'Select Area of Inquiry:-_-Certificate Inquiry-cus-Company-_-SME-cus-', 'One of our employees provided me with a copy of a Compliance Solutions 40-hour HAZWOPER training course. #Certificate Number: 754982343.  The copy of this certificate I received does not list a date of completion.  The employee says she thinks the course was completed Dec 19, 2020.  What day was this course completed?  '),
('240122086qb', 1615483551, 47, 8, 212, 1615483810, 1, 0, 0, 0, 2, 23, 0, 0, 1, 1, 0, 0, 2, '1280 x 720', 'William Steiner', 'WILLIAM.STEINER@CSB.GOV', '24.144.186.80', '5e28f0ab73c8fedf15aad7a40759ec58', '', '', '', 'Select Area of Inquiry:-_-Other-cus-Company-_-CSB-cus-', 'The link for the April 20-23 - 40 hr HAZWOPER in Cleveland (Independence) is not working (Gremlins at work)... Could you request to have it fixed?'),
('24012722054', 1615488685, 0, 0, 0, 0, 0, 0, 1, 0, 2, 23, 0, 0, 1, 1, 0, 0, 0, '1800 x 1125', 'Savannah', 'savannah.finger@tceq.texas.gov', '163.234.45.244', 'd2bd4a27cee98070542a65c3778cf515', '', 'livechatimagelink', 'Live Chat Direct Link', 'Select Area of Inquiry:-_-New Registration-cus-Company-_-TCEQ-cus-', 'Hi, I am looking at the 40-hour HAZWOPER Online training, with 8-hours of hands-on training. Is there a course schedule for the online training, that I will need to sign up for a specific time at, or is it a self-paced individual online class?'),
('240216954ze', 1615578419, 22, 3, 771, 1615579212, 1, 0, 0, 0, 2, 23, 0, 0, 1, 3, 0, 0, 1, '1920 x 1080', 'Edgar Alvarez', 'edgaralvarez@dukecrm.com', '98.189.219.244', '26b6937a347839883957dd089c50bfb9', '', '', '', 'Select Area of Inquiry:-_-New Registration-cus-Company-_-DUKECRM-cus-', 'I would like to register for the 40 Hour HAZWOPER training and was told that you price-match any competitor. If so, may I price match the OSHA training school price?'),
('240225328gb', 1615586793, 9, 5, 301, 1615587103, 1, 0, 0, 0, 1, 23, 0, 0, 1, 1, 0, 0, 1, '1536 x 864', 'Laura Herron', 'laura.herron@aptim.com', '173.169.241.128', '592353d2cd3444966112e7ec0d9ce160', '', 'http://www.csregs.com/', 'HAZWOPER OSHA EPA DOT Occupational', 'Question Type:-_-Course Not Working as Expected-cus-Company-_-APTIM-cus-Online Course-_-RCRA REFRESHER-cus-', 'I can\'t submit/advance the questions in the module assessment for air emissions regulations'),
('2405420416t', 1615903507, 12, 8, 328, 1615903847, 1, 0, 0, 0, 2, 23, 0, 0, 1, 1, 0, 0, 2, '1920 x 1080', 'Sydney Elkins', 'Sydney.Elkins@NVEnergy.com', '192.206.180.200', '72f3ecec6b2d2ad36941a5303e84fd03', '', 'livechatimagelink', 'Live Chat Direct Link', 'Select Area of Inquiry:-_-Existing Registration-cus-Company-_-NV Energy-cus-', 'Could you please resend the log in email?  We just switched to MS365 and now the registration email that was sent on 2/23 is no where to be found.'),
('2405425529x', 1615904018, 11, 8, 928, 1615904957, 1, 0, 0, 0, 2, 23, 0, 0, 1, 3, 0, 0, 2, '1920 x 1080', 'Katie Merrick', 'Kathryn.merrick@erm.com', '69.207.72.92', '4a53e1dd864a9b037a329aab719eb92c', '', '', '', 'Select Area of Inquiry:-_-Other-cus-Company-_-ERM-cus-', 'I would like clarification on the hands on portion of the OHSA 40 hour classes. Are those offered at the same locations as the normal in person training, or are there other options?'),
('24055525443', 1615916720, 10, 7, 311, 1615917041, 1, 0, 0, 0, 2, 23, 0, 0, 1, 1, 0, 0, 2, '1280 x 1024', 'Heather Ladesic', 'Heather.ladesic@APTIM.com', '67.20.241.149', 'd7a860fb6d58ed71959699fa44a70288', '', 'livechatimagelink', 'Live Chat Direct Link', 'Select Area of Inquiry:-_-Existing Registration-cus-Company-_-APTIM-cus-', 'May I have a 30 day extension to finish my 8Hour Refresher course?  '),
('2406395005q', 1616000966, 43, 7, 561, 1616001570, 1, 0, 0, 0, 2, 23, 0, 0, 1, 3, 0, 0, 2, '1920 x 1080', 'Pam Freese', 'pamela.freese@aps.com', '137.91.114.225', 'c3c3804d5f57e6b4b9d59b6e99060192', '', '', '', 'Select Area of Inquiry:-_-New Registration-cus-Company-_-APS-cus-', 'Entered my email address incorrectly when checking out, how can I update to receive enrollment confirmation?');
INSERT INTO `p_req_log` (`ces`, `created`, `accepted`, `accepted_op`, `duration`, `ended`, `status`, `archive`, `status_msg`, `initiated`, `deptID`, `opID`, `op2op`, `marketID`, `os`, `browser`, `transferred`, `tag`, `disc`, `resolution`, `vname`, `vemail`, `ip`, `md5_vis`, `sim_ops`, `onpage`, `title`, `custom`, `question`) VALUES
('240713810rc', 1616075275, 0, 0, 0, 0, 0, 0, 1, 0, 2, 23, 0, 0, 1, 3, 0, 0, 0, '1280 x 720', 'Tyler', 'tyler.vas@aecom.com', '131.106.231.55', '88d7bc512dd01ac8b9e1a2af51d4c7ef', '', '', '', 'Select Area of Inquiry:-_-Other-cus-Company-_-AECOM-cus-', 'Is there a list of places where the in-person hands on training is offered for OSHA 40-Hour HAZWOPER?'),
('240713920aj', 1616075385, 5, 3, 366, 1616075756, 1, 0, 0, 0, 2, 23, 0, 0, 1, 3, 0, 0, 1, '1280 x 720', 'Tyler', 'tyler.vas@aecom.com', '131.106.231.55', '88d7bc512dd01ac8b9e1a2af51d4c7ef', '', '', '', 'Select Area of Inquiry:-_-Other-cus-Company-_-AECOM-cus-', 'Is there a list of places where the 8 hours hands on training is offered for OSHA 40-Hour HAZWOPER?'),
('240801744mt', 1616163210, 9, 7, 294, 1616163513, 1, 0, 0, 0, 2, 23, 0, 0, 1, 3, 0, 0, 1, '1366 x 768', 'Bill Lauder', 'blauder@wpcgroup.us', '74.126.26.246', '642189e816c28fd5f0fbc21d0eead399', '', '', '', 'Select Area of Inquiry:-_-Existing Registration-cus-Company-_-Waterfront Petroleum-cus-', 'Hello, ive been working on my 8hr hazwoper refresher for about a week now. I went to sign in and cannot sign in with my email/ password. attempted to reset my password and was told that my email is not registered to a class?'),
('240814909y5', 1616176374, 7, 4, 196, 1616176577, 1, 0, 0, 0, 1, 23, 0, 0, 1, 3, 0, 0, 1, '1920 x 1080', 'parya saneipoor', 'psaneipoor@mecaenviro.com', '108.217.225.255', '4ec261cde5f3dfac61def66e079b6388', '', 'livechatimagelink', 'Live Chat Direct Link', 'Question Type:-_-Course Not Working as Expected-cus-Company-_-Parya Saneipoor-cus-Online Course-_-Millennium Consulting Associates-cus-', 'I completed the first module but the second one is not black so i can\'t move to the next one'),
('241064874h4', 1616426339, 25, 4, 347, 1616426711, 1, 0, 0, 0, 2, 23, 0, 0, 1, 3, 0, 0, 1, '1920 x 1080', 'Britnee L Nesmith', 'Britnee.Nesmith@temple.edu', '155.247.230.179', 'dddf0728ecf6427cd3c083b65ff75e0c', '', '', '', 'Select Area of Inquiry:-_-Scheduling/Reschedule-cus-Company-_-Temple-cus-', 'Hello,\r\n\r\nI need to schedule my in-person hazwhoper dress out. '),
('241155501qs', 1616516969, 5, 3, 738, 1616517707, 1, 0, 0, 0, 1, 23, 0, 0, 1, 1, 0, 0, 0, '1280 x 853', 'michael Harden', 'mharden@trccompanies.com', '67.181.59.75', 'b67cae50d8ae1f3a23896903bbaeddfd', '', 'livechatimagelink', 'Live Chat Direct Link', 'Question Type:-_-Course Not Working as Expected-cus-Company-_-TRC-cus-Online Course-_-Confined SPace-cus-', 'I have completed all the course and the course assessments. I passed all of them. But When I clicked to take the survey link but I\'m not able to continue with the survey. Also there is an assessment at the end of the course but it too is not highlighted and I am not able to click the last module assessment'),
('241232963ug', 1616594429, 8, 5, 791, 1616595228, 1, 0, 0, 0, 2, 23, 0, 0, 1, 1, 0, 0, 1, '1366 x 768', 'William L Greenwood', 'maintenance@micropac.com', '76.85.7.185', 'cd53e739f39f965950c09e08d047113e', '', 'livechatimagelink', 'Live Chat Direct Link', 'Select Area of Inquiry:-_-New Registration-cus-Company-_-Micropac Industries Inc.-cus-', 'I\'m trying to take my on line class'),
('241244299r8', 1616605766, 10, 6, 505, 1616606281, 1, 0, 0, 0, 1, 23, 0, 0, 1, 1, 0, 0, 1, '1280 x 853', 'michael', 'mharden@trccompanies.com', '67.181.59.75', 'b67cae50d8ae1f3a23896903bbaeddfd', '', 'livechatimagelink', 'Live Chat Direct Link', 'Question Type:-_-Course Not Working as Expected-cus-Company-_-TRC-cus-Online Course-_-confine space-cus-', 'I was wondering how long do I have to wait until I can re take the final assessment after failing?'),
('24166572125', 1617027187, 6, 3, 613, 1617027800, 1, 0, 0, 0, 2, 23, 0, 0, 1, 3, 0, 0, 0, '1280 x 720', 'Nicholas Cordivari', 'nikicordo17@aol.com', '69.141.130.202', 'b80d7381d68280d6ab9b56f3b387963b', '', '', '', 'Select Area of Inquiry:-_-Existing Registration-cus-Company-_-Kleinfelder-cus-', 'Trying to purchase 8 hour refresher course with my account but the system says I do not have an account'),
('241683477qz', 1617044942, 6, 2, 1017, 1617045959, 1, 0, 0, 0, 1, 23, 0, 0, 1, 1, 0, 0, 0, '1093 x 614', 'sterling smith', 'ssmi15@lsuhsc.edu', '68.227.70.204', '17cecbc095bec8c5cce1e14f84d54723', '', 'livechatimagelink', 'Live Chat Direct Link', 'Question Type:-_-Course Not Working as Expected-cus-Company-_-lsuhsc-cus-Online Course-_-8 hour hazwoper refresher course-cus-', 'not allowing to advance to next section after completing last section'),
('2419298572y', 1617291322, 16, 13, 425, 1617291747, 1, 0, 0, 0, 2, 23, 0, 0, 1, 1, 0, 0, 0, '1920 x 1080', 'jesse reyes', 'jesse.reyes@signatureflight.com', '204.239.11.6', 'b50585ad1384745b8745a5a29f889e6f', '', '', '', 'Select Area of Inquiry:-_-Other-cus-Company-_-Signature Aviation -cus-', 'Cant find the CFR 139 fueling supervisor course'),
('2419448066j', 1617306272, 41, 5, 45, 1617306358, 1, 0, 0, 0, 2, 23, 0, 0, 1, 3, 0, 0, 2, '1920 x 1080', 'Randall W Craig', 'rwc8765@gmail.com', '67.135.7.82', '2232366399653053e1692e2c8aee2bc1', '', '', '', 'Select Area of Inquiry:-_-New Registration-cus-Company-_-Texegy-cus-', 'For Hydrogen Sulfide Safety Awareness for the Oil and Gas Industry - Online Training. \r\nOn product description is one seat same as one person'),
('2420259784e', 1617387443, 0, 0, 0, 0, 0, 0, 2, 0, 1, 23, 0, 0, 1, 1, 0, 0, 0, '1280 x 720', 'WILLIAM STEINER', 'william.steiner@csb.gov', '24.144.186.113', '86d312a03c5d9808e48ed19ca5ba2058', '', '', '', 'Question Type:-_-Course Not Working as Expected-cus-Company-_-CSB-cus-Online Course-_-40 hr HAZWOPER-cus-', 'When I click on this link for CLEVELAND to register it brings up COLUMBUS instead.  Something is wrong.\r\n\r\nhttps://csregs.com/collections/40-hour-hazwoper-initial-site-worker?_bta_tid=153063693221392311980411507444956686109663237456990417649570580447833591150155302498100638486511797509\r\n'),
('242031544s9', 1617393010, 16, 11, 871, 1617393897, 1, 0, 0, 0, 2, 23, 0, 0, 1, 3, 0, 0, 1, '1536 x 864', 'Jennifer Simms', 'jennifer.simms@jacobs.com', '108.71.211.192', 'a5b1f6423c62be200011d94d4ea49732', '', '', '', 'Select Area of Inquiry:-_-New Registration-cus-Company-_-Jacobs-cus-', 'I have two new employees starting on May 24th and they will need to take the OSHA 40-hour course. What are the available dates for this in Cincinnati or Columbus Ohio?'),
('242033315rr', 1617394780, 13, 11, 238, 1617395031, 1, 0, 0, 0, 2, 23, 0, 0, 1, 3, 0, 0, 2, '1920 x 1080', 'Jed Davis', 'Jed.Davis@cordenpharma.com', '204.133.30.36', 'e3e79fff9996396ec8695adf7b0e8acc', '', '', '', 'Select Area of Inquiry:-_-New Registration-cus-Company-_-Corden Pharma-cus-', 'I had a few more students pop up for purchase for the 24 hour class. Can I purchase 3 more students now for the larger discounted rate or no? '),
('242281835qa', 1617643300, 41, 4, 161, 1617643502, 1, 0, 0, 0, 2, 23, 0, 0, 1, 3, 0, 0, 2, '1400 x 875', 'Andrew Voyer', 'andy.voyer@state.mn.us', '156.98.161.187', 'c0de0cba1d364be00abc4ed46b6fb8fd', '', '', '', 'Select Area of Inquiry:-_-Other-cus-Company-_-MNOPS-cus-', 'Is there a way I can get a receipt for the class I booked for my fiscal team?'),
('242369809ha', 1617731274, 27, 6, 1507, 1617732808, 1, 0, 0, 0, 2, 23, 0, 0, 1, 3, 0, 0, 1, '1680 x 1050', 'Leslie Ball', 'leslie.ball@technicair.com', '204.239.11.6', 'a491f4288a62c5df92049d6c2949186c', '', '', '', 'Select Area of Inquiry:-_-Certificate Inquiry-cus-Company-_-SIGNATURE TECHNICAIR-cus-', 'Is the IATA (Dangerous Goods Transportation) the online class I want for shipping air DGR items?'),
('242370525ez', 1617731991, 43, 7, 359, 1617732393, 1, 0, 0, 0, 2, 23, 0, 0, 5, 3, 0, 0, 2, '412 x 869', 'Austin Crowl', 'Austin.crowl93@gmail.com', '76.188.1.145', 'e8ec8e2d7db276b129a38decfd36e2d9', '', '', '', 'Select Area of Inquiry:-_-New Registration-cus-Company-_-Ohio Air National Guard-cus-', 'I purchased an online training, is there. Link I go to for it or will something be delivered to the address I listed?'),
('242613372jn', 1617974837, 10, 7, 567, 1617975414, 1, 0, 0, 0, 2, 23, 0, 0, 1, 2, 0, 0, 1, '1920 x 1080', 'matt', 'matthewfoltz2@gmail.com', '65.185.152.14', 'd06e63821345764713a6a6bdbbff18a1', '', '', '', 'Select Area of Inquiry:-_-New Registration-cus-Company-_-CKS-cus-', 'Hi, i was wondering how long the training class/test are available after purchasing?'),
('2426147338n', 1617976198, 8, 6, 669, 1617976875, 1, 0, 0, 0, 2, 23, 0, 0, 1, 1, 0, 0, 1, '1920 x 1080', 'Adele Fequiere', 'adele.fequiere@aptim.com', '70.184.169.17', '7b149e1aa4873e3a5d518c2ce7e47a7e', '', 'livechatimagelink', 'Live Chat Direct Link', 'Select Area of Inquiry:-_-Certificate Inquiry-cus-Company-_-APTIM Federal Services-cus-', 'Could I have my certificate emailed? When is the estimated date of arrival?'),
('242877584kt', 1618239049, 26, 4, 679, 1618239754, 1, 0, 0, 0, 2, 23, 0, 0, 1, 3, 0, 0, 1, '1920 x 1080', 'Kim', 'kwolters@miottawa.org', '198.110.87.9', 'a6f34c1df72ec9b3343910638628b29b', '', '', '', 'Select Area of Inquiry:-_-Certificate Inquiry-cus-Company-_-county-cus-', 'Can I get more information about your Lansing location for Hazwoper 24 hour in-person training? The google map doesn\'t provide a location but a parking lot. Is there any hands-on training or just class training? Who are your instructors? Are they Michigan based instructors?'),
('24296696336', 1618328428, 8, 4, 304, 1618328740, 1, 0, 0, 0, 2, 23, 0, 0, 1, 3, 0, 0, 2, '1920 x 1080', 'Michaela Papp', 'michaela.papp@hawkinsinc.com', '50.225.187.2', '2d94b9b267f3335602ca0d401e783124', '', '', '', 'Select Area of Inquiry:-_-Existing Registration-cus-Company-_-Hawkins-cus-', 'Hello, \r\nI just signed up for the 24 hour HazWopper training in Coon Rapids, MN June 8-10. Will I be receiving more information about where the training is located? and the times I will need to be present? \r\n\r\nThank you!'),
('243140940jn', 1618502406, 27, 8, 545, 1618502978, 1, 0, 0, 0, 2, 23, 0, 0, 1, 3, 0, 0, 1, '2560 x 1080', 'Bryan Hubbard', 'bhubbard@fsmgroup.us', '65.124.216.22', 'd6a126923be7fecc54781d66bd6bb85d', '', '', '', 'Select Area of Inquiry:-_-Other-cus-Company-_-FSM Group LLC-cus-', 'I was looking to see if you had an 8 hour OSHA HAZWOPER Initial Training course online, and if so what sort of discount we might be eligible for if we purchase 7?\r\nThank you'),
('243226188qc', 1618587653, 44, 5, 456, 1618588153, 1, 0, 0, 0, 2, 23, 0, 0, 1, 3, 0, 0, 1, '1366 x 768', 'Julia Atwater', 'jatwater@intell-group.com', '72.230.113.131', 'f4b10438d69ecf976329e41c297e8535', '', '', '', 'Select Area of Inquiry:-_-Certificate Inquiry-cus-Company-_-The Intelligence Group -cus-', 'Hi, I just attempted to finish my 8-hour HAZWOPER refresher, and I accidentally started my third attempt to take the final exam, and failed it. I didn\'t mean to start it and I wanted to cancel the attempt, but I didn\'t realize I couldn\'t do that. Is there any way I can get another attempt to take the exam?'),
('243582536ub', 1618944003, 26, 5, 431, 1618944460, 1, 0, 0, 0, 2, 23, 0, 0, 1, 1, 0, 0, 1, '1920 x 1200', 'Jason ', 'jason.miller@prattwhitney.com', '192.249.50.119', '157ad0a67581f89aabbc8779bf52ff20', '', 'livechatimagelink', 'Live Chat Direct Link', 'Select Area of Inquiry:-_-Certificate Inquiry-cus-Company-_-Pratt & Whitney-cus-', 'Trying to log in to get my operator certificates for DOT and 8 Hr Refresher. '),
('2438318082m', 1619193273, 25, 4, 76, 1619193374, 1, 0, 0, 0, 2, 23, 0, 0, 1, 3, 0, 0, 2, '1920 x 1080', 'John DeWitt', 'jdewitt@ekiconsult.com', '50.204.131.26', '5e43287a3abad795abadc21ba6ab6c8e', '', '', '', 'Select Area of Inquiry:-_-New Registration-cus-Company-_-EKI-cus-', 'is May 4 class in San Bruno california in person or on line? how is in person handled?'),
('2438328872w', 1619194353, 28, 5, 475, 1619194856, 1, 0, 0, 0, 2, 23, 0, 0, 1, 3, 0, 0, 1, '1366 x 768', 'Aaron Schneider', 'aaronschneider1898@gmail.com', '100.11.50.29', '552f042bee2ed54905cc3fe3a495f8fe', '', '', '', 'Select Area of Inquiry:-_-Existing Registration-cus-Company-_-independent student-cus-', 'Attempting to log in to update my address and it is not recognizing my email or password. But I am to login to the training module using my email and password.'),
('2438438083a', 1619205273, 15, 13, 486, 1619205774, 1, 0, 0, 0, 2, 23, 0, 0, 1, 3, 0, 0, 1, '1920 x 1080', 'Sterling Kenyon', 'skenyon@scsengineers.com', '75.10.11.253', 'bc553a34d6fea212b7d62deec049e589', '', '', '', 'Select Area of Inquiry:-_-New Registration-cus-Company-_-SCS Engineers-cus-', 'I am looking for Excavation and Trenching competent person training.\r\n'),
('244094579j3', 1619456044, 24, 4, 531, 1619456575, 1, 0, 0, 0, 2, 23, 0, 0, 1, 3, 0, 0, 0, '1280 x 720', 'Agatha', 'amkim@trccompanies.com', '73.158.215.15', '82d5ce0b45a3ba316c1b1bea85f953a1', '', '', '', 'Select Area of Inquiry:-_-New Registration-cus-Company-_-TRC-cus-', 'How long is the training available online for the 40-hour Hazwoper course and how soon do they need to complete the in-person training portion?  Does it expire after 6 months?   a year?  ever?'),
('244177651s9', 1619539116, 26, 8, 608, 1619539750, 1, 0, 0, 0, 2, 23, 0, 0, 1, 1, 0, 0, 1, '2507 x 1567', 'PATRICIA BECK', 'tbeck@colorcon.com', '207.242.127.11', 'e042fc8c36b0fee51cb3b95f1a14aa43', '', 'livechatimagelink', 'Live Chat Direct Link', 'Select Area of Inquiry:-_-Other-cus-Company-_-COLORCON INC-cus-', 'Can you tell me how I can change the name on my account? When I created it, I accidentally put the name of the person taking the training where I should have put my name. Can that be changed to reflect my name since I now set up training for others?  Thanks for your help. Patricia Beck '),
('2441893696r', 1619550835, 6, 4, 478, 1619551319, 1, 0, 0, 0, 1, 23, 0, 0, 1, 3, 0, 0, 1, '1600 x 900', 'Mark Follansbee', 'follansbee@srcinc.com', '72.224.68.53', '1a2f1629e441057ea3bb03eae607c1cb', '', 'livechatimagelink', 'Live Chat Direct Link', 'Question Type:-_-Course Not Working as Expected-cus-Company-_-SRC-cus-Online Course-_-HAZWOPER 8 hour refresher-cus-', 'I cannot proceed even though I completed all sections of module 1 and got 100% on the quiz. '),
('244261046ru', 1619622511, 8, 4, 455, 1619622966, 1, 0, 0, 0, 2, 23, 0, 0, 1, 1, 0, 0, 0, '1280 x 720', 'Kim Weston', 'kim.weston@stantec.com', '159.21.3.10', '107d7cf028b1629c4a83f049020ceabd', '', '', '', 'Select Area of Inquiry:-_-New Registration-cus-Company-_-Stantec-cus-', 'Looking for upcoming dates for 40 hr. Hazwoper training in MI.'),
('244265366dh', 1619626831, 10, 5, 135, 1619626976, 1, 0, 0, 0, 2, 23, 0, 0, 1, 3, 0, 0, 2, '1920 x 1080', 'Karl Howell', 'kthowell@co.shasta.ca.us', '192.159.8.111', '2e199fccdee7b0ac818096bc5fc27508', '', '', '', 'Select Area of Inquiry:-_-Existing Registration-cus-Company-_-Shasta County District Attorneys Office-cus-', 'Do you have a list of upcoming in person classes for the 40 hours Hazwoper initial training?'),
('2444418516e', 1619803317, 8, 5, 1175, 1619804500, 1, 0, 0, 0, 2, 23, 0, 0, 1, 1, 0, 0, 1, '1920 x 1080', 'Robert Dominguez', 'robert.dominguez@fhr.com', '97.105.93.58', '8320c900dcf198bbebe57ef4a3ef1beb', '', '', '', 'Select Area of Inquiry:-_-Certificate Inquiry-cus-Company-_-Flint Hills Resources-cus-', 'Finish the course over 2 months and not yet received the certificate'),
('244689599vz', 1620051064, 16, 13, 451, 1620051531, 1, 0, 0, 0, 2, 23, 0, 0, 1, 1, 0, 0, 2, '1920 x 1080', 'Alexander Tieu', 'atieu@golder.com', '209.120.134.186', 'e1b8b74b66a06ba56ff719c026a486b9', '', '', '', 'Select Area of Inquiry:-_-Other-cus-Company-_-Golder-cus-', 'Module is frozen and need assistance'),
('244698903nn', 1620060369, 24, 4, 100, 1620060493, 1, 0, 0, 0, 2, 23, 0, 0, 1, 1, 0, 0, 1, '2087 x 1174', 'Marsha Manuel', 'marsha.manuel@cityofdenton.com', '198.49.140.104', 'a0d550470ad94c735ffa84babf6bf3f6', '', 'livechatimagelink', 'Live Chat Direct Link', 'Select Area of Inquiry:-_-Existing Registration-cus-Company-_-City of Denton-cus-', 'Can I get a copy of the itinerary for your Dallas Texas 40 hr. hazwoper class on May 21-25?'),
('244700389re', 1620061855, 28, 9, 371, 1620062254, 1, 0, 0, 0, 2, 23, 0, 0, 1, 1, 0, 0, 1, '1536 x 864', 'Amanda', 'afripp@chacompanies.com', '74.76.45.130', '2535c23dc6e8abdf126b44611acae14d', '', '', '', 'Select Area of Inquiry:-_-Other-cus-Company-_-Amanda Fripp-cus-', 'We have an employee working on the 40 Hour Hazwoper training online, we purchased through you.  How do we schedule the 8 hour in-person session that is supposed to be included in the cost of the 40 hour?'),
('244704211kq', 1620065676, 35, 13, 449, 1620066160, 1, 0, 0, 0, 2, 23, 0, 0, 1, 1, 0, 0, 1, '1920 x 1080', 'ty', 'tplenzler@evercoat.com', '74.219.83.198', 'c787e4d5dfe87710b3c3ff8a2b852378', '', '', '', 'Select Area of Inquiry:-_-Scheduling/Reschedule-cus-Company-_-Ty Plenzler-cus-', 'questions about hazwoper training'),
('244707809e6', 1620069274, 6, 3, 327, 1620069607, 1, 0, 0, 0, 1, 23, 0, 0, 1, 3, 0, 0, 1, '1920 x 1080', 'Jessica', 'jviola@crosbyenergy.com', '172.81.67.210', '592ae1349a8128014c7173677ad2a300', '', '', '', 'Question Type:-_-Computer/Network Issues-cus-Company-_-Crsoby Energy Services-cus-Online Course-_-Crsoby Energy Services-cus-', 'I can\'t get into our corporate account'),
('245052867me', 1620414332, 7, 5, 304, 1620414636, 1, 0, 0, 0, 2, 23, 0, 0, 1, 3, 0, 0, 0, '1920 x 1080', 'Sean Gill', 'sean@intlining.com', '68.190.186.114', 'fac084ddcbbdef8a6b0cbfaad437456b', '', '', '', 'Select Area of Inquiry:-_-Scheduling/Reschedule-cus-Company-_-International Lining Technology-cus-', 'I just registered 3 employees for 40 Hr Hazwoper training in Sac starting on 5/18. Can you please let me know what the class times are? Thanks. '),
('245291294ba', 1620652759, 14, 10, 942, 1620653715, 1, 0, 0, 0, 2, 23, 0, 0, 1, 3, 0, 0, 1, '1920 x 1080', 'Mubarek GEMTESSA', 'mubarek.gemtessa@state.mn.us', '156.98.161.187', '3f1a0dd5fe21a40c4ddc4c9f74f5864c', '', '', '', 'Select Area of Inquiry:-_-Existing Registration-cus-Company-_-Minnesota Department of Puplic Safety-cus-', 'While I was taking HAZWOPER course I faced trouble moving to next topic and I could not move to the next topic since friday. Its stuck and does not move when I click Next button'),
('2452952407g', 1620656705, 5, 3, 346, 1620657056, 1, 0, 0, 0, 2, 23, 0, 0, 1, 1, 0, 0, 1, '1536 x 864', 'Amanda Fripp', 'afripp@chacompanies.com', '74.76.45.130', '2535c23dc6e8abdf126b44611acae14d', '', '', '', 'Select Area of Inquiry:-_-Other-cus-Company-_-CHA Inc.-cus-', 'Our student Cynthia Chu completed her 40 hour training online and now needs to sign up for the 5/21 in person 8 hour class in Nyack, NY'),
('2453001933m', 1620661658, 28, 7, 555, 1620662241, 1, 0, 0, 0, 2, 23, 0, 0, 1, 1, 0, 0, 1, '1920 x 1080', 'neely crist', 'neely.crist@wastewater.com', '216.106.11.2', '46c041e69b2efb827050041ac4baa5b9', '', '', '', 'Select Area of Inquiry:-_-New Registration-cus-Company-_-environmental dynamics international, Inc-cus-', 'i purchased an osha 10, how do I get logged into it?\r\n'),
('245387521pr', 1620748986, 0, 0, 0, 0, 0, 0, 2, 0, 2, 23, 0, 0, 1, 1, 0, 0, 0, '1280 x 1024', 'Karen Glithero', 'kglithero@wm.com', '156.101.1.6', 'fc81df0b284860aa453ea203d132769b', '', '', '', 'Select Area of Inquiry:-_-Other-cus-Company-_-Waste Management-cus-', 'I need to verify your address for billing as I am trying to get a PO for a class. Is is 3980 Quebec Street, Suite 200 Denver, CO 80207'),
('245471991dh', 1620833457, 9, 5, 2, 1620833468, 1, 0, 0, 0, 2, 23, 0, 0, 1, 3, 0, 0, 2, '1920 x 1080', 'Gyeong Min Yoo', 'myoo@slrconsulting.com', '174.79.80.95', '8d64e084ec3c25aad4122180946f85e3', '', '', '', 'Select Area of Inquiry:-_-Existing Registration-cus-Company-_-SLR International Corporation-cus-', 'I have signed up for the 10 hr OSHA training but the training info is not coming into my email'),
('245472960p3', 1620834425, 7, 4, 469, 1620834901, 1, 0, 0, 0, 2, 23, 0, 0, 1, 3, 0, 0, 2, '1536 x 864', 'Matthew McCloskey', 'matthew.mccloskey@aecom.com', '65.240.194.62', 'e93598303f27b5d35803a48c16183602', '', '', '', 'Select Area of Inquiry:-_-Existing Registration-cus-Company-_-AECOM-cus-', 'Can you confirm that the Southfield, MI 40-hr HAZWOPER class for next week is a go?  I have already paid for registration for Danielle Marrone to attend. '),
('24555288078', 1620914346, 9, 7, 488, 1620914843, 1, 0, 0, 0, 2, 23, 0, 0, 1, 1, 0, 0, 2, '1920 x 1080', 'Yashvi', 'ypatel@scsengineers.com', '173.168.213.115', '341add93ede412655b14df66316f80b0', '', '', '', 'Select Area of Inquiry:-_-Scheduling/Reschedule-cus-Company-_-SCS Engineers-cus-', 'I have a credits pending from an earlier cancellation due to COVID-19. I would like to register myself for an upcoming 40-hr HAZWOPER'),
('24556743565', 1620928903, 6, 4, 695, 1620929604, 1, 0, 0, 0, 2, 23, 0, 0, 1, 1, 0, 0, 1, '1920 x 1080', 'Chris Stenzel', 'Christopher.Stenzel@tkinet.com', '72.44.194.34', '3a6d43d36139cbabbabaa918febe54cd', '', '', '', 'Select Area of Inquiry:-_-New Registration-cus-Company-_-Tessenderlo Kerley Inc-cus-', 'I Registered a new employee for a 40hr hazwoper class at the Madison Wi. location for 6/29-7/2 classes I never received a confirmation email with receipt of payment. I also need to know what time the classes start those days'),
('24557230896', 1620933774, 7, 3, 899, 1620934680, 1, 0, 0, 0, 2, 23, 0, 0, 1, 1, 0, 0, 2, '1670 x 939', 'Andrew Ramirez', 'Ramirez.Andrew@cleanharbors.com', '155.203.3.151', 'c73264c5658cee091b499cdfd7992fe5', '', 'livechatimagelink', 'Live Chat Direct Link', 'Select Area of Inquiry:-_-Certificate Inquiry-cus-Company-_-Cleanharbors-cus-', 'Need to obtain a 40 hour certificate for one of my employees for record keeping. '),
('24564201077', 1621003476, 11, 8, 360, 1621003847, 1, 0, 0, 0, 2, 23, 0, 0, 1, 3, 0, 0, 1, '1366 x 768', 'Kim Banathy', 'kim.banathy@stantec.com', '67.215.23.206', '383e22d94c157bd51fd312cfd2fb402a', '', '', '', 'Select Area of Inquiry:-_-New Registration-cus-Company-_-Stantec-cus-', 'Hello,\r\n\r\nLooking to register for the 40-hr HAZWOPER class in Denver for June 1-4 but I\'m not seeing an actual testing location. I will be purchasing the registrations but would also like a testing location so I can book our hotel at this time as well. Could you provide that? Thanks\r\n\r\nKB'),
('245983983q6', 1621345448, 9, 4, 237, 1621345694, 1, 0, 0, 0, 2, 23, 0, 0, 1, 3, 0, 0, 1, '1920 x 1080', 'Teresa', 'teresa.timmons@aecom.com', '34.100.75.97', 'cb1cbfdb2a75de29b21cca4eb6caf1a3', '', '', '', 'Select Area of Inquiry:-_-New Registration-cus-Company-_-AECOM-cus-', 'Are you offering in-person 40-Hour Hazwoper training?'),
('246077613a6', 1621439078, 24, 3, 211, 1621439313, 1, 0, 0, 0, 2, 23, 0, 0, 1, 1, 0, 0, 2, '1536 x 864', 'Steven Lange', 'Steven.Lange@apexcos.com', '24.160.86.120', '5947f00e0cb4de3b91b6564e5a333fdc', '', '', '', 'Select Area of Inquiry:-_-Scheduling/Reschedule-cus-Company-_-Apex Companies, LLC-cus-', 'Need to register for 8-hour in person part of the 40 hour Hazwoper certification. Finished 32 online hours.'),
('246078965e3', 1621440431, 10, 6, 530, 1621440971, 1, 0, 0, 0, 1, 23, 0, 0, 1, 3, 0, 0, 1, '1280 x 768', 'Kevin', 'kortiz@gulfmarinerepair.com', '70.126.11.83', '2e9f56be46389f5d7524d1674ede5ba1', '', 'livechatimagelink', 'Live Chat Direct Link', 'Question Type:-_-Course Not Working as Expected-cus-Company-_-Gulf Marine Repair -cus-Online Course-_-8 hr refresher-cus-', 'Completed section and assessment but wont let me click on next module'),
('246089850m7', 1621451315, 7, 5, 768, 1621452090, 1, 0, 0, 0, 2, 23, 0, 0, 1, 3, 0, 0, 1, '1920 x 1080', 'John Jansen', 'john_jansen@quadrachemicals.com', '73.155.177.238', '2d3207bed003f07efa0bc9297109d70d', '', '', '', 'Select Area of Inquiry:-_-New Registration-cus-Company-_-Quadra Chemicals, Inc-cus-', 'Trying to login to sign up for a new course, system cannot find my email\r\n'),
('24652438528', 1621885851, 10, 6, 304, 1621886165, 1, 0, 0, 0, 2, 23, 0, 0, 1, 1, 0, 0, 1, '1680 x 1050', 'Ryan Price', 'ryan.price@denverwater.org', '73.34.114.167', '18e6e4cb603e38cfcd6b8145671a6aca', '', '', '', 'Select Area of Inquiry:-_-Scheduling/Reschedule-cus-Company-_-Ryan Price-cus-', 'Hi...I sent an invite for a 40 hour Hazwopper course to Chance Coe (chance.coe@denverwater.org) and he took too long to get into it as the invitation link has expired. Is it possible to get it resent to him with an invitation link?'),
('2466770285x', 1622038494, 7, 3, 623, 1622039124, 1, 0, 0, 0, 2, 23, 0, 0, 1, 1, 0, 0, 2, '1588 x 893', 'Michael Romero', 'mromero@bskassociates.com', '50.229.107.102', '2fa9743ef4c98f3be5546cedd962bee3', '', '', '', 'Select Area of Inquiry:-_-Existing Registration-cus-Company-_-BSK Associates-cus-', 'I did not realize I had a deadline to complete my hybrid 40-hour HAZWOPER course. My deadline is June 9th (2 weeks away). Is this the deadline for the the online portion only or does this mean I need to finish my 32 hours online and still schedule the in-person 8 hour course before June 9?'),
('247211207sx', 1622572673, 4, 2, 407, 1622573084, 1, 0, 0, 0, 1, 23, 0, 0, 1, 3, 0, 0, 1, '1680 x 1050', 'Ryan', 'ryan.evans@riotinto.com', '57.68.130.28', 'e007fc13198cbfd28fc7ed86ae0e4be9', '', '', '', 'Question Type:-_-Course Not Working as Expected-cus-Company-_-Rio Tinto Kennecott-cus-Online Course-_-Rio Tinto Kennecott-cus-', 'csregs doesn\'t recognize my account, again.'),
('247303991rh', 1622665456, 13, 8, 389, 1622665858, 1, 0, 0, 0, 1, 23, 0, 0, 2, 4, 0, 0, 1, '1680 x 1050', 'Arianna', 'Arianna.k.cunha@sfport.com', '73.189.210.89', 'df9b9aed04beb927f2ad514a4256d8a3', '', 'livechatimagelink', 'Live Chat Direct Link', 'Question Type:-_-Course Not Working as Expected-cus-Company-_-Port of SF-cus-Online Course-_-HAZWOPER Refresher-cus-', 'I am trying to move to the next lesson but even though I\'ve completed the first 3 the 4th lesson is still grey and won\'t let me do it.'),
('247373513zc', 1622734979, 37, 3, 473, 1622735489, 1, 0, 0, 0, 2, 23, 0, 0, 1, 3, 0, 0, 2, '1231 x 693', 'Anne C McCartney', 'mccartney.anne@epa.gov', '161.80.29.74', 'd2f0ce82e1224720758cbd2be2654296', '', '', '', 'Select Area of Inquiry:-_-New Registration-cus-Company-_-U.S. EPA - Region 10-cus-', 'Hi, Where can I register for the 40-hour HAZWOPER Hybrid delivery?\r\n\r\nThanks! '),
('247390819bu', 1622752285, 8, 5, 725, 1622753018, 1, 0, 0, 0, 2, 23, 0, 0, 1, 1, 0, 0, 1, '1368 x 912', 'wyatt renner', 'wyatt.renner@terracon.com', '67.169.117.199', '1ae366225d01709d0cd1b7e4feaa53ee', '', 'livechatimagelink', 'Live Chat Direct Link', 'Select Area of Inquiry:-_-New Registration-cus-Company-_-Terracon-cus-', 'trouble beginning hazwopper 40 hour training '),
('247802417ug', 1623163882, 11, 6, 337, 1623164230, 1, 0, 0, 0, 2, 23, 0, 0, 1, 3, 0, 0, 1, '1920 x 1080', 'Carolina', 'cluna@trccompanies.com', '165.225.39.116', '224cf4fa1cf7ad0b19c94a19746c7fbe', '', '', '', 'Select Area of Inquiry:-_-Scheduling/Reschedule-cus-Company-_-TRC-cus-', 'I am finishing the online portion of my 40h HAZWOPER, I\'d like to know where the hands on can be taken before scheduling it '),
('2478175602x', 1623179025, 0, 0, 0, 0, 0, 0, 2, 0, 2, 23, 0, 0, 1, 1, 0, 0, 0, '1920 x 1080', 'Robert Rice', 'robert.rice@wastewater.com', '216.106.11.2', '87f72ed197bd74ddfeb8b7b302be7406', '', '', '', 'Select Area of Inquiry:-_-Other-cus-Company-_-Environmental Dynamics INTL.-cus-', 'I cant get logged in to my account '),
('247976286x6', 1623337754, 12, 8, 765, 1623338531, 1, 0, 0, 0, 2, 23, 0, 0, 1, 1, 0, 0, 1, '1366 x 768', 'Tanuja Ramsaroop', 'ray@d-troxlabs.co.za', '197.83.232.195', '873280e81e3de3f28a87e17eb994d39b', '', '', '', 'Select Area of Inquiry:-_-New Registration-cus-Company-_-D-TROXLABS-cus-', 'WILL I RECEIVE A CERTIFICATE IF I COMPLETE THE BASIC RADIATION SAFTEY COURSE?'),
('247979606sw', 1623341071, 11, 8, 107, 1623341189, 1, 0, 0, 0, 2, 23, 0, 0, 1, 3, 0, 0, 2, '1536 x 865', 'Mark Spencer', 'mark.spencer@cvgrp.com', '208.87.234.180', '5e1baf704557dc2a86418a6e2f1c4839', '', '', '', 'Select Area of Inquiry:-_-New Registration-cus-Company-_-Mark Spencer-cus-', 'Once I start an online class do I have to finish it the same day or can I save my progress and spread the training over several days?\r\n'),
('248060966xg', 1623422431, 26, 5, 339, 1623422796, 1, 0, 0, 0, 2, 23, 0, 0, 1, 3, 0, 0, 1, '1680 x 1050', 'Mary Toner', 'mary.toner@aecom.com', '204.76.196.113', '979969312345951353810047a7a6f64f', '', '', '', 'Select Area of Inquiry:-_-Scheduling/Reschedule-cus-Company-_-AECOM-cus-', 'Hello! \r\n\r\nI\'m currently doing the online 40-hour HAZWOPER training, and was looking at the 8-hour dress-outs. I\'m based in southeastern Massachusetts. Do you know whether there\'s a dress-out in the Boston area before the one on July 9th? \r\n\r\nI see the one in Hartford, CT on July 2nd, but the distance plus 4th of July traffic would make that a very, very long drive, so I was hoping there might be one closer.\r\n\r\nThank you!'),
('248061924vw', 1623423390, 23, 5, 1429, 1623424842, 1, 0, 0, 0, 2, 23, 0, 0, 1, 3, 0, 0, 1, '1280 x 720', 'Clem', 'clementsmith15@gmail.com', '65.27.228.203', '912cd62696921d8c9562af33daf87dd5', '', '', '', 'Select Area of Inquiry:-_-Certificate Inquiry-cus-Company-_-Tanaq-cus-', 'Hi, \r\n Do you offer online OSHA 30hour construction certification?\r\nThanks,'),
('2483192697t', 1623680735, 11, 8, 150, 1623680896, 1, 0, 0, 0, 2, 23, 0, 0, 5, 3, 0, 0, 2, '393 x 851', 'Olivia Covert', 'Olivia.covert@aptim.com', '172.58.143.131', '2dc4bbb9a78a449b1affeddf3dc8ed62', '', '', '', 'Select Area of Inquiry:-_-Certificate Inquiry-cus-Company-_-Aptim-cus-', 'I need a copy of my certificate sent to orcovert@gmail.com'),
('248319780j3', 1623681246, 7, 3, 448, 1623681701, 1, 0, 0, 0, 2, 23, 0, 0, 1, 1, 0, 0, 1, '1680 x 1050', 'Joshua Holloman', 'joshua.holloman.2@us.af.mil', '132.13.149.96', '6c47132f833fedb539b6f302c1bc0121', '', '', '', 'Select Area of Inquiry:-_-Other-cus-Company-_-Kansas Adjutant General-cus-', 'I made an order for the DOT Hazmat Online training course and am attempting to pay with a PO, but I don\'t see anyplace to put the PO number in.'),
('2483243628n', 1623685828, 11, 6, 532, 1623686371, 1, 0, 0, 0, 1, 23, 0, 0, 1, 1, 0, 0, 1, '1920 x 1080', 'Fabian Mena', 'fabian.mena@safety-kleen.com', '155.203.3.82', '121765869b7baf7b2f580f75ab588bed', '', '', '', 'Question Type:-_-Course Not Working as Expected-cus-Company-_-Safety Kleen a Clean Harbors Company-cus-Online Course-_-24 hrs HAZWOPER-cus-', 'How can I print out my certificate after completion of training?'),
('248327613dn', 1623689078, 8, 6, 368, 1623689454, 1, 0, 0, 0, 2, 23, 0, 0, 1, 1, 0, 0, 1, '1536 x 864', 'Cynthia Chu', 'cchu@chacompanies.com', '74.76.45.130', '689a563fb9f19903c79c57c1d9058c27', '', '', '', 'Select Area of Inquiry:-_-Existing Registration-cus-Company-_-CHA Consulting, Inc.-cus-', 'Cynthia completed the online portion of 40 hour Hazwoper training.  She still needs to compete the in person 8 hour.  She tried to attend in Nyack, NY on 521 but there were not enough attendees.  Can you please sing her up for the 6/18 course in Nyack?'),
('24833182357', 1623693288, 13, 10, 1005, 1623694306, 1, 0, 0, 0, 2, 23, 0, 0, 1, 1, 0, 0, 1, '1600 x 900', 'Caleigh Casey', 'ccasey@trcsolutions.com', '165.225.220.242', 'de875dbd7cc89b2796a6a01a262e7472', '', 'livechatimagelink', 'Live Chat Direct Link', 'Select Area of Inquiry:-_-Certificate Inquiry-cus-Company-_-TRC-cus-', 'It says that there is an assessment after the radiation safety course, where do I find it?'),
('248340620mt', 1623702085, 10, 6, 322, 1623702417, 1, 0, 0, 0, 2, 23, 0, 0, 1, 1, 0, 0, 1, '1093 x 614', 'Henry Bzdak', 'henry.bzdak@ingeteam.com', '4.34.66.250', 'af2c88ff0741fe26488892ec9ed750b4', '', '', '', 'Select Area of Inquiry:-_-New Registration-cus-Company-_-Ingeteam-cus-', 'Want to set up CSR as a supplier to Ingeteam.'),
('248412021pn', 1623773486, 23, 5, 814, 1623774323, 1, 0, 0, 0, 2, 23, 0, 0, 1, 3, 0, 0, 2, '1920 x 1080', 'Pam Shively', 'pss2154@columbia.edu', '156.111.111.69', '208ef21503c606325ef7ec921c6983f4', '', '', '', 'Select Area of Inquiry:-_-Certificate Inquiry-cus-Company-_-Columbia University EH&S-cus-', 'Samira Joussef Pina completed HAZWOPER 24 online on April 20, 2021 and we have not yet received her certificate.\r\n\r\n04/20/2021 18:45:52\r\nSamira,\r\nCongratulations, you passed \"24 Hour HAZWOPER\".\r\nA certificate of completion and wallet card will be sent via U.S. mail. Please allow 7 to 10 business days to receive your certificate. If your company has paid for your training, please check with your H&S department after 7 to 10 business days to ensure your certification has arrived and is on file.\r\nNote: We cannot release certificates of completion until full payment of tuition has been received. If your course is paid in full, we can expedite a copy of your certificate of completion within 24-hours via fax or email for a fee of $10. To arrange for an expedited certificate, please contact customer service at 1-800-711-2706, Ext. 1.\r\nThank you for your business. We look forward to serving you again in the future.\r\nThe Compliance Solutions Team\r\n________________________________________\r\n\r\nPlease advise on the status of the certificate.\r\n\r\nThank you.\r\n\r\nPam Shively'),
('248495453k9', 1623856919, 24, 5, 864, 1623857807, 1, 0, 0, 0, 2, 23, 0, 0, 5, 3, 0, 0, 1, '412 x 846', 'Manfred Cortez', 'manfredcortez@yahoo.com', '172.56.39.31', '5b1e4b770538d7da132ce93daffc4d73', '', '', '', 'Select Area of Inquiry:-_-Certificate Inquiry-cus-Company-_-Clean Harbors-cus-', 'I chatted with a previous person on here regarding my certificate. He said he was going to send it through email but never got the email. Can someone follow up on this please? '),
('2485080492w', 1623869515, 8, 3, 517, 1623870040, 1, 0, 0, 0, 1, 23, 0, 0, 1, 3, 0, 0, 1, '1920 x 1080', 'lucien friedenfels', 'lfriedenfels@parametrix.com', '65.113.135.194', '507106504f1a7209b327abd98829fb73', '', 'livechatimagelink', 'Live Chat Direct Link', 'Question Type:-_-Computer/Network Issues-cus-Company-_-Parametrix-cus-Online Course-_-40hr hazwoper-cus-', 'My log in credentials are not working. I was hoping to get registered for the classroom portion of the hazwoper training as I completed the online course earlier this year'),
('248508873kd', 1623870339, 8, 4, 299, 1623870646, 1, 0, 0, 0, 2, 23, 0, 0, 5, 3, 0, 0, 1, '360 x 760', 'Joedeelee Rigdon', 'Joedeelee.rigdon@apexcos.com', '12.235.187.181', '0b87ab14c978f62f70187f1b3891d2c8', '', '', '', 'Select Area of Inquiry:-_-Scheduling/Reschedule-cus-Company-_-Apex Companies -cus-', 'Hello, I have completed my online training portion of my 40 hour hazwoper training and need to sign up for an 8 hour dress out. Ideally I\'d like to sign up for the one in Tampa on the 25th '),
('2485950667t', 1623956531, 9, 4, 1909, 1623958449, 1, 0, 0, 0, 2, 23, 0, 0, 1, 3, 0, 0, 1, '1920 x 1080', 'Yashvi Patel', 'yjspatel@gmail.com', '107.144.112.10', 'b3d9be68ce519384f1d2d3ccbbe5913c', '', '', '', 'Select Area of Inquiry:-_-Scheduling/Reschedule-cus-Company-_-SCS Engineers-cus-', 'Hi, I have an existing reservation for a class happening in Tampa next week. I would like to know the reschedule policy'),
('248680181sr', 1624041647, 11, 9, 573, 1624042231, 1, 0, 0, 0, 1, 23, 0, 0, 1, 1, 0, 0, 2, '1920 x 1080', 'Sean', 'sean.pohl@safety-kleen.com', '70.191.20.217', '972d655286f2e3b822542b455c37b44d', '', 'livechatimagelink', 'Live Chat Direct Link', 'Question Type:-_-Course Not Working as Expected-cus-Company-_-Safety Kleen-cus-Online Course-_-24hr Hazwoper-cus-', 'Course not working. Stuck on a blank page, won\'t let me continue. Ive reset multiple times, tried different web browsers.'),
('248923319yj', 1624284784, 10, 6, 652, 1624285446, 1, 0, 0, 0, 2, 23, 0, 0, 1, 3, 0, 0, 2, '1536 x 864', 'Garett Smith', 'garetts@my-lei.com', '71.89.143.82', '8e226b73e65aef83ef14629df1c048f1', '', '', '', 'Select Area of Inquiry:-_-Scheduling/Reschedule-cus-Company-_-Lakeshore Environmental, Inc-cus-', 'My class in Lansing MI was cancelled and I would like to reschedule/transfer to another class.'),
('2489235559q', 1624285020, 10, 6, 340, 1624285370, 1, 0, 0, 0, 2, 23, 0, 0, 5, 3, 0, 0, 1, '360 x 760', 'Joedeelee Rigdon', 'Joedeelee.rigdon@apexcos.com', '72.187.5.236', '25e059fefeb12e61cdbe4aecfed1f27e', '', '', '', 'Select Area of Inquiry:-_-Scheduling/Reschedule-cus-Company-_-Apex Companies-cus-', 'Hello, I am trying to register for the onsite training in Tampa on Friday and I cannot reach the office by phone. Can I do it here or can you direct me to a phone number that works?'),
('248923599qk', 1624285064, 0, 0, 0, 0, 0, 0, 1, 0, 2, 0, 0, 0, 1, 3, 0, 0, 0, '1920 x 1080', 'Allison Schneider', 'aschneider@ramboll.com', '96.91.70.29', 'f8367054e4a0d9c0fd5f7f329b183ada', '', '', '', 'Select Area of Inquiry:-_-Scheduling/Reschedule-cus-Company-_-Ramboll-cus-', 'I have two new hires at my company that I need to schedule for their dress out training, and I don\'t believe that the phone line is working\r\n'),
('248924066wg', 1624285531, 14, 10, 467, 1624286012, 1, 0, 0, 0, 2, 23, 0, 0, 1, 3, 0, 0, 2, '1920 x 1080', 'Schneider', 'allisonschneider567@gmail.com', '96.91.70.29', 'f8367054e4a0d9c0fd5f7f329b183ada', '', '', '', 'Select Area of Inquiry:-_-Scheduling/Reschedule-cus-Company-_-Ramboll-cus-', 'I am trying to schedule the dress out for two of my employees, and I haven\'t been able to get through the phone lines at all this morning'),
('248924464xr', 1624285930, 12, 9, 452, 1624286394, 1, 0, 0, 0, 2, 23, 0, 0, 1, 3, 0, 0, 1, '1536 x 864', 'Mary', 'mary.toner@aecom.com', '204.76.196.113', '0173ef8115f2ef6e7551d19c574da5c2', '', '', '', 'Select Area of Inquiry:-_-Existing Registration-cus-Company-_-AECOM-cus-', 'Hello! My name is Mary. I\'m working on the 40 Hour HAZWOPER Training and have completed the 32 hours of online training, and so am looking to register for the 8-hour hands-on training. I\'m having trouble with the Customer Service phoneline, so was hoping I could do it through livechat. The hands-on training I was hoping to register for is July 2nd, 2021, in Hartford, CT. I know your site says to call on the Monday of the week the class is scheduled, but my supervisor was hoping I could register earlier. Is it possible for me to register for the July 2nd 8-hour training in Windsor, CT today, via this chat?'),
('248925743k6', 1624287209, 9, 6, 2537, 1624289755, 1, 0, 0, 0, 2, 23, 0, 0, 1, 1, 0, 0, 2, '1920 x 1080', 'Taki Shinkawa', 'taki.shinkawa@aecom.com', '34.99.89.222', '72422a1b80040c806e6175c080a9426f', '', '', '', 'Select Area of Inquiry:-_-New Registration-cus-Company-_-Taki Shinkawa-cus-', 'Trying to help co-worker register. Your customer service number is not working. Can someone call me at 216-630-7090?'),
('248927030z7', 1624288500, 14, 11, 210, 1624288724, 1, 0, 0, 0, 2, 23, 0, 0, 1, 1, 0, 0, 2, '1920 x 1080', 'John Rollino', 'john.rollino@aecom.com', '65.240.194.62', '751bf85da09a1f2809104eab63b711c9', '', 'livechatimagelink', 'Live Chat Direct Link', 'Select Area of Inquiry:-_-Scheduling/Reschedule-cus-Company-_-AECOM-cus-', 'My employee is finishing her online (Hybrid) training today.  I believe she then has to perform a one-day in person training.  What days do you have available this week or next week in the New York City area (including NJ, CT or Philadelphia)&gt;'),
('248927339ed', 1624288804, 12, 7, 439, 1624289255, 1, 0, 0, 0, 2, 23, 0, 0, 1, 3, 0, 0, 1, '1920 x 1080', 'Theresa Schieber', 'tschieber@liquidwasteremoval.com', '50.195.211.38', 'b0ce2b9f55a163ff430a18fc6f996b95', '', '', '', 'Select Area of Inquiry:-_-Scheduling/Reschedule-cus-Company-_-Liquid Waste Removal, Inc-cus-', 'I have an employee, Michael Turmail, who I need to take the In Class portion of the 40Hr Hazwoper this Friday in Indianapolis, IN.   His voucher ID is  8ZIV9GC.  Can you help with that.   I tried the 800 number but it is not going through and getting answered. '),
('248928304es', 1624289769, 0, 0, 0, 0, 0, 0, 2, 0, 2, 23, 0, 0, 1, 3, 0, 0, 0, '1280 x 720', 'nicholas poole', 'nicholas.poole@tetratech.com', '165.225.217.0', '499d289c254cd79d3ddc74c0c2839d8e', '', '', '', 'Select Area of Inquiry:-_-Existing Registration-cus-Company-_-Tetra Tech-cus-', 'i was given a \"internet code\" during my 40 hr HAZWOPER dress out class to  access the final exam online.  Where do i access the final exam?'),
('248929387jh', 1624290852, 7, 3, 482, 1624291341, 1, 0, 0, 0, 2, 23, 0, 0, 1, 3, 0, 0, 1, '1366 x 768', 'Ryan Arnoldi', 'ryan.arnoldi@anteagroup.us', '97.92.44.128', '79ea074ca3472d08eec1028113d16618', '', '', '', 'Select Area of Inquiry:-_-New Registration-cus-Company-_-Antea Group-cus-', 'I need to schedule the dress out class for three colleagues that we have all completed the 40 Hour online. I tried calling your 1-800 number but nothing happens when I call '),
('248934952w5', 1624296417, 25, 5, 877, 1624297319, 1, 0, 0, 0, 2, 23, 0, 0, 1, 1, 0, 0, 1, '1280 x 720', 'Kellye', 'kbatewell@tectonicengineering.com', '173.62.83.82', '74254f113f9e1f767dd1c547d09d0bd9', '', '', '', 'Select Area of Inquiry:-_-Scheduling/Reschedule-cus-Company-_-Tectonic Engineering-cus-', 'Hello-  I have tried calling your contact number but it is just dead air.  I need to schedule the \"8-hour dress out course\" for Daniela Parrino.  Daniela has completed the 32 hours of online training.  The only day that would cause a conflict is 7/1/21.  Thank you!'),
('248935576x4', 1624297042, 25, 6, 347, 1624297414, 1, 0, 0, 0, 2, 23, 0, 0, 1, 3, 0, 0, 1, '1920 x 1080', 'John Rollino', 'john.rollino@aecom.com', '65.240.194.62', 'ec4e6354ef1043124d15136bff8c6941', '', '', '', 'Select Area of Inquiry:-_-Scheduling/Reschedule-cus-Company-_-AECOM-cus-', 'I have an employee taking the 40-hr hybrid HAZWOPR Course. She should finish tonight or tomorrow. \r\nMy question is can I sign her up for the one-day field portion right now or do i have to wait until she completes the online portion?'),
('2489427488r', 1624304214, 26, 7, 352, 1624304592, 1, 0, 0, 0, 2, 23, 0, 0, 1, 1, 0, 0, 1, '1920 x 1080', 'Frank Guzman', 'Frank.guzman@signatureflight.com', '204.239.11.6', '9d1f6dabec4eee02845a14324d2356e6', '', 'livechatimagelink', 'Live Chat Direct Link', 'Select Area of Inquiry:-_-Certificate Inquiry-cus-Company-_-Signature Flight Support-cus-', 'Where is my certificate? I completed the training on 05/06/21 I still haven\'t received my certificate. I need it for audit purposes.'),
('24894489045', 1624306355, 30, 9, 510, 1624306895, 1, 0, 0, 0, 2, 23, 0, 0, 1, 3, 0, 0, 2, '1920 x 1080', 'Maciej Mietkowski', 'mmietkowski@langan.com', '96.232.92.55', '1a7012a4b1945889cff9ef4d35dadda1', '', '', '', 'Select Area of Inquiry:-_-Certificate Inquiry-cus-Company-_-Langan Engineering-cus-', 'I need to extend my training certificate. Didn\'t realize it was expiring mid month and not at the end of June.'),
('2489453432v', 1624306808, 29, 9, 169, 1624307006, 1, 0, 0, 0, 2, 23, 0, 0, 1, 1, 0, 0, 2, '955 x 537', 'Wendy Luce', 'wendy.luce@aptim.com', '73.253.112.239', 'bfc3047158914ba699886242c4017320', '', '', '', 'Select Area of Inquiry:-_-New Registration-cus-Company-_-APTIM-cus-', 'I\'m logged in but don\'t see my training.\r\n'),
('248945720kk', 1624307184, 0, 0, 74, 1624307258, 1, 0, 0, 0, 2, 19, 23, 0, 1, 3, 0, 0, 1, '', 'Tiffany', 'CustomerService@csregs.com', '207.155.18.52', 'op2op', '', 'op2op', '', '', 'Operator to Operator Chat Request'),
('249022964hk', 1624384430, 8, 4, 545, 1624384983, 1, 0, 0, 0, 2, 23, 0, 0, 1, 1, 0, 0, 1, '1280 x 720', 'Andrew Gardner', 'andrew.gardner@erm.com', '174.198.92.153', '36c7079be56fdf66211ff4fa1f9a3458', '', '', '', 'Select Area of Inquiry:-_-Scheduling/Reschedule-cus-Company-_-ERM-cus-', 'Hi, I took the online training course back in March and am now looking at dates to complete the in-person training. It looks like there is an in person session in Portland, Oregon on the week of 7/23. Can I please register for this? '),
('249104162z9', 1624465627, 11, 8, 524, 1624466162, 1, 0, 0, 0, 2, 23, 0, 0, 1, 1, 0, 0, 1, '1920 x 1080', 'Mili', 'msatpal@jsr-nahq.com', '63.145.233.189', 'ccd52b526c445dd747254decba6490a8', '', '', '', 'Select Area of Inquiry:-_-New Registration-cus-Company-_-JSR Micro-cus-', 'I want to do the 40-hr HAZWOPER training, for the hands-on part, what are the locations offered? and the schedule of classes. '),
('24911331152', 1624474782, 10, 7, 578, 1624475370, 1, 0, 0, 0, 2, 23, 0, 0, 1, 1, 0, 0, 2, '1920 x 1080', 'Chris Stenzel', 'christopher.stenzel@tkinet.com', '72.44.194.34', '8a9bc801fe787f65eba03248d1039374', '', '', '', 'Select Area of Inquiry:-_-Existing Registration-cus-Company-_-Tessenderlo Kerley-cus-', 'I have a student registered for the 40 hour Hazwoper class to take place June 29- July 2 in Madison Wisconsin. I was wondering if this class was a go for sure'),
('249117599cg', 1624479065, 12, 10, 892, 1624479969, 1, 0, 0, 0, 2, 23, 0, 0, 1, 1, 0, 0, 1, '1280 x 720', 'Jim Bannantine', 'jbannantine@geosyntec.com', '174.230.15.15', '5806ba1d0e21f678e0d7b8c7c00d66bb', '', '', '', 'Select Area of Inquiry:-_-New Registration-cus-Company-_-Jim Bannantine-cus-', 'Can you clarify where the hands-on training for 40-hr Hazwoper is conducted?  Is it in the same location as the 40-hr instructor-led classes?  I want to get someone registered in St. Louis, but am not sure when and where the 8-hr hands on portions are held.\r\n'),
('249121469g5', 1624482934, 9, 6, 448, 1624483391, 1, 0, 0, 0, 1, 23, 0, 0, 1, 1, 0, 0, 2, '1920 x 1080', 'ellsworth jennison', 'ellsworth.jennison@sfport.com', '208.121.64.7', 'f0ccd003da9b4ca3c7d02b5ffa4f11ee', '', 'livechatimagelink', 'Live Chat Direct Link', 'Question Type:-_-Course Not Working as Expected-cus-Company-_-port of sf-cus-Online Course-_-hazwoper-cus-', 'curse won\'t let me advance to next section'),
('249121935rb', 1624483401, 0, 0, 0, 0, 0, 0, 3, 0, 1, 23, 0, 0, 1, 1, 0, 0, 0, '', 'Visitor', 'null', '208.121.64.7', 'f0ccd003da9b4ca3c7d02b5ffa4f11ee', '', 'livechatimagelink', '', '0', 'null'),
('2491219493t', 1624483414, 5, 3, 14, 1624483433, 1, 0, 0, 0, 1, 23, 0, 0, 1, 1, 0, 0, 2, '', 'Visitor', 'null', '208.121.64.7', 'f0ccd003da9b4ca3c7d02b5ffa4f11ee', '', 'livechatimagelink', '', '0', 'null'),
('2492723007n', 1624633765, 8, 4, 262, 1624634027, 1, 0, 0, 0, 2, 23, 0, 0, 1, 1, 0, 0, 0, '1920 x 1080', 'Nicholas Zygmont', 'nickzygmont@gmail.com', '24.91.132.199', 'a6332db7fc6ad188da03df4de88c8d8b', '', '', '', 'Select Area of Inquiry:-_-Certificate Inquiry-cus-Company-_-BL Companies-cus-', 'Hello, I took my 40 hour hazwoper course back in April of 2014. I have an email saying I passed. I unfortunately am unable to locate my certificate and was wondering how to get one because to login it says I do not have my email registered. Is it possible to get a digital copy sent to me? Thank you.'),
('249288126st', 1624649591, 10, 5, 1042, 1624650643, 1, 0, 0, 0, 2, 23, 0, 0, 1, 3, 0, 0, 2, '1920 x 1080', 'Justin Cunningham', 'justin.cunningham@pfanstiehl.com', '50.204.70.202', 'da2966370c0c0211af5acd9962e68288', '', '', '', 'Select Area of Inquiry:-_-Scheduling/Reschedule-cus-Company-_-Pfanstiehl-cus-', 'I assigned seats to a class but need to extend the deadline for finishing the course. How can I extend the date?'),
('249527445j9', 1624888910, 7, 5, 322, 1624889239, 1, 0, 0, 0, 2, 23, 0, 0, 1, 3, 0, 0, 2, '1920 x 1080', 'Spencer Davis', 'Davis2sj@gmail.com', '96.225.74.131', '2d6ee5e54309f473d3d7560598c7c35c', '', '', '', 'Select Area of Inquiry:-_-New Registration-cus-Company-_-stantec-cus-', 'Cant get into my account. \r\nive ordered an online training course and cant start'),
('24953191332', 1624893378, 8, 5, 345, 1624893731, 1, 0, 0, 0, 2, 23, 0, 0, 1, 1, 0, 0, 2, '1920 x 1080', 'Justin Sedam', 'jsedam@golder.com', '76.19.150.176', '7d2b18f9312db4e1a1eb3f52a273e456', '', '', '', 'Select Area of Inquiry:-_-Existing Registration-cus-Company-_-Golder Associates-cus-', 'I need to access my HAZWOPER training and finish the course.'),
('24954132443', 1624902790, 7, 4, 480, 1624903270, 1, 0, 0, 0, 1, 23, 0, 0, 1, 1, 0, 0, 0, '1920 x 1080', 'John Ruff', 'john.ruff@aptim.com', '72.204.64.175', 'c184d874831c225380916f03fe1c0a33', '', 'livechatimagelink', 'Live Chat Direct Link', 'Question Type:-_-Course Not Working as Expected-cus-Company-_-APTIM-cus-Online Course-_-8 Hr OSHA refresher-cus-', 'Course will not allow me to move on to next module once complete with module.'),
('249626302mp', 1624987767, 7, 5, 388, 1624988162, 1, 0, 0, 0, 2, 23, 0, 0, 1, 1, 0, 0, 1, '1366 x 768', 'Aneige Hatfield', 'ahatfield@cedarvilleeng.com', '75.150.180.109', '707b0073e804ce172fa05191e2ab0ad7', '', '', '', 'Select Area of Inquiry:-_-Scheduling/Reschedule-cus-Company-_-CEDARVILLE Engineering Group, LLC-cus-', 'I have registered an employee to take the 8 hour in person dress out course to complete their 40 hour Hazwoper certification, we may have a scheduling conflict and might need to reschedule. What is the fee to reschedule the training?'),
('249700326pj', 1625061792, 5, 3, 603, 1625062395, 1, 0, 0, 0, 2, 23, 0, 0, 1, 3, 0, 0, 0, '1536 x 864', 'Marie Stephens', 'mstephens@toeroek.com', '69.25.110.80', 'db775afcb1434425e7adc4b86945a710', '', '', '', 'Select Area of Inquiry:-_-New Registration-cus-Company-_-Toeroek Associates-cus-', 'What are your current course offerings for the Hazwoper 40 in the Denver area?  Is this still a hybrid course?  We are looking to send a new hire July 13-16 in person if possible. ');
INSERT INTO `p_req_log` (`ces`, `created`, `accepted`, `accepted_op`, `duration`, `ended`, `status`, `archive`, `status_msg`, `initiated`, `deptID`, `opID`, `op2op`, `marketID`, `os`, `browser`, `transferred`, `tag`, `disc`, `resolution`, `vname`, `vemail`, `ip`, `md5_vis`, `sim_ops`, `onpage`, `title`, `custom`, `question`) VALUES
('249700359qg', 1625061825, 9, 5, 795, 1625062629, 1, 0, 0, 0, 2, 23, 0, 0, 5, 3, 0, 0, 1, '384 x 854', 'Andre Payne', 'Apayne@wocmaintenance.com', '107.117.168.171', '281b0e6ff929746bbcbf0a987755483e', '', 'livechatimagelink', 'Live Chat Direct Link', 'Select Area of Inquiry:-_-Existing Registration-cus-Company-_-WOC-cus-', 'I am needing my class reinstalled for me to access.My login has expired, I was able to login to start it. '),
('249714213dj', 1625075679, 24, 5, 742, 1625076445, 1, 0, 0, 0, 2, 23, 0, 0, 1, 3, 0, 0, 1, '1680 x 1050', 'Margaret Mikulich', 'mmikulich@plexsci.com', '108.48.188.147', '7caefe7c79ffbf7d9da9e8c55492bfc0', '', '', '', 'Select Area of Inquiry:-_-Scheduling/Reschedule-cus-Company-_-Plexus Scientific Corporation-cus-', 'I am trying to determine if a remote employee\'s home is nearby a training facility. She needs HAZWOPER initial 40-hr training & lives in Orlando FL. Your website lists TWO training locations \r\n(1) 2014 W Colonial Dr, Orlando, FL 32804, and\r\n(2) 5767 T G Lee Blvd, Orlando, FL 32822\r\nWhich is the location for the 40-hr HAZWOPER training? '),
('249718785ea', 1625080251, 9, 5, 319, 1625080579, 1, 0, 0, 0, 2, 23, 0, 0, 1, 1, 0, 0, 2, '1920 x 1080', 'Yassin Mostafa', 'ymostafa@frccorp.com', '97.64.216.26', 'a0577a715538376ddf5a316202b3c968', '', '', '', 'Select Area of Inquiry:-_-Existing Registration-cus-Company-_-FRC Corp-cus-', 'Hi, \r\n\r\nSo I just completed the 40-hr Hazwoper training course, but I do not see any voucher sent to me in order to register for the in-person 8hr training. \r\n'),
('2497198753y', 1625081340, 0, 0, 0, 0, 0, 0, 2, 0, 2, 23, 0, 0, 1, 3, 0, 0, 0, '1920 x 1080', 'Christopher A Gardner', 'c.gardner@danbury-ct.gov', '71.234.203.34', '8d2ccfeef4b4d5e5ad8d32c9ae01230d', '', '', '', 'Select Area of Inquiry:-_-Scheduling/Reschedule-cus-Company-_-City of Danbury Public Utilities-cus-', 'I need to schedule my 8 hour in person HAzwoper 40'),
('249786882md', 1625148347, 12, 8, 173, 1625148520, 1, 0, 0, 0, 2, 23, 0, 0, 1, 3, 0, 0, 0, '1536 x 864', 'Tony Klimek', 'tonyklimek3@gmail.com', '65.31.21.200', 'bb5ed877cf2d4e2b9563be4e90fe17da', '', '', '', 'Select Area of Inquiry:-_-Other-cus-Company-_-Geosyntec-cus-', 'I have issues logging in\r\n\r\n'),
('249800190q7', 1625161655, 8, 3, 431, 1625162094, 1, 0, 0, 0, 2, 23, 0, 0, 1, 3, 0, 0, 2, '1920 x 1080', 'Alexandra Milne', 'alexandra.m.milne@asu.edu', '50.205.171.74', '219a2b6a83d44ca4c73172eee2547705', '', '', '', 'Select Area of Inquiry:-_-Certificate Inquiry-cus-Company-_-HVJ Associates/ Epic Engineering-cus-', 'I obtained my initial 40-Hour HAZWOPER through my prior company, HVJ Associates, and I recently completed my 8-Hour refresher. Can I merge these accounts to the email above so that both certificates are in the same account and location?'),
('2502232667p', 1625584734, 9, 3, 308, 1625585051, 1, 0, 0, 0, 1, 23, 0, 0, 1, 3, 0, 0, 1, '1280 x 720', 'Sharyn Kelsey', 'sharyn.kelsey@safety-kleen.com', '155.203.3.121', 'c84305e29c2a703e56b0d8d2e9676a6a', '', 'livechatimagelink', 'Live Chat Direct Link', 'Question Type:-_-Course Not Working as Expected-cus-Company-_-Clean Harbors-cus-Online Course-_-Hazwoper 24hr-cus-', 'I have spent the required time on the first two sections but it will not allow me to start the course'),
('250230525rp', 1625591990, 8, 3, 711, 1625592709, 1, 0, 0, 0, 2, 23, 0, 0, 1, 3, 0, 0, 1, '1920 x 1080', 'Gustav Borstad', 'gmbrstad@memphis.edu', '141.225.23.221', '02c382733c923341b848ab89dfdb8dc6', '', '', '', 'Select Area of Inquiry:-_-Other-cus-Company-_-Gustav Borstad-cus-', 'HAZWOPER Refresher required within the past twelve months, or within the past calendar year? And is dress-out required?'),
('250305998kc', 1625667463, 25, 5, 730, 1625668218, 1, 0, 0, 0, 2, 23, 0, 0, 1, 3, 0, 0, 2, '1600 x 900', 'Garett Smith', 'garetts@my-lei.com', '97.91.7.69', '78b69e0be4cfa4897c694bf53b670fae', '', '', '', 'Select Area of Inquiry:-_-Scheduling/Reschedule-cus-Company-_-Lakeshore Environmental, Inc-cus-', 'Hello, I would like to reschedule my 40 hour, instructor led HAZWOPER course that was cancelled recently.'),
('2503153456a', 1625676810, 24, 3, 463, 1625677297, 1, 0, 0, 0, 2, 23, 0, 0, 1, 3, 0, 0, 1, '1920 x 1080', 'John Waechter', 'john.waechter@aptim.com', '23.246.82.234', '82080c79fa627358ff59d5e83af6b232', '', '', '', 'Select Area of Inquiry:-_-Other-cus-Company-_-APTIM-cus-', 'For the 40 hour HAZWOPER course, what is the closest location to Brooklyn, NY for the 8 hour classroom portion?\r\n'),
('250409475xr', 1625770940, 8, 4, 244, 1625771184, 1, 0, 0, 0, 2, 23, 0, 0, 1, 1, 0, 0, 0, '1280 x 720', 'Jimmy Gibson', 'jimmy.gibson@freese.com', '97.75.108.6', '418d3cae96da8a7c1d31c24b7b07f41c', '', 'livechatimagelink', 'Live Chat Direct Link', 'Select Area of Inquiry:-_-Existing Registration-cus-Company-_-Freese and Nichols, Inc.-cus-', 'I need to get a 30 day extension on my course'),
('250478878w4', 1625840343, 7, 3, 832, 1625841182, 1, 0, 0, 0, 2, 23, 0, 0, 1, 3, 0, 0, 1, '1920 x 1080', 'Leah Nelson', 'nelsonleahirene@gmail.com', '70.88.224.29', 'e6777d4c1ad7537fd6e7c16b7740edbc', '', '', '', 'Select Area of Inquiry:-_-Certificate Inquiry-cus-Company-_-SSPA-cus-', 'Is it possible to get a copy of my 40 hr certificate?  I completed the training with you in December 2015.  Thank you in advance.'),
('250479390u9', 1625840855, 24, 6, 280, 1625841159, 1, 0, 0, 0, 2, 23, 0, 0, 1, 3, 0, 0, 2, '1280 x 720', 'Danielle Wilder', 'dwilder1519@charter.net', '24.211.156.84', '238a6e83afc9550a888d78351ed74230', '', '', '', 'Select Area of Inquiry:-_-New Registration-cus-Company-_-US Ecology-cus-', 'My employer will be registering me for the 40hour HAZWOPER training in Raleigh, NC 7/20-7/23.  Is it possible to get a pdf manual for the class prior to the start date?  Thank you for your help.'),
('250760051py', 1626121516, 12, 7, 308, 1626121836, 1, 0, 0, 0, 2, 23, 0, 0, 1, 3, 0, 0, 2, '1920 x 1080', 'Steven Papatrefon', 'mailboxforme19@gmail.com', '45.131.195.37', 'f7b894595576216784c68c5355810ad3', '', '', '', 'Select Area of Inquiry:-_-Certificate Inquiry-cus-Company-_-HL Petroleum Co., Inc.-cus-', 'Has my certificate of completion been mailed yet?  I completed the 8 hr osha refresher course on June 30th.'),
('2507615697n', 1626123034, 7, 4, 431, 1626123472, 1, 0, 0, 0, 2, 23, 0, 0, 1, 3, 0, 0, 2, '1920 x 1080', 'Kititke Johnson Cook', 'kititke.cook@anteagroup.us', '68.201.64.111', '472b4999076ae3557715fc50f1b055ee', '', '', '', 'Select Area of Inquiry:-_-Other-cus-Company-_-Antea Group-cus-', 'I have an employee who started their 40-hour HazWOpER class with you all and has a certificate to complete the hands on portion.  How do we go about getting her signed up for the hands-on portion?'),
('25076439537', 1626125861, 7, 5, 456, 1626126324, 1, 0, 0, 0, 2, 23, 0, 0, 1, 3, 0, 0, 1, '1920 x 1080', 'Dawn Schock', 'dschock@brwncald.com', '137.83.223.202', '46c8924bcf6bbc82dda3bc301c5943b9', '', '', '', 'Select Area of Inquiry:-_-New Registration-cus-Company-_-Brown and Caldwell-cus-', 'Do you offer hybrid learning for 40-hour HAZWOPER training? I\'m browsing your site, and I can\'t seem to find it. '),
('250832828xu', 1626194293, 0, 0, 0, 0, 0, 0, 2, 0, 2, 23, 0, 0, 1, 3, 0, 0, 0, '1536 x 864', 'Jason T Ruchalski', 'jruchalski@creamerenvironmental.com', '24.89.186.106', '9454fb5c96e4f3a55711bafdab835834', '', '', '', 'Select Area of Inquiry:-_-New Registration-cus-Company-_-Creamer Environmental-cus-', 'I am in the process of signing up a new hire for a 40 hour HAZWOPER course.  The 8-hour in person training that you offer is held where?  We are based in Cedar Grove, NJ and we would want to do that in person training some time the week of 8-23-21.'),
('25092063575', 1626282100, 12, 9, 512, 1626282624, 1, 0, 0, 0, 2, 23, 0, 0, 1, 3, 0, 0, 1, '1920 x 1080', 'Michael Olsen', 'mikeo@ramcompany.com', '209.33.201.27', 'a357dc9b2ae43fc2ad41fe18a8a9aa07', '', '', '', 'Select Area of Inquiry:-_-Existing Registration-cus-Company-_-RAM AS&D-cus-', 'Is the training I signed up for being held in the Double Tree Hotel? If so, do they offer a discount if I stay there during the course?'),
('250927815vy', 1626289280, 8, 6, 234, 1626289522, 1, 0, 0, 0, 2, 23, 0, 0, 1, 3, 0, 0, 2, '1920 x 1080', 'Jen', 'jen.garner@aecom.com', '97.113.86.77', 'dd2556ce34ee2b5ce4707b08b7cb9411', '', '', '', 'Select Area of Inquiry:-_-Scheduling/Reschedule-cus-Company-_-AECOM-cus-', 'Hi there.  I need to complete my 8-hour HAZWOPER refresher this week for fieldwork that I\'ll be performing starting on Monday, July 19.  Is this course a \"push play\" course or are there scheduled webinar events?'),
('251016297y8', 1626377762, 16, 13, 1431, 1626379209, 1, 0, 0, 0, 2, 23, 0, 0, 1, 3, 0, 0, 2, '1280 x 721', 'Madison Smith', 'madison.smith@arcadis.com', '74.221.178.230', '0f20f1f1636d3068c990eab2b839f002', '', '', '', 'Select Area of Inquiry:-_-New Registration-cus-Company-_-Arcadis, Inc.-cus-', 'Are the sessions for the 40-hr Initial Site Worker trainings in-person or online? '),
('25109610692', 1626457573, 6, 3, 936, 1626458515, 1, 0, 0, 0, 2, 23, 0, 0, 1, 3, 0, 0, 2, '1366 x 768', 'Charles Dahlen', 'chdahlen@yahoo.com', '50.76.44.253', 'a44edfaac0315c716554d2242d4c9a12', '', '', '', 'Select Area of Inquiry:-_-Certificate Inquiry-cus-Company-_-Clean harbors-cus-', 'I am hoping to get a copy of my Osha 40 Cert '),
('251348260mp', 1626709726, 8, 7, 877, 1626710603, 1, 0, 0, 0, 2, 23, 0, 0, 1, 1, 0, 0, 0, '1366 x 768', 'Andy Whitty', 'Andy.Whitty@denvergov.org', '8.42.69.21', 'e0403324ffd2c7f64bcca8dc681afbd8', '', 'livechatimagelink', 'Live Chat Direct Link', 'Select Area of Inquiry:-_-New Registration-cus-Company-_-CCoD-cus-', 'Assistance with log in to take OSHA 8 hr refresher'),
('251354060aw', 1626715526, 5, 3, 277, 1626715808, 1, 0, 0, 0, 2, 23, 0, 0, 4, 2, 0, 0, 1, '1920 x 1080', 'Kim Beatty', 'kimbeatty66@gmail.com', '75.172.34.224', 'b674b827b37195c9db519e80a05075d7', '', '', '', 'Select Area of Inquiry:-_-New Registration-cus-Company-_-N/A-cus-', 'I am trying to register for the HAZWOPER40 as an individual with no affiliation with any company. I want to pay for this myself to improve my chances of getting hired in an evironmental geoscientist position.When I try to register for the online hybrid option, it will not let me because it wants me to fill out company information. Is this training not for individuals?  '),
('251441626h5', 1626803092, 7, 4, 202, 1626803301, 1, 0, 0, 0, 2, 23, 0, 0, 1, 3, 0, 0, 2, '1536 x 864', 'Cristy', 'kesselc@gmail.com', '74.82.253.168', '09e1522e6fec95e31109b753592df2d0', '', '', '', 'Select Area of Inquiry:-_-Scheduling/Reschedule-cus-Company-_-NA-cus-', 'Hello - wondering for the Denver 8/24-8/27 40 hour HAZWOPER training, what are the hours each day?  I would need to fly in to attend, so checking on a return flight time.'),
('251446287jv', 1626807752, 9, 5, 317, 1626808078, 1, 0, 0, 0, 2, 23, 0, 0, 1, 3, 0, 0, 2, '1920 x 1080', 'Kent Carlson', 'kent.carlson@state.co.us', '24.49.134.56', '8baf0590f782d5370dfb18c4161d649c', '', '', '', 'Select Area of Inquiry:-_-Certificate Inquiry-cus-Company-_-Colorado Department of Public Health and Environment-cus-', 'Hi There CS,\r\n\r\nI finished the requirements for the 40 hour Hazwoper class, including the 8hr in-person dress out class, and final test (88%; 07/02/21). I\'ve been watching for the completion certificate, but have not yet seen it. Can you please confirm that this has been sent to 1931 Wildfire Road, Estes Park, CO 80517?'),
('251617402yq', 1626978867, 29, 6, 344, 1626979240, 1, 0, 0, 0, 2, 23, 0, 0, 1, 3, 0, 0, 2, '1536 x 864', 'Nancy', 'nancy.j.smith@nasa.gov', '156.68.153.45', 'fc0bd3841263c438a16bb815560c3a27', '', '', '', 'Select Area of Inquiry:-_-New Registration-cus-Company-_-AMENTUM-cus-', 'American Express card was declined. Website says you take Am Ex.  Is there a way to find out why it was declined?  What system do you use?  Sometimes that is an issue.  \r\n'),
('251626149cx', 1626987615, 22, 3, 746, 1626988383, 1, 0, 0, 0, 2, 23, 0, 0, 1, 3, 0, 0, 1, '1680 x 1050', 'Ryan Bonnette', 'ryan.bonnette@wilhelmsen.com', '50.230.205.138', '2b064137643189fc6648668b2a7b857e', '', '', '', 'Select Area of Inquiry:-_-Certificate Inquiry-cus-Company-_-WILHELMSEN SHIPS SERVICE-cus-', 'I have my certificate of completion for IATA dangerous goods transportation, but i was wondering if there is any other certificate or training needed on top of whati have already done. i want to make sure i am certified to pack, ship and sign off on dangerous goods documents'),
('251700004wx', 1627061470, 31, 6, 1512, 1627063013, 1, 0, 0, 0, 2, 23, 0, 0, 1, 1, 0, 0, 1, '1920 x 1200', 'Edward Holbrook', 'edward.holbrook@ecy.wa.gov', '165.151.210.112', '82453b9ab26316ec92a568cc3ac908fe', '', '', '', 'Select Area of Inquiry:-_-New Registration-cus-Company-_-Edward Holbrook-cus-', 'In order for us to get approval for training within our organization, we have to have to following information to fill in.  Do you have a Vendor ID or Employer Identification Number I could get for our approval form?  Also do you would you provide an invoice for us to give to our accounts payable\'s team?'),
('251948939d4', 1627310404, 21, 3, 1049, 1627311474, 1, 0, 0, 0, 2, 23, 0, 0, 1, 3, 0, 0, 1, '1920 x 1080', 'Poya Yasaei', 'p.yasaei@gmail.com', '165.225.60.206', 'fa246df38592593da7f0ea2c277a27d1', '', '', '', 'Select Area of Inquiry:-_-Certificate Inquiry-cus-Company-_-Exponent-cus-', 'My certificate date is not right'),
('252117584x2', 1627479049, 7, 4, 532, 1627479581, 1, 0, 0, 0, 2, 23, 0, 0, 1, 3, 0, 0, 0, '1536 x 864', 'Breana Whittaker', 'whittaker.breana@epa.gov', '161.80.29.86', 'f08d093e23a1438ab26e57344cc78e25', '', '', '', 'Select Area of Inquiry:-_-New Registration-cus-Company-_-EPA-cus-', 'Can you tell me more about the hybrid training option? Are the 8hour in person sessions provided during the existing class times and at those locations? '),
('2521405184k', 1627501983, 15, 13, 598, 1627502596, 1, 0, 0, 0, 2, 23, 0, 0, 1, 3, 0, 0, 1, '1920 x 1080', 'Kent Carlson', 'kent.carlson@state.co.us', '24.49.134.56', '331c3a00ae8b643fd3a63e676ffd2303', '', '', '', 'Select Area of Inquiry:-_-Certificate Inquiry-cus-Company-_-Colorado Department of Public Health and Environment-cus-', 'Can\'t get into my account or reset my password using any of my emails... and... where you sent my certificate to has not received it. Can you send a hardcopy duplicate or electronic version to another address?'),
('252208229we', 1627569696, 13, 10, 1239, 1627570948, 1, 0, 0, 0, 2, 23, 0, 0, 1, 3, 0, 0, 1, '1280 x 720', 'Robert Pelkey', 'robert.pelkey@wsp.com', '174.216.7.18', 'c7bb76bd9fe86f2f4277233a7f85e703', '', '', '', 'Select Area of Inquiry:-_-Existing Registration-cus-Company-_-WSP-cus-', 'If I remember correctly from when I started that I could request a one time extension on my course.  Is this correct and do you charge a fee?'),
('2525540758e', 1627915540, 7, 3, 554, 1627916101, 1, 0, 0, 0, 2, 23, 0, 0, 1, 1, 0, 0, 1, '1280 x 720', 'Jeff Dick', 'jdick@hgl.com', '50.215.143.110', 'b0dea6cfda5d0613b299ff517b3d6896', '', '', '', 'Select Area of Inquiry:-_-Scheduling/Reschedule-cus-Company-_-HGL-cus-', 'Where/when are the 8 hour hands on training provided for 40 Hr OSHA Hazwoper?'),
('252559506a5', 1627920972, 28, 7, 602, 1627921574, 1, 0, 0, 0, 2, 23, 0, 0, 1, 3, 0, 0, 0, '1536 x 864', 'Emma Auriti', 'Emma.auriti@wsp.com', '174.59.189.96', '6bf4d2a49d8118017b3cf4a1fcf10cb9', '', '', '', 'Select Area of Inquiry:-_-New Registration-cus-Company-_-WSP USA-cus-', 'Good Morning-Compliance Solutions is still offering the online 40 Hour Hazwoper Training - Hybrid Option; is that correct?'),
('252564200jv', 1627925665, 0, 0, 0, 0, 0, 0, 2, 0, 2, 23, 0, 0, 5, 3, 0, 0, 0, '412 x 869', 'Jason Chadbourne', 'chadbourne3868@gmail.com', '172.58.84.0', '0ed5a1dc517ea147a3e41b1fa8a99a7b', '', '', '', 'Select Area of Inquiry:-_-Certificate Inquiry-cus-Company-_-Signature Flight Support-cus-', 'I took a class online with my old company for hazardous material shipping I was wondering if you have my certificate on file and could send it to me. '),
('2525731329w', 1627934600, 31, 11, 2361, 1627936961, 1, 0, 0, 0, 2, 23, 0, 0, 1, 1, 0, 0, 0, '1920 x 1080', 'Danny Doan', 'ddoan@honolulu.gov', '206.195.191.253', '755a01308c72fdd563d94a1515eda4b3', '', 'livechatimagelink', 'Live Chat Direct Link', 'Select Area of Inquiry:-_-New Registration-cus-Company-_-City and County of Honolulu-cus-', 'I can\'t log in to complete my training.  I think I need to register an account?'),
('252574982eg', 1627936447, 0, 0, 0, 0, 0, 0, 1, 0, 2, 23, 0, 0, 1, 3, 0, 0, 0, '1280 x 720', 'Jo Wang', 'jo.wang@arcadis.com', '98.182.236.155', 'a504eeb994a5a347b36c24d5b78bf886', '', '', '', 'Select Area of Inquiry:-_-New Registration-cus-Company-_-Arcadis U.S., Inc.-cus-', 'Hello, I would like to sign up a new employee for the hybrid online/hands-on HAZWOPER training. If I am the person who signs him up, will I be able to send him the log-in information for class? I do not need the class my self. Thanks. Jo'),
('252636761k8', 1627998226, 10, 6, 1257, 1627999493, 1, 0, 0, 0, 2, 23, 0, 0, 1, 1, 0, 0, 1, '1680 x 1050', 'Sarah Sylvester ', 'SSylvester@Geosyntec.com', '47.207.16.144', 'c33d28f85fa7e2bb4d6e4b6b3881a3fb', '', '', '', 'Select Area of Inquiry:-_-Certificate Inquiry-cus-Company-_-Sarah Sylvester-cus-', 'I need to complete the 8 hour field training component of the 40 hr HAZWOPER course. Is that something I can do online? Which course do I take? '),
('252652441k6', 1628013906, 0, 0, 0, 0, 0, 0, 2, 0, 2, 23, 0, 0, 1, 3, 0, 0, 0, '1280 x 720', 'Cassara R Cutler', 'cassara_cutler@woodbridgegroup.com', '96.66.26.162', '272e61b35623897d733a1ba2199ef9b0', '', '', '', 'Select Area of Inquiry:-_-Existing Registration-cus-Company-_-Woodbridge Corporation-cus-', 'WHat time does the training start for the Detroit(Southfield) 24 hour hazwoper\r\n'),
('252742520BY', 1628103985, 0, 0, 0, 0, 0, 0, 2, 0, 2, 23, 0, 0, 1, 3, 0, 0, 0, '1920 x 1080', 'Arla Brunner', 'abrunner@sangamo.com', '4.28.14.179', '967436bceac7486df9c239cc9107fc83', '', '', '', 'Select Area of Inquiry:-_-New Registration-cus-Company-_-Sangamo Therapeutics-cus-', 'I thought Sangamo Therapeutics had an account but when I said I forgot my password I received the response ...No account found with that email.'),
('252812954ET', 1628174421, 0, 0, 0, 0, 0, 0, 1, 0, 2, 23, 0, 0, 1, 3, 0, 0, 0, '1280 x 720', 'Delilah Routtenberg', 'routtenberg.delilah@cleanharbors.com', '155.203.3.38', '183626c1b890c5e351474fd6e2c905ba', '', '', '', 'Select Area of Inquiry:-_-Certificate Inquiry-cus-Company-_-Clean Harbors-cus-', 'I have 2 employees who have not received their certificate for their 40 hour hazwoper training.  can these be emailed to me? '),
('252814040VH', 1628175506, 0, 0, 0, 0, 0, 0, 2, 0, 2, 23, 0, 0, 1, 3, 0, 0, 0, '1280 x 720', 'Delilah Routtenberg', 'routtenberg.delilah@cleanharbors.com', '155.203.3.38', '183626c1b890c5e351474fd6e2c905ba', '', '', '', 'Select Area of Inquiry:-_-Certificate Inquiry-cus-Company-_-Clean Harbors-cus-', 'I have 2 employees who have not received their hazwoper certificates.  Can these be emailed to us? '),
('252821022HE', 1628182492, 0, 0, 0, 0, 0, 0, 1, 0, 2, 23, 0, 0, 5, 3, 0, 0, 0, '320 x 658', 'Jeff', 'jeff_klline@csregs.com', '172.58.59.185', '74691ca0e1770afceb9be7bfcb56bebb', '', '', '', 'Select Area of Inquiry:-_-Other-cus-Company-_-CS-cus-', 'Hello??'),
('252827810BQ', 1628189274, 0, 0, 55, 1628189329, 1, 0, 0, 0, 2, 19, 18, 0, 1, 3, 0, 0, 1, '', 'Aaron', 'CustomerService@csregs.com', '50.222.123.98', 'op2op', '', 'op2op', '', '', 'Operator to Operator Chat Request'),
('252827945TQ', 1628189409, 0, 0, 37, 1628189446, 1, 0, 0, 0, 2, 19, 18, 0, 1, 3, 0, 0, 1, '', 'Aaron', 'CustomerService@csregs.com', '50.222.123.98', 'op2op', '', 'op2op', '', '', 'Operator to Operator Chat Request'),
('252830003EX', 1628191468, 24, 3, 122, 1628191614, 1, 0, 0, 0, 2, 23, 0, 0, 1, 3, 0, 0, 2, '1920 x 1080', 'Wally', 'webmaster@technomax.com', '70.54.51.210', '1ad80413afef6a73bd5646e69289b3ff', '', 'https://cs-chatsupport.com/support/setup/code.php', 'PHP Live Support', 'Select Area of Inquiry:-_-Other-cus-Company-_-Technomax-cus-', 'Just testing the system - thanks'),
('252836244WZ', 1628197709, 13, 9, 186, 1628197908, 1, 0, 0, 0, 2, 19, 0, 0, 1, 3, 0, 0, 2, '1536 x 864', 'mary ann whalen', 'mwhalen@hikma.com', '198.24.108.90', 'd7f0852dbe1c61e7e9eb81a48f41be0e', '', '', '', 'Select Area of Inquiry:-_-Other-cus-Company-_-hikma-cus-', 'I took the DOTHazmat course 5 years ago.  Do I need to re-take the course or could I do a refresher.  I just want to make sure to sign up for the correct course'),
('252912287NX', 1628273754, 9, 7, 962, 1628274725, 1, 0, 0, 0, 1, 23, 0, 0, 1, 3, 0, 0, 1, '1920 x 1080', 'Michael Heck', 'michaelh@earth-engineers.com', '71.59.200.179', '241dabf413c358d1fe2ffc5f8846275a', '', 'http://www.csregs.com/', 'HAZWOPER OSHA EPA DOT Occupational Safety and Health Administration Environmental Protection Agency Department of Transportation Compliance Solutions ', 'Question Type:-_-Display/Browser Issue-cus-Company-_-Earth Engineers-cus-Online Course-_-HAZWOPER 40-cus-', 'I seem to be stuck on this confined spaces assessment, i think i need to retake the assesment however all the answers seem locked and not able to re-try'),
('253159287VJ', 1628520752, 30, 8, 695, 1628521477, 1, 0, 0, 0, 2, 23, 0, 0, 1, 1, 0, 0, 1, '1920 x 1080', 'Carl Lehman', 'carl.lehman@stantec.com', '108.231.238.33', '2d2efd0760eeb856296a1c640850db9e', '', '', '', 'Select Area of Inquiry:-_-Existing Registration-cus-Company-_-Stantec-cus-', 'I\'m registered for an online course and it shows up in my order history, how do I access the course instruction/materials?'),
('2531698724R', 1628531340, 10, 6, 725, 1628532075, 1, 0, 0, 0, 2, 23, 0, 0, 1, 3, 0, 0, 1, '1536 x 960', 'John', 'jdizinno@craworld.com', '47.48.193.238', '28b2a7dd1474b4cb4e190a89b0d947d6', '', '', '', 'Select Area of Inquiry:-_-Scheduling/Reschedule-cus-Company-_-GHD-cus-', 'Can you verify that the 40-Hour HAZWOPER Initial Site Worker course scheduled for 8/17 to 8/20 in Atlanta, GA is confirmed?\r\n\r\nAlso, if choosing the online option for this course which still requires the 8-hour in person portion, are the training dates/locations for this the same as those shown for the 40-hour course?'),
('253245334Z9', 1628606799, 16, 10, 4142, 1628610957, 1, 0, 0, 0, 2, 23, 0, 0, 1, 3, 0, 0, 1, '1920 x 1080', 'Beth', 'BRICHTER@RAMBOLL.COM', '24.1.83.181', '99551016c59b5533a6e3f24c52e7a69d', '', '', '', 'Select Area of Inquiry:-_-Scheduling/Reschedule-cus-Company-_-Ramboll-cus-', 'IL course dates for hybrid OSHA 40 hr course'),
('253253963K2', 1628615428, 46, 9, 409, 1628615883, 1, 0, 0, 0, 2, 23, 0, 0, 1, 3, 0, 0, 1, '1920 x 1080', 'Manny Cruz', 'cruz.manny@cleanharbors.com', '155.203.3.231', '7e442d517205396375285d1c0ef6e57e', '', 'livechatimagelink', 'Live Chat Direct Link', 'Select Area of Inquiry:-_-Existing Registration-cus-Company-_-Clean Harbors-cus-', 'I cannot start the course. after I passed another one. '),
('253267080M5', 1628628545, 28, 8, 94, 1628628667, 1, 0, 0, 0, 2, 23, 0, 0, 1, 3, 0, 0, 2, '1600 x 900', 'Amanda', 'amandab@fgsfrontrange.com', '23.24.139.57', '6a7e9501cd3d57e16445d0c8ae13e554', '', '', '', 'Select Area of Inquiry:-_-New Registration-cus-Company-_-First General Services-cus-', 'just placed new order, need to confirm attendee name is correct'),
('253326988N2', 1628688453, 11, 6, 1195, 1628689659, 1, 0, 0, 0, 2, 23, 0, 0, 1, 1, 0, 0, 1, '1536 x 864', 'Adam Lawrence', 'adamlawrenceusmc@gmail.com', '71.186.234.67', '559d2651e41656cc2533d02856994689', '', '', '', 'Select Area of Inquiry:-_-Certificate Inquiry-cus-Company-_-American DND-cus-', 'Good Morning, I have completed and passed the Hazwoper OSHA Site Supervisor course on 08/11/21 and cannot find the certificate on my account.       \r\nIs there a way I can gave a copy of the certificate e-mailed to me?\r\n\r\n\r\n                                   '),
('2533444147A', 1628705880, 16, 14, 660, 1628706556, 1, 0, 0, 0, 2, 19, 0, 0, 1, 1, 0, 0, 2, '1920 x 1080', 'Jamie', 'jschnieders@dudek.com', '68.65.68.21', '15dda6b5d7f5eb9cca80b538ae53d193', '', '', '', 'Select Area of Inquiry:-_-New Registration-cus-Company-_-Dudek-cus-', 'Hello, I would like to sign up for a 40hr HAZWOPER course, but I want to make sure there is a subsequent 8-hr hands on class offer in my area. '),
('253780111GN', 1629141576, 13, 6, 633, 1629142222, 1, 0, 0, 0, 2, 23, 0, 0, 1, 3, 0, 0, 1, '1920 x 1080', 'Rachel Straub', 'rachel.straub@wsp.com', '173.70.199.147', 'bfcd72931522285423a8a0c8d1da2f35', '', '', '', 'Select Area of Inquiry:-_-Certificate Inquiry-cus-Company-_-WSP-cus-', 'I am unable to locate a copy of my certificate for my HAZWOPER 40 hour course'),
('2537805958Q', 1629142061, 7, 4, 831, 1629142899, 1, 0, 0, 0, 1, 23, 0, 0, 1, 1, 0, 0, 2, '1280 x 720', 'Ryan', 'rheslop@golder.com', '209.120.243.10', '26303b8d5e3edd4f5baf860c8ba783c2', '', 'livechatimagelink', 'Live Chat Direct Link', 'Question Type:-_-Course Not Working as Expected-cus-Company-_-Golder Associates-cus-Online Course-_-OSHA 8hr refresher-cus-', 'The course isn\'t continuing after I completed the first section of the course. The 1st lesson shows complete and the test passed, but the next section is still greyed out and can\'t be started.'),
('253867066A4', 1629228531, 23, 5, 323, 1629228877, 1, 0, 0, 0, 2, 23, 0, 0, 1, 3, 0, 0, 0, '1536 x 864', 'Breana', 'whittaker.breana@epa.gov', '173.59.39.150', 'dd4ffd89427f98ccc0fd251c71e2fc29', '', '', '', 'Select Area of Inquiry:-_-New Registration-cus-Company-_-EPA-cus-', 'Is there a published nationwide schedule for the 8 hour in-person course required following the online training for the hybrid course?'),
('253935695MC', 1629297161, 25, 7, 730, 1629297916, 1, 0, 0, 0, 2, 23, 0, 0, 1, 1, 0, 0, 1, '1280 x 720', 'Lisa ', 'lgossett@hikma.com', '4.16.215.2', '94de57c645ce5096df2e9bb855ab2092', '', '', '', 'Select Area of Inquiry:-_-Other-cus-Company-_-Hikma-cus-', 'Hello. I paid for two courses for an employee here Mary Ann Whalen. I received an email saying to log into the account and add participants but I am not seeing this in my account. Needing some help. Thanks,'),
('254036833EZ', 1629398298, 0, 0, 0, 0, 0, 0, 2, 0, 2, 23, 0, 0, 1, 3, 0, 0, 0, '1920 x 1080', 'Jon Puliafico', 'JPULIAFICO@LORDENV.COM', '199.59.120.65', '41dde2e94c52e1c1e1e87442265e79d8', '', '', '', 'Select Area of Inquiry:-_-Existing Registration-cus-Company-_-Lord Environmental-cus-', 'My deadline with Compliance Solutions is tomorrow.  I would like an extension'),
('2540387365Z', 1629400201, 0, 0, 0, 0, 0, 0, 1, 0, 2, 23, 0, 0, 1, 3, 0, 0, 0, '1280 x 720', 'christian', 'Christian.kammel@arcadis.com', '108.201.199.146', '248d236fa3a66cf709670437f0fc538d', '', '', '', 'Select Area of Inquiry:-_-Scheduling/Reschedule-cus-Company-_-arcadis-cus-', 'I have a 8 hour course in the morning but did not receive and informational email\r\n'),
('254113806QQ', 1629475272, 18, 12, 373, 1629475663, 1, 0, 0, 0, 2, 19, 0, 0, 1, 1, 0, 0, 2, '2560 x 1440', 'David Stone', 'david.stone@erm.com', '209.172.29.242', '0262a9d8fda8eb0fa35b65f2956a203b', '', 'http://www.csregs.com/', 'HAZWOPER OSHA EPA DOT Occupational Safety and Health Administration Environmental Protection Agency Department of Transportation Compliance Solutions ', 'Select Area of Inquiry:-_-Scheduling/Reschedule-cus-Company-_-ERM-cus-', 'I have not received a notification to schedule the in-person portion of this hybrid coarse. I am in Portland Oregon and wondering when this will be available. I just received a notification that in person classes are available in Portland, should I expect that the in-person component of this coarse will be available soon? '),
('254123149AK', 1629484615, 12, 8, 775, 1629485402, 1, 0, 0, 0, 1, 23, 0, 0, 1, 3, 0, 0, 1, '1463 x 823', 'Nick Clouser', 'nickclouser@kennedyjenks.com', '73.12.189.58', '95ecde7061e3edf3ba79e919312fe974', '', 'http://www.csregs.com/', 'HAZWOPER OSHA EPA DOT Occupational Safety and Health Administration Environmental Protection Agency Department of Transportation Compliance Solutions ', 'Question Type:-_-Course Not Working as Expected-cus-Company-_-Kennedy Jenks-cus-Online Course-_-Confined Space-cus-', 'I missed my first test with a 60% score. When I went to review my answers, I think I messed something up as it wont let me retest.'),
('2541254814K', 1629486947, 27, 7, 1007, 1629487981, 1, 0, 0, 0, 2, 23, 0, 0, 1, 1, 0, 0, 1, '1920 x 1080', 'Tyler Allen', 'tyler.allen@terracon.com', '96.18.71.18', '991f3d74067bb5faf7f205cb5d7407fa', '', '', '', 'Select Area of Inquiry:-_-Scheduling/Reschedule-cus-Company-_-Terracon-cus-', 'I need to get a person through HAZWOPER and interested in online hybrid option.  Are dates and locations available for the hands on in person 8 hour day?  '),
('25445073234', 1629812198, 7, 3, 572, 1629812777, 1, 0, 0, 0, 2, 23, 0, 0, 1, 3, 0, 0, 1, '1536 x 864', 'aubrey wilson', 'wilson@robraconstruction.com', '174.199.226.12', '089f8a73660677dd8a24736f97b6b6d4', '', '', '', 'Select Area of Inquiry:-_-Other-cus-Company-_-robra construction inc-cus-', 'can you reset my pass word?  I can\'t seem to get into the program'),
('25445083744', 1629812302, 11, 9, 459, 1629812772, 1, 0, 0, 0, 2, 23, 0, 0, 1, 3, 0, 0, 1, '1680 x 1050', 'Krista Jackson ', 'krista.jackson@kuraray.com', '209.166.156.34', '6f35fb717408f474b289cde34e5bad32', '', '', '', 'Select Area of Inquiry:-_-Scheduling/Reschedule-cus-Company-_-Calgon Carbon -cus-', 'Where can I find a schedule of when and where the Confined Space Dress out is available for my employees who have completed their hybrid 40-Hour Hazwoper?'),
('254453842AG', 1629815308, 26, 4, 243, 1629815577, 1, 0, 0, 0, 2, 23, 0, 0, 1, 3, 0, 0, 2, '1280 x 720', 'Amy Parlette', 'amy.parlette@swca.com', '65.241.1.131', 'ad518d5c8b266ceb26e89d7927ab0a7d', '', '', '', 'Select Area of Inquiry:-_-New Registration-cus-Company-_-swca-cus-', 'I want to register for online 8 hr hazwhoper refresher. Once I pay, can I start today?'),
('254456073TE', 1629817539, 22, 4, 444, 1629818005, 1, 0, 0, 0, 2, 23, 0, 0, 1, 3, 0, 0, 2, '1587 x 893', 'Mark Lewis', 'malewis@engsys.com', '66.81.108.29', '5350949a4436369b36ef40c3f63681d1', '', '', '', 'Select Area of Inquiry:-_-New Registration-cus-Company-_-ESi-Dallas-cus-', 'I took your 40-hour HAZWOPER and it was great. But I need explicit certification for SCBA. Do you offer that or can you recommend somebody who does?'),
('254471604HG', 1629833070, 12, 8, 327, 1629833409, 1, 0, 0, 0, 2, 23, 0, 0, 1, 3, 0, 0, 1, '1920 x 1080', 'Eric Wharton', 'eric.wharton@lgcgroup.com', '208.87.235.180', '6310afecca8b8165507477b9f2614140', '', 'livechatimagelink', 'Live Chat Direct Link', 'Select Area of Inquiry:-_-Certificate Inquiry-cus-Company-_-LGC Biosearch-cus-', 'Its been 1 Year since my initial dot hazmat training, Do i need a refresher or in 2 years?'),
('254474877CC', 1629836343, 11, 7, 425, 1629836779, 1, 0, 0, 0, 2, 23, 0, 0, 1, 3, 0, 0, 2, '1504 x 1003', 'Cara Adelson', 'cara.adelson@denverwater.org', '174.248.153.84', '367d113f2d8fa7774ee917df3efffbe1', '', '', '', 'Select Area of Inquiry:-_-Existing Registration-cus-Company-_-Denver Water-cus-', 'I am signed up for the 40-hr HAZWOPER course where 32 hours is online and the final 8 hours are in person.\r\n\r\n1. Can you provide a list of dates that the 8-hr in-person portion is happening and how difficult it is find one of those days that has availability for an online student to come in?\r\n2. Do I take the course exam after all 40 hours are complete, or is it open to be taken after the online 32-hr portion is complete?'),
('254543905V8', 1629905371, 23, 5, 650, 1629906044, 1, 0, 0, 0, 2, 23, 0, 0, 1, 1, 0, 0, 2, '1536 x 864', 'angela ', 'kooleam@equate.com', '98.158.240.207', '006074d86f731f4e3ac478d28f6cec83', '', 'livechatimagelink', 'Live Chat Direct Link', 'Select Area of Inquiry:-_-Other-cus-Company-_-MEGlobal Americas-cus-', 'We have a couple people here at MEGlobal that need to attend classes in Katy.  I see for payment it says credit card or paypal. Do you not except Purchase orders?\r\nI don\'t see you on approved vendor as well\r\n'),
('254626460ZE', 1629987925, 26, 7, 1268, 1629989219, 1, 0, 0, 0, 2, 23, 0, 0, 1, 3, 0, 0, 1, '1920 x 1080', 'Melanie Peapell', 'mpeapell@med.miami.edu', '129.171.150.71', '9599af23831a45beebb6a5a419bfc15d', '', '', '', 'Select Area of Inquiry:-_-Existing Registration-cus-Company-_-University of Miami-cus-', 'What time does the in person training in Fort Lauderdale (8/30 - 9/3) begin and finish?'),
('2546293725E', 1629990837, 22, 3, 540, 1629991399, 1, 0, 0, 0, 2, 23, 0, 0, 1, 3, 0, 0, 2, '1920 x 1080', 'Tatiana', 'tbenitez@gleassociates.com', '47.206.207.125', '44358f91db64c46bd2659be7374eaca8', '', '', '', 'Select Area of Inquiry:-_-Scheduling/Reschedule-cus-Company-_-GLE Associates-cus-', 'Hello, \r\n\r\nIs the 40 hour Hazwoper training in Ft. Lauderdale on 8/31-9/3 still planned to happen? And is this an in-person training? We have a potential new hire we would like to get scheduled and I would like to confirm before signing them up.\r\n\r\nThank you!'),
('254637711Q8', 1629999176, 23, 5, 586, 1629999785, 1, 0, 0, 0, 2, 23, 0, 0, 1, 3, 0, 0, 1, '1920 x 1080', 'John Jansen', 'john_jansen@quadrachemicals.com', '12.166.187.162', 'c770dfd29eedb9ed3ef1bee3d6b703be', '', '', '', 'Select Area of Inquiry:-_-Existing Registration-cus-Company-_-Quadra-cus-', 'Cannot get logged in, waiting on password change email for 30 mins?'),
('254639498YH', 1630000963, 17, 15, 2123, 1630003103, 1, 0, 0, 0, 2, 19, 0, 0, 1, 3, 0, 0, 0, '1920 x 1080', 'John Jansen', 'john_jansen@quadrachemicals.com', '12.166.187.162', 'c770dfd29eedb9ed3ef1bee3d6b703be', '', '', '', 'Select Area of Inquiry:-_-Scheduling/Reschedule-cus-Company-_-Quadra-cus-', 'New invitation not sent'),
('254651983BB', 1630013448, 8, 6, 296, 1630013752, 1, 0, 0, 0, 2, 23, 0, 0, 2, 4, 0, 0, 1, '2048 x 1152', 'John', 'calenviron@yahoo.com', '73.222.72.150', '3845fd2984a465f0c3075d90e208a837', '', '', '', 'Select Area of Inquiry:-_-Other-cus-Company-_-CEMS Co., Inc.-cus-', 'RE 24 H HAZWOPER, online version. Can the online version of the training be done at the pace I need. I have to take it during working hours, and I will have phone calls, meetings, and other interruptions that will require me to stop of an undertermined length of time. I would be squeezing the training in with my work.  I need a program that I can stop and then resume. If I have to complete a whole module once I start, or start over because I stop, it would not be worth my while. Also, much of the training is redundant, can you skip or speed through the modules and take the test?'),
('254653473JN', 1630014938, 0, 0, 0, 0, 0, 0, 2, 0, 2, 19, 0, 0, 1, 3, 0, 0, 0, '1280 x 720', 'manjula dokku', 'mdokku@talisbio.com', '12.53.5.139', 'a8b053d5bc93892beee3a6c32ad83ff3', '', '', '', 'Select Area of Inquiry:-_-New Registration-cus-Company-_-Talis-cus-', 'I want to take IATA dangerous goods transportation course for certification'),
('254993642QV', 1630355108, 9, 6, 142, 1630355259, 1, 0, 0, 0, 1, 23, 0, 0, 1, 3, 0, 0, 2, '2560 x 1080', 'Ankur ', 'ankur.dass@arkema.com', '50.226.227.155', 'a951a217aea17b758cddbcfa1e4fc36d', '', 'livechatimagelink', 'Live Chat Direct Link', 'Question Type:-_-Course Not Working as Expected-cus-Company-_-Arkema-cus-Online Course-_-8 hour HAZWOPER-cus-', 'Unable to proceed past \"Course Overview\"; all the lessons are greyed-out. Please advise. '),
('255068004Z9', 1630429470, 27, 8, 294, 1630429791, 1, 0, 0, 0, 2, 23, 0, 0, 1, 3, 0, 0, 2, '1360 x 768', 'anthony adams', 'Anthonyadams0504@gmail.com', '12.110.154.41', '6c74801bd4b34e0230f902b6ebd65741', '', '', '', 'Select Area of Inquiry:-_-Existing Registration-cus-Company-_-Menzies aviation-cus-', 'it says my email is wrong '),
('255075201CT', 1630436667, 30, 9, 585, 1630437282, 1, 0, 0, 0, 2, 23, 0, 0, 1, 3, 0, 0, 1, '1680 x 1050', 'David Flores-Felix', 'david.flores-felix@wsp.com', '172.113.13.147', '4519ddc630b9443edb92fe9c73363391', '', '', '', 'Select Area of Inquiry:-_-Scheduling/Reschedule-cus-Company-_-WSP USA-cus-', 'Since the 8-Hour HAZWOPER Annual Refresher - instructor led course was canceled, can a \"DRESS OUT EXERCISE\" be requested if I reschedule for the 8-Hour OSHA HAZWOPER Annual Refresher - Online Training?'),
('25514874955', 1630510215, 16, 14, 803, 1630511034, 1, 0, 0, 0, 2, 19, 0, 0, 2, 4, 0, 0, 0, '1440 x 900', 'Travis', 'tdewitt@apachejunctionaz.gov', '172.58.95.67', '9855bee9c64e7a270184bda23c387f64', '', '', '', 'Select Area of Inquiry:-_-Existing Registration-cus-Company-_-Apache Junction Water District-cus-', 'when I log in it says my password is wrong and when I reset it then it says my email does not exist'),
('255163087TN', 1630524553, 13, 10, 137, 1630524703, 1, 0, 0, 0, 2, 23, 0, 0, 1, 3, 0, 0, 2, '1280 x 720', 'crizmon', 'crizmon@hlworegon.com', '68.67.105.121', '77b9bb65d38aa3e3465788b1bc4d8628', '', '', '', 'Select Area of Inquiry:-_-Scheduling/Reschedule-cus-Company-_-hlw-cus-', 'I am looking at the 40 hour Hazwoper online training for one of our employees. I do not see anywhere that the 8 hour in person classes locations and days are listed. Is it the same places and times as the 8 hour refresher?'),
('255166104QR', 1630527570, 19, 16, 1238, 1630528827, 1, 0, 0, 0, 2, 19, 0, 0, 1, 3, 0, 0, 2, '1366 x 768', 'Jessica Fry Perkins', 'JessicaMeltonFry@gmail.com', '134.67.29.75', '18ab208437898aa34a88b7831f1ca65a', '', '', '', 'Select Area of Inquiry:-_-Certificate Inquiry-cus-Company-_-EPA-cus-', 'I have recently switched jobs and am needing my 40 hour HAZWOPER records but do not have access to my old email account. Is there any way I can get copies of my 40 hour certificate and annual refreshers since 2014? I am current through December 2021, I believe. My emails addresses from my old employer were jessica.perkins@cbi.com and Jessica.Fry@aptim.com'),
('255316037R3', 1630677503, 7, 5, 960, 1630678470, 1, 0, 0, 0, 2, 23, 0, 0, 1, 2, 0, 0, 0, '1920 x 1080', 'Ben Stanley', 'BStanley@ecslimited.com', '47.206.143.109', '48bfd7c8f2294d9a675d9a1d9bf0dace', '', '', '', 'Select Area of Inquiry:-_-New Registration-cus-Company-_-ECS Florida-cus-', 'I am interested in registering for the 40 hour w/ hands on training but am wondering where the hands on training takes place?'),
('255318590N2', 1630680055, 43, 7, 405, 1630680503, 1, 0, 0, 0, 2, 23, 0, 0, 1, 1, 0, 0, 2, '1920 x 1080', 'Derek Thompson', 'djthompson@enercon.com', '134.6.71.206', '4ec8270e2e5ee9158e4f28d10bf5e13f', '', '', '', 'Select Area of Inquiry:-_-Certificate Inquiry-cus-Company-_-Enercon Services Inc.-cus-', 'I haven\'t received a certification for my 40 hour HAZWOPER class.'),
('255324690AX', 1630686155, 42, 4, 833, 1630687030, 1, 0, 0, 0, 2, 23, 0, 0, 1, 3, 0, 0, 1, '1368 x 912', 'wyatt renner', 'wyatt.renner@terracon.com', '24.6.185.39', '713e72680909eaf785bdfb72b1264d83', '', '', '', 'Select Area of Inquiry:-_-Other-cus-Company-_-terracon-cus-', 'is there an 8 hour dress out for the 40 hour hazwopper?\r\nwhere do I acquire my password for the final exam?'),
('255328081T5', 1630689547, 17, 12, 1930, 1630691494, 1, 0, 0, 0, 2, 19, 0, 0, 1, 3, 0, 0, 2, '1920 x 1080', 'Jennifer', 'jennifer.rovezzi@dallascityhall.com', '66.97.145.65', '118a93ef9c2208e7e776a7f36618d5cd', '', '', '', 'Select Area of Inquiry:-_-Certificate Inquiry-cus-Company-_-City of Dallas-cus-', 'Hello - I need a copy of my HAZWOPER refresher certificate.'),
('255843187G7', 1631204659, 10, 4, 314, 1631204983, 1, 0, 0, 0, 2, 23, 0, 0, 1, 3, 0, 0, 2, '1536 x 960', 'John', 'jdizinno@craworld.com', '47.48.193.238', '7b46a4963de706b516a86ccb52ef43bc', '', '', '', 'Select Area of Inquiry:-_-Scheduling/Reschedule-cus-Company-_-GDH-cus-', 'Hello, Can you tell me if the 40-hour HAZWOPER Course in Atlanta scheduled for Sep 14-17 has been confirmed?'),
('256265891TH', 1631627356, 8, 3, 358, 1631627722, 1, 0, 0, 0, 2, 23, 0, 0, 1, 3, 0, 0, 2, '1920 x 1080', 'Yvonne Alexander', 'yvonne.krimmel@gmail.com', '136.181.198.24', '5b4c6ebf9fe03371b4ac3535ab5b6332', '', '', '', 'Select Area of Inquiry:-_-Scheduling/Reschedule-cus-Company-_-Environment, Great Lakes, and Energy (EGLE)-cus-', 'I recently signed up for the 40 hour HAZWOPER training in Lansing MI in November, but was wondering if there is any chance I could switch sessions to the one taking place in October? '),
('256285717NT', 1631647182, 15, 11, 576, 1631647773, 1, 0, 0, 0, 2, 19, 0, 0, 1, 3, 0, 0, 0, '1920 x 1080', 'Joseph Cardenas', 'joey@allphaseenvironmental.com', '173.8.253.30', '91fb46a2adb17d05fb80853e6bc12683', '', '', '', 'Select Area of Inquiry:-_-Certificate Inquiry-cus-Company-_-All-Phase Environmental Consultants-cus-', 'I Have not received the certificate for my HAZWOPER refresher which was completed on August 13, 2021'),
('256871586JQ', 1632233051, 11, 9, 93, 1632233155, 1, 0, 0, 0, 2, 23, 0, 0, 1, 3, 0, 0, 2, '1600 x 900', 'Stephanie GArcia', 'stephanie.garcia2@veolia.com', '104.186.160.107', 'cd8e9dfc3359cb73fc7f3da3b4f1ae90', '', '', '', 'Select Area of Inquiry:-_-New Registration-cus-Company-_-Veolia-cus-', 'Did your company do away with the on-line RCRA Hazardous Waste Management Refresher course?  I can\'t find it on your webpage anymore.  \r\n'),
('256881076EY', 1632242541, 51, 13, 449, 1632243041, 1, 0, 0, 0, 2, 23, 0, 0, 1, 1, 0, 0, 1, '1536 x 864', 'Cynthia Reyes', 'creyes@trccompanies.com', '165.225.32.252', '2ee423b318753354d5c559166c093311', '', '', '', 'Select Area of Inquiry:-_-Certificate Inquiry-cus-Company-_-TRC Environmental -cus-', 'Hello, I was wondering how I could access my HAZWOPER certificate of completion. Thank you! '),
('2570486705C', 1632410135, 26, 6, 671, 1632410832, 1, 0, 0, 0, 2, 23, 0, 0, 1, 1, 0, 0, 2, '1920 x 1080', 'Jessica ', 'jmanderson@golder.com', '209.120.138.10', 'a539d35df75ba3f400ac9f5cf6a25fb4', '', '', '', 'Select Area of Inquiry:-_-Scheduling/Reschedule-cus-Company-_-Golder-cus-', 'I have two employees who completed the online portion of the 40 hour HAZWOPER. I need to get them scheduled for the in person class portion and wasn\'t sure of dates and when they could take this.'),
('2570692024A', 1632430667, 0, 0, 0, 0, 0, 0, 3, 0, 2, 19, 0, 0, 1, 1, 0, 0, 0, '1920 x 1080', 'Daniel Mascitello', 'daniel.mascitello@woodplc.com', '184.178.199.250', '12396582584920ef44d2664a3cab105b', '', '', '', 'Select Area of Inquiry:-_-New Registration-cus-Company-_-Wood PLC-cus-', 'I am attempting to request an expedited certificate, and but navigating to https://csregs.com/pages/certificate-request-for-sponsoring-employer only shows me a blank page with no way to request the certificate. \r\n\r\nI have tried opening it on Edge, Chrome, and on my phone (chrome). '),
('257069270N7', 1632430736, 41, 6, 1046, 1632431823, 1, 0, 0, 0, 2, 23, 0, 0, 1, 1, 0, 0, 2, '1920 x 1080', 'Daniel Mascitello', 'daniel.mascitello@woodplc.com', '184.178.199.250', '12396582584920ef44d2664a3cab105b', '', '', '', 'Select Area of Inquiry:-_-Certificate Inquiry-cus-Company-_-Wood PLC-cus-', 'I am attempting to request an expedited certificate, and but navigating to https://csregs.com/pages/certificate-request-for-sponsoring-employer only shows me a blank page with no way to request the certificate. \r\n\r\nI have tried opening it on Edge, Chrome, and on my phone (chrome). '),
('257403067B2', 1632764533, 8, 5, 377, 1632764918, 1, 0, 0, 0, 2, 23, 0, 0, 1, 1, 0, 0, 2, '1600 x 900', 'Alicia Chamberlain', 'acchamberlain@tva.gov', '152.87.3.5', '3fafab3aca01891ec432d5f97dcd5a6c', '', '', '', 'Select Area of Inquiry:-_-Certificate Inquiry-cus-Company-_-TVA-cus-', 'Hello,  What are the differences in the \"DOT Hazmat Transportation Complete - Online Training\" and the Refresher versions of this course?  They appear to be the same content and length.  '),
('257417524EE', 1632778989, 0, 0, 0, 0, 0, 0, 1, 0, 2, 23, 0, 0, 1, 3, 0, 0, 0, '1920 x 1080', 'Beth', 'BRICHTER@RAMBOLL.COM', '24.1.83.181', 'dc07a3ac4a9241e0a2f120dd783d9eca', '', '', '', 'Select Area of Inquiry:-_-New Registration-cus-Company-_-Ramboll-cus-', 'How long do students have to complete the online portion of the Hybrid OSHA 40 hr Hazwoper training?'),
('25749591339', 1632857378, 7, 5, 201, 1632857586, 1, 0, 0, 0, 1, 23, 0, 0, 1, 1, 0, 0, 1, '1548 x 871', 'Michael Lloyd', 'michael.lloyd@oneatlas.com', '208.92.189.2', 'eeda9c03a6459e7cf218223214a054f4', '', 'livechatimagelink', 'Live Chat Direct Link', 'Question Type:-_-Course Not Working as Expected-cus-Company-_-ATC Group Services LLC dba Atlas Technical-cus-Online Course-_-8-Hr HAZWOPER Refresher-cus-', 'Unable to start modules because it wants me to go to initial technical support course and will not complete.'),
('2576479339N', 1633009399, 12, 10, 503, 1633009914, 1, 0, 0, 0, 2, 19, 0, 0, 1, 3, 0, 0, 2, '1920 x 1080', 'Isaac Marrero', 'warehouse@channelcomp.com', '67.78.205.4', '9a9a64fa8976aa50bdb40c532bc587c4', '', '', '', 'Select Area of Inquiry:-_-Certificate Inquiry-cus-Company-_-Channel Comp-cus-', 'I finish the DOT Hazmat Certificate in 9/13/2021, but still haven\'t received the Certification'),
('257660266AA', 1633021731, 10, 8, 447, 1633022188, 1, 0, 0, 0, 2, 23, 0, 0, 1, 3, 0, 0, 2, '1680 x 1050', 'Amie ', 'amiehinds@gmail.com', '99.45.117.91', 'ebac562a73b1c0c156fa77cf8d96637d', '', '', '', 'Select Area of Inquiry:-_-Certificate Inquiry-cus-Company-_-Ramboll Environ-cus-', 'I am trying to order a replacement certificate and the website doesn\'t seem to be working.'),
('257669903QZ', 1633031368, 17, 11, 1377, 1633032762, 1, 0, 0, 0, 2, 19, 0, 0, 1, 1, 0, 0, 2, '1920 x 1080', 'Kayla Rebbeck', 'krebbeck@trccompanies.com', '136.226.67.35', '0981c2bfe8d5270bb24bcb60d9f2d8ed', '', '', '', 'Select Area of Inquiry:-_-Certificate Inquiry-cus-Company-_-TRC-cus-', 'Hello, I completed the online assessment and passed. Will my HAZWOPER certificate be mailed to our companies office?'),
('257758140B7', 1633119605, 26, 5, 322, 1633119953, 1, 0, 0, 0, 2, 23, 0, 0, 1, 3, 0, 0, 0, '1536 x 864', 'Sarah', 'qdc@certol.com', '23.31.95.97', '328f3d3844ff7aaa3e2b1829207d3094', '', '', '', 'Select Area of Inquiry:-_-Scheduling/Reschedule-cus-Company-_-Certol International, LLC-cus-', 'How long is the online course available to start after purchase?'),
('258081443CW', 1633442908, 29, 10, 966, 1633443903, 1, 0, 0, 0, 2, 23, 0, 0, 1, 1, 0, 0, 1, '1920 x 1080', 'Mary', 'Mary_Kerins@golder.com', '96.11.96.178', 'c2be0e244fb12a133d47d97b747e84ba', '', '', '', 'Select Area of Inquiry:-_-New Registration-cus-Company-_-Golder Associates Inc-cus-', 'I had just ordered an online training of the 10 Hour OSHA construction training coarse. I am unable to access the coarse and do not know where to locate it. Is there a reason that I am unable to access it? Or where can I find it?'),
('258102038GG', 1633463503, 41, 5, 3299, 1633466843, 1, 0, 0, 0, 2, 23, 0, 0, 1, 1, 0, 0, 1, '1920 x 1080', 'craig', 'cfollis@armorworks.com', '70.175.26.232', 'de4fc356fe691aed9bf74090162fe189', '', '', '', 'Select Area of Inquiry:-_-New Registration-cus-Company-_-Armorworks-cus-', 'Does the Hazmat Transportation Complete Certification training qualify the trainee to sign to have hazmat transported '),
('2581738577H', 1633535322, 25, 4, 189, 1633535536, 1, 0, 0, 0, 2, 23, 0, 0, 1, 1, 0, 0, 2, '1920 x 1080', 'Johnathan Hall', 'tbenitez@gleassociates.com', '47.206.207.125', '2c8042efb618d728b205688447c0d7bb', '', '', '', 'Select Area of Inquiry:-_-Existing Registration-cus-Company-_-GLE Associates-cus-', 'Hello, I had signed up Johnathan Hall for the Hazwoper 8hour refresher in Orlando on October 22nd. I would like to confirm what time the class starts and if Johnathan needs to bring anything with him to the class. '),
('25817410139', 1633535566, 31, 8, 407, 1633536004, 1, 0, 0, 0, 2, 23, 0, 0, 1, 3, 0, 0, 1, '2560 x 1440', 'Donna', 'djkliewer@gmail.com', '72.48.190.69', '48f083e837e461f98d68c2d7df65d1f7', '', '', '', 'Select Area of Inquiry:-_-Other-cus-Company-_-City of Allen-cus-', 'I recently registered Donna Giles for online 8 hour site supervisor HAZWOPER training.  I would like to have a receipt for payment for the class. Could you please send one to dkliewer@cityofallen.org? '),
('258177645Y4', 1633539110, 27, 7, 618, 1633539755, 1, 0, 0, 0, 2, 23, 0, 0, 1, 3, 0, 0, 2, '1920 x 1080', 'Gianna Diaz', 'gianna.diaz@aptim.com', '23.246.82.234', '5936b59a2730fd9986ebe6b1ebab6358', '', '', '', 'Select Area of Inquiry:-_-Scheduling/Reschedule-cus-Company-_-APTIM-cus-', 'I am register for an in person course this Friday, I want to know how much it will cost for me to reschedule/drop out of this course. '),
('258178828WA', 1633540294, 34, 15, 639, 1633540967, 1, 0, 0, 0, 2, 23, 0, 0, 1, 2, 0, 0, 2, '1280 x 720', 'Sarah Kell ', 'kellse@g.cofc.edu', '24.255.229.229', '7abb7bb98e08b86a0a03b51e40b4422d', '', '', '', 'Select Area of Inquiry:-_-Existing Registration-cus-Company-_-CSS-cus-', 'Hi, I completed the 40hr HAZWOPER training online, voucher #2JRWPNX and would like to schedule the in-person training session. I\'ve tried calling but the number does not seem to be working. \r\nThanks '),
('258180495BM', 1633541960, 26, 4, 302, 1633542288, 1, 0, 0, 0, 2, 23, 0, 0, 1, 3, 0, 0, 2, '1920 x 1080', 'Gianna Diaz', 'gianna.diaz@aptim.com', '23.246.82.234', '5936b59a2730fd9986ebe6b1ebab6358', '', '', '', 'Select Area of Inquiry:-_-Existing Registration-cus-Company-_-APTIM-cus-', 'I am signed up for an 8 hour in person training to complete my certification. I received a confirmation email stating the course begins at 8 am, but I was wondering when it ends? I was also wondering if I will have to take an exam at the end of the course or if that is something I do on my own time. ');
INSERT INTO `p_req_log` (`ces`, `created`, `accepted`, `accepted_op`, `duration`, `ended`, `status`, `archive`, `status_msg`, `initiated`, `deptID`, `opID`, `op2op`, `marketID`, `os`, `browser`, `transferred`, `tag`, `disc`, `resolution`, `vname`, `vemail`, `ip`, `md5_vis`, `sim_ops`, `onpage`, `title`, `custom`, `question`) VALUES
('2581939389W', 1633555403, 26, 4, 138, 1633555567, 1, 0, 0, 0, 2, 23, 0, 0, 1, 3, 0, 0, 2, '1280 x 1024', 'Mallory Kienitz', 'mallorykienitz@gmail.com', '12.231.149.253', '9645707fb3623ade5aa128eda0ca66d7', '', '', '', 'Select Area of Inquiry:-_-Certificate Inquiry-cus-Company-_-Geo-Logic Associates-cus-', 'Hello,\r\nI just completed the 40 Hour HAZWOPER Training online, and I now have a hands on training voucher. I\'m looking for information about how to sign up for a hands on training. Thank you.'),
('258194308Q5', 1633555773, 28, 7, 427, 1633556228, 1, 0, 0, 0, 2, 23, 0, 0, 1, 1, 0, 0, 2, '1280 x 720', 'Kyle Kercher', 'kyle.kercher@tetratech.com', '165.225.222.216', '3ddef8c8e29087be3adda5b0f5e838c6', '', '', '', 'Select Area of Inquiry:-_-Certificate Inquiry-cus-Company-_-Tetra Tech-cus-', 'I would like to receive an electronic copy of my 40 Hr HAZWOPER certificate and check on the status of my paper certificate.'),
('258272194BC', 1633633660, 26, 6, 493, 1633634179, 1, 0, 0, 0, 2, 23, 0, 0, 1, 2, 0, 0, 1, '1920 x 1080', 'Tim Nelson', 'tnelson@integral-corp.com', '173.171.76.226', '6cd12045fb3de0a31b3024d499032b0d', '', '', '', 'Select Area of Inquiry:-_-New Registration-cus-Company-_-Integral Consulting Inc.-cus-', '1) after completion of the 8hour hands on training as part of the 40-Hour HAZWOPER-Online Hybrid Option, do that meet OSHA requirements for certification. I am confused by the disclaimer on the page.\r\n2) How long is the 40-hour online training active once started, can I complete the training over a few weeks? Also, since an in person spot is not guaranteed the week I might want it, will the online training remain active so I can refresh on the content if I have to wait 2 months for the training to be back in my area?'),
('258275444EK', 1633636909, 24, 3, 669, 1633637602, 1, 0, 0, 0, 2, 23, 0, 0, 1, 1, 0, 0, 2, '1920 x 1080', 'James R York', 'james.york@taylor.com', '198.12.16.4', '387c0eec071063d09d34672439890059', '', '', '', 'Select Area of Inquiry:-_-Existing Registration-cus-Company-_-Taylor-cus-', 'Why am I not seeing all the folks I invited to the HAZCOM training class? I purchased 11 seats. I have several listed that are from the NY Harbor school and are missing a most of the folks that should be listed in my group. Thanks Jim'),
('258354350VV', 1633715815, 38, 18, 1, 1633715854, 1, 0, 2, 0, 2, 23, 0, 0, 1, 3, 0, 0, 0, '1280 x 720', 'Jessica Hinton', 'jessicanhinton@gmail.com', '209.145.78.164', '26a91ea20913d2957e45683ede2a0b54', '', '', '', 'Select Area of Inquiry:-_-New Registration-cus-Company-_-N/A-cus-', 'Hello! I am currently unemployed and am in the process of signing up for a 40-Hr Hazwoper class near me, but when filling out the form it stated \"no home addresses\". I\'m sorry if this is a silly question, but before paying for the class I wanted to be sure it is ok for individuals who aren\'t affiliated with a company to take your courses?'),
('2583686933H', 1633730158, 0, 0, 0, 0, 0, 0, 1, 0, 2, 23, 0, 0, 1, 2, 0, 0, 0, '1920 x 1080', 'Morgan Bird', 'morgan.bird@swca.com', '65.241.1.131', '63220cbfc49ce3e47c31c3da69e71650', '', '', '', 'Select Area of Inquiry:-_-Certificate Inquiry-cus-Company-_-SWCA Environmental Consultants-cus-', 'Am I able to take the 8-hour HAZWOPER refresher course? I\'m not sure when the expiration is for my current certification.'),
('258596057XB', 1633957523, 0, 0, 0, 0, 0, 0, 2, 0, 1, 0, 0, 0, 1, 3, 0, 0, 0, '1536 x 960', 'Kenzie Kester', 'kenzie.kester@AECOM.com', '65.240.194.62', '97f05e03e9bad30955ef5fc7134b89e0', '', 'http://www.csregs.com/', 'HAZWOPER OSHA EPA DOT Occupational Safety and Health Administration Environmental Protection Agency Department of Transportation Compliance Solutions ', 'Question Type:-_-Course Not Working as Expected-cus-Company-_-Aecom-cus-Online Course-_-Hazwoper-cus-', 'Course is frozen at question in final assessment in module \"training in confined spaces\".  Attempted exiting and reentering module, logging out and logging back in, refreshing page, clearing cookies and logging back in.  '),
('258622679YY', 1633984145, 12, 10, 703, 1633984860, 1, 0, 0, 0, 2, 23, 0, 0, 1, 3, 0, 0, 1, '1920 x 1080', 'Sherri', 'slkeefer@allianceconstruction.com', '162.210.176.126', '728101552ecd2c7adce7b03777e543cb', '', '', '', 'Select Area of Inquiry:-_-Existing Registration-cus-Company-_-ACS-cus-', 'Hello,\r\nI just registered Todd Konigsfeld for the 24-Hour HAZWOPER Occasional Site Worker â€” October 26-28, 2021 (Denver CO).  Is the training held at your location on Quebec Street and what are the hours of the training?\r\n'),
('258690631CK', 1634052096, 10, 7, 215, 1634052321, 1, 0, 0, 0, 2, 23, 0, 0, 1, 3, 0, 0, 2, '1536 x 864', 'Graeme Durovich', 'gdurovich@nantucket-ma.gov', '208.87.236.201', '1eb9fe2f6a0c3471c13446279eb8e65d', '', '', '', 'Select Area of Inquiry:-_-New Registration-cus-Company-_-Town of Nantucket-cus-', 'I am interested in the HazWhoper 40 course in Malden, MA in November. What are the class hours? I am trying to see if I can schedule my travel to be able to make the course. \r\nThanks, \r\nGraeme'),
('258690902NY', 1634052367, 10, 4, 772, 1634053149, 1, 0, 0, 0, 2, 23, 0, 0, 1, 1, 0, 0, 2, '1280 x 720', 'Jacob ', 'Jacob@mciclay.com', '99.122.244.109', '4b8150055089b716f0040db13cdcec2b', '', '', '', 'Select Area of Inquiry:-_-Existing Registration-cus-Company-_-Meitler Consulting Inc.-cus-', 'We recently signed a employee up for a hazwoper class and he has found other employment a week after signing him up.'),
('258691677BW', 1634053142, 6, 4, 550, 1634053698, 1, 0, 0, 0, 2, 23, 0, 0, 1, 1, 0, 0, 2, '1280 x 720', 'Ian Lisle', 'lislei6@live.com', '208.127.155.4', '2b8091eb460ed55b2f0434b219e63184', '', '', '', 'Select Area of Inquiry:-_-Scheduling/Reschedule-cus-Company-_-Brown and Caldwell-cus-', 'I signed up for a 40 hour HAZWOPER course in Tampa through this company which was cancelled last Friday. I need to switch over my course selection to the Hybrid online course. This is very time sensitive as I must have it done by next week to work in the field. Please contact me ASAP at 7273662023 or lislei6@live.com '),
('258696265Z7', 1634057730, 12, 6, 551, 1634058293, 1, 0, 0, 0, 1, 23, 0, 0, 1, 3, 0, 0, 2, '1366 x 768', 'Edie Scala-Hampson', 'ESCALA-HAMPSON@HGL.COM', '71.57.48.52', '24f1c41bcf04a15306f6b52be784f6d9', '', '', '', 'Question Type:-_-Course Not Working as Expected-cus-Company-_-HgL-cus-Online Course-_-40 hour-cus-', 'your customer service number is not working'),
('258698290BM', 1634059755, 10, 7, 1004, 1634060769, 1, 0, 0, 0, 2, 23, 0, 0, 1, 3, 0, 0, 1, '1344 x 840', 'Tim Carlock', 'ticarlock@seagen.com', '4.16.2.130', '6e712bacb29703707afce1716caff550', '', '', '', 'Select Area of Inquiry:-_-Existing Registration-cus-Company-_-Arcadis-cus-', 'I need to schedule my in-person training portion of the 40 Hour HAZWOPER course.'),
('258698398QR', 1634059864, 9, 4, 346, 1634060219, 1, 0, 0, 0, 2, 23, 0, 0, 1, 3, 0, 0, 1, '1920 x 1080', 'Steve King', 'sking@firstcity.org', '74.87.107.194', '2998fc58d1bc9c4d939a6ce374c42775', '', '', '', 'Select Area of Inquiry:-_-Certificate Inquiry-cus-Company-_-City of Leavenworth-cus-', 'I see that the class my employee took says \"fulfilled,\" But I cannot access his progress or view his certificate.'),
('258701109XZ', 1634062575, 11, 7, 560, 1634063146, 1, 0, 0, 0, 2, 23, 0, 0, 1, 1, 0, 0, 1, '1366 x 768', 'Matt', 'almquist.matthew@cleanharbors.com', '155.203.3.35', 'efbe052614c5c8faba5bf65169780b2f', '', '', '', 'Select Area of Inquiry:-_-New Registration-cus-Company-_-Clean Harbors-cus-', 'How do I gift an OSHA 10 registration to another individual? '),
('258704223HK', 1634065689, 10, 7, 241, 1634065940, 1, 0, 0, 0, 2, 23, 0, 0, 1, 3, 0, 0, 1, '1680 x 1050', 'clark scott', 'cscott@gammatech.us', '216.68.154.228', '5520776c788a0c3fe769d26fc405f228', '', '', '', 'Select Area of Inquiry:-_-New Registration-cus-Company-_-Gamma-Tech-cus-', 'I just registered a new employee for a course but paid with my credit card.  The name on the training is listed as me, not the employee. How can I edit the name?\r\n'),
('2587753124X', 1634136778, 0, 0, 0, 0, 0, 0, 1, 0, 2, 23, 0, 0, 1, 1, 0, 0, 0, '1920 x 1080', 'Kaitie', 'wilmskc@gmail.com', '104.129.206.190', '6563b8c6afc848ed5b0f912676114f1d', '', '', '', 'Select Area of Inquiry:-_-Scheduling/Reschedule-cus-Company-_-Tetra Tech-cus-', 'Can I take the OSHA HAZWOPER online training on my own time, or is it on a specific schedule?'),
('258778589TW', 1634140054, 8, 5, 479, 1634140541, 1, 0, 0, 0, 2, 23, 0, 0, 1, 1, 0, 0, 1, '1920 x 1080', 'Kaitie', 'wilmskc@gmail.com', '104.129.206.190', '6563b8c6afc848ed5b0f912676114f1d', '', '', '', 'Select Area of Inquiry:-_-New Registration-cus-Company-_-Tetra Tech-cus-', 'I just registered for a course, but I need an invoice and I didn\'t get any type of receipt. Could you send me some for of receipt? '),
('2587811295R', 1634142594, 12, 6, 255, 1634142861, 1, 0, 0, 0, 2, 23, 0, 0, 1, 3, 0, 0, 2, '1920 x 1080', 'Madison Jones', 'mjones@all4inc.com', '104.180.214.129', '379e26a6ffb423ee6478b87ad81efaa3', '', '', '', 'Select Area of Inquiry:-_-Certificate Inquiry-cus-Company-_-ALL4 LLC-cus-', 'I am trying to track down my certificate / ID from the 40 HR HAZWOPER I completed in June 2016. I worked for Oasis Consulting Services at the time'),
('258783621GH', 1634145087, 10, 7, 666, 1634145763, 1, 0, 0, 0, 2, 23, 0, 0, 1, 1, 0, 0, 1, '1280 x 1024', 'Doug Hulmes', 'doug.hulmes@aptim.com', '72.201.60.220', '8b5171b4962c7e0b305ba5aae9c5193f', '', '', '', 'Select Area of Inquiry:-_-New Registration-cus-Company-_-Aptim-cus-', '8 hour OSHA Refresher registration'),
('25878368492', 1634145149, 12, 8, 820, 1634145981, 1, 0, 0, 0, 2, 23, 0, 0, 1, 1, 0, 0, 1, '1536 x 864', 'Michael Horan', 'mhoran@chacompanies.com', '64.132.221.203', '35796de11f35c0b00336dda2b7f6ba2c', '', '', '', 'Select Area of Inquiry:-_-Scheduling/Reschedule-cus-Company-_-CHA Consulting-cus-', 'Hello, \r\n\r\nI tried to call a couple times today, but the line is not connecting. My question is: will the 8-hr hands-on training for the OSHA HAZWOPER 40 hr -Hybrid class be held this Friday 10/15 in Somerset, NJ as planned? If it is not scheduled please let me know as well.'),
('258785507Z2', 1634146972, 9, 5, 678, 1634147659, 1, 0, 0, 0, 2, 23, 0, 0, 1, 1, 0, 0, 1, '1536 x 864', 'Sharon Gomez', 'sgome1@citgo.com', '152.193.7.22', '100e59c3ac54468af32474a29d6dbf46', '', 'livechatimagelink', 'Live Chat Direct Link', 'Select Area of Inquiry:-_-Certificate Inquiry-cus-Company-_-Citgo-cus-', 'I was told on that my certificate was mailed out on September 27th, I still have not received it. '),
('2587857134E', 1634147179, 8, 5, 883, 1634148070, 1, 0, 0, 0, 2, 23, 0, 0, 1, 3, 0, 0, 2, '1536 x 960', 'Madison Smith', 'madison.smith@arcadis.com', '104.177.93.184', '7e80f46d29449c73c713158550d3f7ab', '', '', '', 'Select Area of Inquiry:-_-Scheduling/Reschedule-cus-Company-_-Arcadis U.S., Inc.-cus-', 'I am registered for the 8hr in-person HAZWOPER Training this Friday, October 15th, in Atlanta, GA. I have not received confirmation for the training. Please let me know if this training course is confirmed. '),
('258790307GE', 1634151773, 8, 4, 923, 1634152704, 1, 0, 0, 0, 2, 23, 0, 0, 1, 3, 0, 0, 2, '1280 x 720', 'crizmon', 'crizmon@hlworegon.com', '216.228.184.217', 'a270c0cd43f83370eb021806d9cadd20', '', '', '', 'Select Area of Inquiry:-_-Existing Registration-cus-Company-_-Hudspeth Land+Water-cus-', 'Hi. I have a question regarding the confirmation sent to Emily Wells- Class ID: 101521-POR-8 HAZ, Start Date:10/15/2021. She was signed up for the 40 hour Hazwoper online and the 8 hour in person class which says \"annual refresher\". When it was printed out the course name was flagged in the office and I was asked to reconfirm that it was the correct class that was needed for her initial certificate.'),
('258793990M4', 1634155456, 10, 6, 563, 1634156029, 1, 0, 0, 0, 2, 23, 0, 0, 1, 3, 0, 0, 1, '1920 x 1080', 'Sarah Smaltz', 'sarah.smaltz@arcadis.com', '174.245.16.124', 'abd30529a68d7cf61e0ae4d4845a6c7b', '', '', '', 'Select Area of Inquiry:-_-Scheduling/Reschedule-cus-Company-_-Arcadis-cus-', 'I have staff signed up for a 8 hour class to fulfill their 40 hour hybrid class requirement. They are signed up for a class in Lansing, MI on 10/15.  Compliance Solutions was supposed to call by Wednesday morning to let us know if the class is still on or has been cancelled (previous class in Detroit MI on 10/1 was cancelled).  We have not heard and I have not been able to get through to your number.  Can you please confirm if this class is still on? '),
('258855958JR', 1634217424, 8, 3, 561, 1634217993, 1, 0, 0, 0, 2, 23, 0, 0, 1, 3, 0, 0, 1, '1920 x 1080', 'Haley', 'hbeste@harcros.com', '108.219.188.174', '79c81eba456aa24faa8dff599dd249f9', '', '', '', 'Select Area of Inquiry:-_-New Registration-cus-Company-_-Harcros-cus-', 'For the St. Louis 24 hour hazwoper training where is that located? '),
('258866202RB', 1634227667, 24, 4, 217, 1634227908, 1, 0, 0, 0, 2, 23, 0, 0, 1, 3, 0, 0, 2, '1680 x 1050', 'Eric Patton', 'epatton@harcros.com', '208.188.194.249', 'f8743217fe49671dbf4c46e512f73c80', '', '', '', 'Select Area of Inquiry:-_-Other-cus-Company-_-Harcros-cus-', 'Does the 24hr online course topics meet the training requirements for 1910.120(q) or just (e)?'),
('258873240YW', 1634234709, 13, 9, 879, 1634235601, 1, 0, 0, 0, 1, 23, 0, 0, 1, 1, 0, 0, 1, '1500 x 1000', 'Tyson Weiler', 'tyson.weiler@fhr.com', '146.209.159.31', '9f64f4eae8a98d43223e03e125962c93', '', 'http://www.csregs.com/', 'HAZWOPER OSHA EPA DOT Occupational Safety and Health Administration Environmental Protection Agency Department of Transportation Compliance Solutions ', 'Question Type:-_-Course Not Working as Expected-cus-Company-_-Flint Hills Resources-cus-Online Course-_-hazwapor-cus-', 'the course is stuck on 1 page and wont let me advance in the lesson'),
('258881887A2', 1634243354, 24, 5, 1456, 1634244834, 1, 0, 0, 0, 2, 23, 0, 0, 1, 3, 0, 0, 1, '1920 x 1080', 'terri', 'terri.wyels@erm.com', '108.245.208.6', '547ea569201f1c28d3ba806b06809f59', '', '', '', 'Select Area of Inquiry:-_-New Registration-cus-Company-_-erm-cus-', 'If i have an employee sign up for the hybrid 40 hour class how soon can he do the 8 hour in person?\r\n'),
('258883509VM', 1634244975, 16, 15, 120, 1634245111, 1, 0, 0, 0, 2, 19, 0, 0, 1, 3, 0, 0, 2, '1920 x 1080', 'terri', 'terri.wyels@erm.com', '108.245.208.6', '547ea569201f1c28d3ba806b06809f59', '', '', '', 'Select Area of Inquiry:-_-New Registration-cus-Company-_-erm-cus-', 'how soon can an employee take the hands on training if they sign up for a 40 hour hazwoper hybrid class?\r\n'),
('258950979N8', 1634312444, 0, 0, 0, 0, 0, 0, 2, 0, 2, 23, 0, 0, 1, 1, 0, 0, 0, '1418 x 798', 'Debbi dauth', 'deborah.j.dauth@nasa.gov', '156.68.161.162', '7a640bbc85d4508a7fb1c1e2dc9b3037', '', '', '', 'Select Area of Inquiry:-_-Scheduling/Reschedule-cus-Company-_-S3-cus-', 'How do I log into CS reg as an admin and register 9 people'),
('259222987N7', 1634584453, 6, 4, 357, 1634584816, 1, 0, 0, 0, 2, 23, 0, 0, 1, 1, 1, 0, 0, '1680 x 1050', 'Tim Sattler', 'tsattler@uwsp.edu', '143.236.89.87', 'eeed428a1e44fd7edfd8abe88f57d4c3', '', '', '', 'Select Area of Inquiry:-_-Other-cus-Company-_-University of Wisconsin-Stevens Point-cus-', 'I am interested in taking some training as I am the chemical stockroom manager in the College of Natural Resources at the University of Wisconsin-Stevens Point. I am wondering which training you would recommend for me?'),
('2593038895V', 1634665355, 22, 3, 455, 1634665832, 1, 0, 0, 0, 2, 23, 0, 0, 1, 1, 0, 0, 1, '1920 x 1080', 'Sommer Guy', 'sommer.guy@arcadis.com', '68.43.175.141', 'ce639c9f932422b04c1925656090be83', '', '', '', 'Select Area of Inquiry:-_-New Registration-cus-Company-_-Arcadis-cus-', 'I\'m currently enrolled in the Hybrid 40 Hr. I will be completing the online portion by Thursday and I want to attend the 8 hour in person on Friday in Chicago. I\'m from Michigan and I need to book accommodations. Can I reserve a spot for this Friday? I was hoping to reserve a spot before if gets booked up.'),
('2593972287R', 1634758694, 0, 0, 0, 0, 0, 0, 2, 0, 2, 19, 0, 0, 1, 3, 0, 0, 0, '1536 x 864', 'Steven Kunz', 'steven.kunz@therma.com', '24.104.112.71', 'd238a6c7d852ee6ee5e7d3091cb17f4f', '', '', '', 'Select Area of Inquiry:-_-New Registration-cus-Company-_-Therma-cus-', 'What is the class times each day for the Hazwoper 40 hour class in San Jose on 11/30 - 12/3?'),
('2594724425V', 1634833909, 28, 8, 313, 1634834250, 1, 0, 0, 0, 2, 23, 0, 0, 1, 3, 0, 0, 2, '1280 x 720', 'Nancy', 'nancym@berkeley.edu', '172.117.180.186', '47cf22e819fb93699ae8f2f2f2c22088', '', '', '', 'Select Area of Inquiry:-_-New Registration-cus-Company-_-Arcadis-cus-', 'Hi! Where can I find information on the 8hr Dress Out requirement following the completion of the 40 hour HAZWOPER? '),
('259558124VE', 1634919589, 23, 2, 344, 1634919956, 1, 0, 0, 0, 2, 23, 0, 0, 1, 3, 0, 0, 2, '1920 x 1080', 'Jason Nykorczuk', 'jnyk73@gmail.com', '72.66.90.171', '64d91937c80bed5c2028d3519bd5a722', '', '', '', 'Select Area of Inquiry:-_-Certificate Inquiry-cus-Company-_-Booz Allen Hamilton-cus-', 'I received my certificate for this year\'s 8-hour refresher, which I completed on September 10 2021.  However, the certificate I received is a duplicate of my certificate from last year, noting my completion date of September 11 2020.  Please send me an updated certificate, as my employer needs it for their files ASAP.  \r\n\r\nIf possible, a pdf of the correct certificate emailed to me would be best.\r\n\r\nThank you for your help, and let me know if there is anything else you need from me! \r\n\r\nI had reached out via email 9 days ago but never received a response.'),
('259571823Z8', 1634933290, 6, 2, 348, 1634933644, 1, 0, 0, 0, 1, 23, 0, 0, 1, 1, 0, 0, 2, '1536 x 864', 'Jill Windsor', 'jwindsor@trccompanies.com', '24.17.207.84', '8ef2498359edb507f0f25039b9684a42', '', 'http://www.csregs.com/', 'HAZWOPER OSHA EPA DOT Occupational Safety and Health Administration Environmental Protection Agency Department of Transportation Compliance Solutions ', 'Question Type:-_-Course Not Working as Expected-cus-Company-_-TRC-cus-Online Course-_-40 Hour HAZWOPR-cus-', 'Hi there, I have reached the end of the online portion of this class, and I am trying to see what my cumulative study time is. The course is telling me to check my \"activity report\", yet that is nowhere to be found on the page. I would like to see how close I am to 32 hours so I can schedule the 8 hour in person training session. '),
('259814607B5', 1635176073, 30, 9, 418, 1635176521, 1, 0, 0, 0, 2, 23, 0, 0, 1, 1, 0, 0, 1, '1920 x 1080', 'Sommer Guy', 'sommer.guy@arcadis.com', '68.43.175.141', 'b20287c8612bc3c7161408042f5634b7', '', '', '', 'Select Area of Inquiry:-_-Scheduling/Reschedule-cus-Company-_-Arcadis-cus-', 'Good Morning. I was enrolled in the 40 Hr HazWoper Hybrid Course. I\'ve finished my online portion and wanted to register for in person portion. Are there available seats for the Detroit location this Friday the 29th?'),
('2598158569Q', 1635177324, 30, 11, 240, 1635177594, 1, 0, 0, 0, 2, 23, 0, 0, 5, 4, 0, 0, 1, '375 x 667', 'Josh Martin', 'josh.martin@pitkincounty.com', '174.198.132.241', '674de19fd00c6b9660a26e993c83fd26', '', 'http://www.csregs.com/', 'HAZWOPER OSHA EPA DOT Occupational Safety and Health Administration Environmental Protection Agency Department of Transportation Compliance Solutions ', 'Select Area of Inquiry:-_-Existing Registration-cus-Company-_-Pitkin county-cus-', 'Can I get a 30 day extension on my 24hr hazwopper?'),
('259821091CA', 1635182556, 25, 5, 2749, 1635185330, 1, 0, 0, 0, 2, 23, 0, 0, 5, 3, 0, 0, 1, '412 x 892', 'Lorryn', 'Lorrynandrade@gmail.com', '172.58.129.27', 'da5019317ecd2ae7d32b53b5f03cf42b', '', '', '', 'Select Area of Inquiry:-_-Scheduling/Reschedule-cus-Company-_-Independent student-cus-', ' \r\nIm concerned because I took the hybrid training instead of full online ($395 offer) even the price was higher because I needed to take the hands on training. I payed my training because I don\'t have an employer yet, I had to take that training to be able to work and they require the hands on training.\r\nOn the website was a class scheduled for this Friday at Fort Lauderdale and I was told that class was going for sure because it correspond to the last day of a seminar course. Also, I asked about the locations where do you offer trainings because I\'m located at miami dade county. I don\'t recall the name of the person that I spoke with but it was last Monday during morning hours.\r\nOn the other hand, on the website appears that the hands on training it is needed. I attached a few pictures with the info that I get from your website.\r\nI wanted to know if you are still be offering a hands on class on Fort Lauderdale at any other time soon or not? Because I really need it to start working. And when it will be scheduled for? Or if any other company you work with that could give me that training?\r\nThanks for your comprehending'),
('259826962JX', 1635188428, 0, 0, 0, 0, 0, 0, 1, 0, 2, 23, 0, 0, 1, 3, 0, 0, 0, '1920 x 1080', 'Isaac Marrero', 'warehouse@channelcomp.com', '67.78.205.4', '910eb8a1a9f664fcb601accef64656f8', '', '', '', 'Select Area of Inquiry:-_-Certificate Inquiry-cus-Company-_-Channel Comp-cus-', 'I finish the DOT Hazmat Certificate in 9/13/2021, but still haven\'t received the Certification.'),
('259827029Q9', 1635188494, 0, 0, 0, 0, 0, 0, 1, 0, 2, 23, 0, 0, 1, 3, 0, 0, 0, '1920 x 1080', 'Isaac Marrero', 'warehouse@channelcomp.com', '67.78.205.4', '910eb8a1a9f664fcb601accef64656f8', '', '', '', 'Select Area of Inquiry:-_-Certificate Inquiry-cus-Company-_-Channel Comp-cus-', 'I finish the DOT Hazmat Certificate in 9/13/2021, but still haven\'t received the Certification'),
('259827238N8', 1635188703, 16, 13, 518, 1635189237, 1, 0, 0, 0, 2, 19, 0, 0, 1, 3, 0, 0, 0, '1920 x 1080', 'Isaac Marrero', 'warehouse@channelcomp.com', '67.78.205.4', '910eb8a1a9f664fcb601accef64656f8', '', '', '', 'Select Area of Inquiry:-_-Certificate Inquiry-cus-Company-_-Channel Comp-cus-', 'I finish the DOT Hazmat Certificate in 9/13/2021, but still haven\'t received the Certification'),
('259833175QJ', 1635194641, 8, 5, 246, 1635194895, 1, 0, 0, 0, 2, 23, 0, 0, 1, 1, 0, 0, 0, '1920 x 1080', 'Christy Nathan', 'christy.nathan@honolulu.gov', '206.195.190.253', '2993f0b11f9277b5393ba3f6813bd0d1', '', 'livechatimagelink', 'Live Chat Direct Link', 'Select Area of Inquiry:-_-Certificate Inquiry-cus-Company-_-Dept. of Env. Services EQ-cus-', 'Hi, I took and completed my HazCom training on 9/29.  Do you know when that certificate of completion will be mailed out?  Thanks.'),
('260095820BJ', 1635457285, 34, 15, 229, 1635457548, 1, 0, 0, 0, 2, 23, 0, 0, 1, 1, 0, 0, 1, '1280 x 1024', 'Doug Hulmes', 'doug.hulmes@aptim.com', '72.201.60.220', '8b5171b4962c7e0b305ba5aae9c5193f', '', '', '', 'Select Area of Inquiry:-_-Certificate Inquiry-cus-Company-_-aptim-cus-', 'Please email a copy of my 8 Hr OSHA refresher\r\ndoug.hulmes@aptim.com '),
('2601655439A', 1635527008, 0, 0, 0, 0, 0, 0, 1, 0, 2, 23, 0, 0, 5, 4, 0, 0, 0, '375 x 812', 'Jack me off', 'jeff.kline@csregs.com', '107.77.237.25', '94b443cb487419121f1a3aaa4624a666', '', '', '', 'Select Area of Inquiry:-_-New Registration-cus-Company-_-Cs-cus-', 'Jeffro kline fucked me i. The mouth!'),
('260169397W5', 1635530862, 26, 6, 840, 1635531728, 1, 0, 0, 0, 2, 23, 0, 0, 1, 2, 0, 0, 1, '1920 x 1080', 'Monika', 'monika@secondsourcemed.com', '96.82.100.59', '6b09e445ad91f5a6d1b62902873bee2a', '', '', '', 'Select Area of Inquiry:-_-Existing Registration-cus-Company-_-Second Source Medical-cus-', 'I thought I just paid for an online 8 hr Hazwoper Refresher course but I did not receive any information on the class.'),
('2604222143A', 1635783680, 13, 10, 1504, 1635785197, 1, 0, 0, 0, 2, 23, 0, 0, 1, 3, 0, 0, 1, '1536 x 864', 'Marcus Siefert', 'marcus.siefert@technipfmc.com', '73.6.214.155', '798187b74be17b5b22788180b173bdf1', '', '', '', 'Select Area of Inquiry:-_-Existing Registration-cus-Company-_-TechnipFMC-cus-', 'I registered for the 8-Hour HAZWOPER on 10/22 (order SO1029).  I need to withdraw from the class and need a refund.  How do I do that?'),
('260422941YX', 1635784406, 9, 5, 147, 1635784562, 1, 0, 0, 0, 2, 23, 0, 0, 1, 3, 0, 0, 2, '1920 x 1080', 'Aaron Haskin', 'ahaskin@tesla.com', '209.133.79.119', '43aa943f9617cb05b37bb66fa46efb00', '', '', '', 'Select Area of Inquiry:-_-Certificate Inquiry-cus-Company-_-Tesla Motors-cus-', 'I did my 40-hour HAZWOPER training with csregs as well as a refresher course last summer. I worked for Clean Harbors at the time, but I don\'t work for them anymore. They never gave me the certificate and I need it for my new job.'),
('26042706827', 1635788533, 18, 14, 198, 1635788749, 1, 0, 0, 0, 2, 23, 0, 0, 1, 1, 0, 0, 2, '1536 x 864', 'John Khamis', 'john.khamis@erm.com', '73.188.242.230', '969c5907d8af05902c47334497f94dc4', '', '', '', 'Select Area of Inquiry:-_-Scheduling/Reschedule-cus-Company-_-ERM-cus-', 'I want to know when I can sign up for my 8 hour in person portion'),
('260428419R4', 1635789884, 0, 0, 0, 0, 0, 0, 2, 0, 2, 23, 0, 0, 1, 3, 0, 0, 0, '1280 x 720', 'Charles Christopher', 'charleschristopher1174@gmail.com', '208.116.210.61', 'bf6e9b0dfb8632dd71cd379925deec74', '', '', '', 'Select Area of Inquiry:-_-Certificate Inquiry-cus-Company-_-CDM Smith (formerly Associated Earth Sciences, Inc.)-cus-', 'Hello, I am trying to look up the current status of my hazwoper certification.'),
('260527651CH', 1635889117, 28, 5, 338, 1635889483, 1, 0, 0, 0, 2, 23, 0, 0, 1, 2, 0, 0, 1, '1920 x 1080', 'Monika', 'monika@secondsourcemed.com', '96.82.100.59', 'aeed0201b5d2823ff856a5c030228189', '', 'livechatimagelink', 'Live Chat Direct Link', 'Select Area of Inquiry:-_-Other-cus-Company-_-Second Source Medical-cus-', 'It says I completed lesson 1, but I can\'t move onto lesson 2.  Why?'),
('260595569JK', 1635957034, 30, 9, 916, 1635957980, 1, 0, 0, 0, 2, 23, 0, 0, 1, 3, 0, 0, 1, '1920 x 1080', 'Allison Campbell', 'allison.campbell@woodplc.com', '207.11.241.4', '60876cb786edffbfc290b197d5bbe938', '', 'http://www.csregs.com/', 'HAZWOPER OSHA EPA DOT Occupational Safety and Health Administration Environmental Protection Agency Department of Transportation Compliance Solutions ', 'Select Area of Inquiry:-_-Existing Registration-cus-Company-_-Wood PLC-cus-', 'I thought I was signed up for a hybrid 32 hour online and 8 hour in person class, but I see that the online modules are for 40 hours. Could you please help me make sure I am on the right path and enrolled in the correct course? I have completed over 80% of the current course I am in. '),
('2610284692A', 1636389934, 23, 5, 344, 1636390301, 1, 0, 0, 0, 2, 23, 0, 0, 2, 2, 0, 0, 2, '1440 x 900', 'Duane Gobin', 'donnchaidh@tutanota.com', '45.128.36.178', 'c24db62edf4c503db74c1709afdf13a3', '', '', '', 'Select Area of Inquiry:-_-Scheduling/Reschedule-cus-Company-_-University of Tennessee-cus-', 'Where can I take the \"practical\" assessment after taking the 4o hr HAZWOPER course? I am currently based in Knoxville, Tn. Do you have any training centres here?'),
('2610369164X', 1636398382, 25, 5, 841, 1636399248, 1, 0, 0, 0, 2, 23, 0, 0, 1, 1, 0, 0, 1, '1536 x 864', 'Sandra McCann', 'Sandra.McCann@tetratech.com', '165.225.10.237', '77dae6f31b4cec3ddeed00f1ae4c93f7', '', '', '', 'Select Area of Inquiry:-_-New Registration-cus-Company-_-Tetra Tech Inc-cus-', 'I received an e-mail with the Log in to get Started, for order 14902.  When I click to invite my student, it get the message : the Order was not processed because it was created by a different user, what do I do from here?'),
('261043550RJ', 1636405016, 0, 0, 0, 0, 0, 0, 2, 0, 2, 23, 0, 0, 1, 3, 0, 0, 0, '1536 x 864', 'Ryan', 'ryan.deyear@erm.com', '99.106.37.47', 'a3eb068ef58df9e6b3afa09d918d5e14', '', '', '', 'Select Area of Inquiry:-_-Scheduling/Reschedule-cus-Company-_-ERM-cus-', 'I am inquiring about the hybrid HAZWOPER training. When I complete the online portion, when will I be able to complete the hands on? Will I receive certification before or after the hands on?'),
('261118611GV', 1636480076, 22, 3, 1081, 1636481179, 1, 0, 0, 0, 2, 23, 0, 0, 1, 3, 0, 0, 1, '1920 x 1080', 'Paul Pham', 'paul.pham@gorillacircuits.com', '50.238.55.26', '29e8b009ee9fbbb115c27ad420d790a2', '', '', '', 'Select Area of Inquiry:-_-New Registration-cus-Company-_-Gorilla Circuits-cus-', 'Is the 40 hrs hazwoper hybrid actually required 40 hours online + 8 hours hands-on or is it 32 hrs online and 8 hours hands-on?'),
('2611299714M', 1636491437, 27, 7, 1004, 1636492468, 1, 0, 0, 0, 2, 23, 0, 0, 1, 1, 0, 0, 2, '1536 x 960', 'Alisa Gee', 'alisa.gee@cepheid.com', '75.25.121.13', '742cc71a5a6e58f94c4fdd6120c6296d', '', '', '', 'Select Area of Inquiry:-_-Other-cus-Company-_-Cepheid-cus-', 'Hi\r\n\r\nDoes Compliance solutions offer OSHA 10 hour course for general industry?'),
('261130338E5', 1636491804, 26, 8, 558, 1636492388, 1, 0, 0, 0, 2, 23, 0, 0, 1, 3, 0, 0, 2, '1280 x 720', 'crizmon', 'crizmon@hlworegon.com', '68.67.105.121', '6581d74d5134e3ea500bbd53153562e5', '', '', '', 'Select Area of Inquiry:-_-Certificate Inquiry-cus-Company-_-Hudspeth Land and Water-cus-', 'Hello, I am following up on the certificate for Emily Wells. She took the hazwoper class on 10/15 in Beaverton to complete her 40 hours. I know you have been having issues and wanted to check in and see what the status is. '),
('261198813RK', 1636560279, 0, 0, 0, 0, 0, 0, 2, 0, 2, 23, 0, 0, 1, 3, 0, 0, 0, '1920 x 1080', 'Cathy Snow', 'csnow@jrlynchandsons.com', '24.171.171.162', '1e6017640df16c67db083429ef2d8bb8', '', '', '', 'Select Area of Inquiry:-_-Existing Registration-cus-Company-_-Jimmy R. Lynch & Sons, Inc.-cus-', 'I signed an employee up for Drug and Alcohol Reasonable Suspicion Training for Supervisors in July 2021.  How Long does he have to take the course  '),
('261280647H3', 1636642112, 0, 0, 0, 0, 0, 0, 2, 0, 2, 23, 0, 0, 2, 1, 0, 0, 0, '768 x 1024', 'Samantha Hindle', 'Samantha.hindle@arcadis.com', '172.58.196.70', '7430c6c965ccc40c3e0054edc97c8768', '', '', '', 'Select Area of Inquiry:-_-Scheduling/Reschedule-cus-Company-_-Arcadis-cus-', 'Hi, my name is Samantha Hindle. I finished the 40 hour hazwoper hybrid and need to sign up for the 8 hour dress out. Is there a class tomorrow that I can attend? \r\nThank you.'),
('261388577WQ', 1636750043, 23, 4, 481, 1636750547, 1, 0, 0, 0, 2, 23, 0, 0, 1, 1, 0, 0, 1, '1281 x 721', 'Eric', 'eric.santos@aptim.com', '107.77.214.77', '174f824787b6730769a01684d6edacbb', '', '', '', 'Select Area of Inquiry:-_-New Registration-cus-Company-_-APTIM-cus-', 'Can I take the HAZWOPER 8-hour refresher training if my previous training expired on 12/12/20?  My initial 40-hour training was on 1/6/14, and I\'ve kept it up-to-date every year until recently.'),
('26163564387', 1636997109, 30, 8, 112, 1636997251, 1, 0, 0, 0, 2, 23, 0, 0, 1, 3, 0, 0, 2, '1536 x 864', 'Marcus', 'marcus.siefert@technipfmc.com', '73.6.214.155', 'f90a6e6ca27f8fd4b6f29f95b43127a0', '', '', '', 'Select Area of Inquiry:-_-Existing Registration-cus-Company-_-TechnipFMC-cus-', 'I\'m registered for the 8-Hour HAZWOPER Annual Refresher for this Friday 11/19/21 in Houston.  Do y\'all have enough students for this course or will it be cancelled?'),
('261652028EB', 1637013493, 32, 13, 289, 1637013814, 1, 0, 0, 0, 2, 23, 0, 0, 1, 3, 0, 0, 2, '1280 x 720', 'john', 'john.cazares@cepheid.com', '12.197.245.138', 'd0b0008363b2fd92b19cbb2ebe61608f', '', '', '', 'Select Area of Inquiry:-_-Other-cus-Company-_-cepheid-cus-', 'Can you please provide a receipt for purchase on 10/6/2021 in the amount of $140.00? My credit card\'s last 4 digits are: 5338.'),
('261715936EZ', 1637077402, 10, 6, 231, 1637077643, 1, 0, 0, 0, 2, 23, 0, 0, 1, 1, 0, 0, 0, '1280 x 720', 'Agatha', 'amkim@trccompanies.com', '73.158.214.243', 'f5c9eb323d30bf15d6a5bf2d4bd42424', '', '', '', 'Select Area of Inquiry:-_-Existing Registration-cus-Company-_-TRC-cus-', 'Why was my order cancelled?'),
('261913689K9', 1637275154, 0, 0, 0, 0, 0, 0, 1, 0, 2, 19, 0, 0, 1, 3, 0, 0, 0, '1536 x 864', 'Krista Jackson', 'krista.jackson@kuraray.com', '209.166.156.34', 'e019af8595c6e63e2c6ae038d33d2c93', '', '', '', 'Select Area of Inquiry:-_-Existing Registration-cus-Company-_-Calgon Carbon -cus-', 'Hi.  I would like to know if there is any update on the 40-Hr HAZWOPER that is tentatively scheduled for Nov 30 - Dec 3 in St. Louis, MO.  Is this class going on as scheduled or will it be cancelled? '),
('261972511EX', 1637333976, 0, 0, 0, 0, 0, 0, 2, 0, 2, 19, 0, 0, 1, 1, 0, 0, 0, '1280 x 720', 'Elizabeth Lofredo', 'elizabethalofredo@gmail.com', '165.225.221.35', '6c73f30167b56565a9e6779b85030455', '', '', '', 'Select Area of Inquiry:-_-Certificate Inquiry-cus-Company-_-ERM-cus-', 'I cannot find where my HAZWOPER certification was sent to or the paper copy. is there any way i could get it emailed to me again?'),
('2622509134V', 1637612380, 0, 0, 0, 0, 0, 0, 2, 0, 2, 23, 0, 0, 1, 1, 0, 0, 0, '1920 x 1200', 'Tryon Thompson', 'tryon.thompson@prattwhitney.com', '192.249.49.61', 'aaa4d40a971298cef846b5074d666a3a', '', 'livechatimagelink', 'Live Chat Direct Link', 'Select Area of Inquiry:-_-Existing Registration-cus-Company-_-Pratt Whitney-cus-', 'I need to reset my password. I logged in last week but i\'m having a problem today.'),
('262253909AB', 1637615374, 0, 0, 0, 0, 0, 0, 2, 0, 2, 23, 0, 0, 1, 3, 0, 0, 0, '1920 x 1080', 'wayne ', 'wkidd@johnpac.com', '24.249.90.204', '7ecc32026ae5d0f8738460afbbc113d0', '', '', '', 'Select Area of Inquiry:-_-New Registration-cus-Company-_-johnpac-cus-', 'dates for 40 hour supervisor hazwoper in new orleans'),
('262411069TQ', 1637772534, 0, 0, 0, 0, 0, 0, 2, 0, 2, 23, 0, 0, 1, 3, 0, 0, 0, '1280 x 720', 'Nasim Pica', 'picane@cdmsmith.com', '208.116.164.237', '69bdf52b808f7de10067b975d68025a0', '', 'livechatimagelink', 'Live Chat Direct Link', 'Select Area of Inquiry:-_-Certificate Inquiry-cus-Company-_-CDM Smith-cus-', 'Hi, I\'d like to know where is my certificate at? I passed the exam on Oct.25 and havent received it.'),
('262836700T9', 1638198166, 0, 0, 0, 0, 0, 0, 2, 0, 2, 23, 0, 0, 1, 3, 0, 0, 0, '1920 x 1080', 'Adam W.', 'akwranch@gmail.com', '174.210.164.53', '5807c2f6b32f91b42f54ecfd3845a06f', '', '', '', 'Select Area of Inquiry:-_-Certificate Inquiry-cus-Company-_-AKE Trucking-cus-', 'Looking into taking the Hazardous Materials Transportation Course in Kansas City, MO on January 3rd, 2022. I would like to know before we register, if at the end of the course the student will have their hazardous materials endorsement OR if the student will still need to take the written test at a local dmv office to truly receive their hme on their commercial drivers license?'),
('262856333H3', 1638217798, 24, 4, 261, 1638218083, 1, 0, 0, 0, 2, 23, 0, 0, 1, 3, 0, 0, 1, '1920 x 1080', 'Shawn Harrison', 'SHarrison@forrestpaint.com', '50.228.24.114', 'a678175f7300e0512cfc18f01654e656', '', '', '', 'Select Area of Inquiry:-_-Scheduling/Reschedule-cus-Company-_-Forrest paint -cus-', 'i have finshed the online training and now looking for the dress out part of the training for the HAZWOPER. all im seeing is the refresher corse. can you please help.'),
('262863310GG', 1638224775, 0, 0, 0, 0, 0, 0, 2, 0, 2, 23, 0, 0, 2, 3, 0, 0, 0, '1440 x 900', 'Katelyn Spina', 'katelyns782@gmail.com', '24.190.70.252', '0471ef4a8349b414f1fa7264b8741946', '', '', '', 'Select Area of Inquiry:-_-Certificate Inquiry-cus-Company-_-Kleinfelder-cus-', 'I completed my 40 hour HAZWOPER online back in October but I have not received the certificate in the mail yet. '),
('2628653522B', 1638226817, 0, 0, 0, 0, 0, 0, 1, 0, 2, 19, 0, 0, 1, 3, 0, 0, 0, '1536 x 864', 'William OBrien', 'wobrien@langan.com', '24.94.13.151', '4acbf3bec86dad13d2717538a6d3b081', '', 'http://www.csregs.com/', 'HAZWOPER OSHA EPA DOT Occupational Safety and Health Administration Environmental Protection Agency Department of Transportation Compliance Solutions ', 'Select Area of Inquiry:-_-Other-cus-Company-_-Langan-cus-', 'I keep being prevented from moving forward from any module that is \"part 1, part 2\" and does not include a final assessment at the end. This has happened twice now and there have only been 2 such sections. It is happening a third time and I now have at least 6 of these sections in a row. Can I please be manually passed through these sections to avoid continued hold-ups to my training? I have a business trip this must be completed by with a rather tight deadline and I can\'t continue to wait until the next day for a response from tech help. I really appreciate the help so far, but I hope you understand my concerns / limited timeline.'),
('262922146AR', 1638283612, 0, 0, 0, 0, 0, 0, 2, 0, 2, 23, 0, 0, 1, 1, 0, 0, 0, '1920 x 1080', 'Debra Davis', 'debra_k_davis@huntsman.com', '205.235.104.60', 'a513ef941e8248514e8a9ceffdcfa29b', '', '', '', 'Select Area of Inquiry:-_-Other-cus-Company-_-Huntsman-cus-', 'Question with incorrect answer on the 8 hr hazwoper.  Was just going to email but none of the options on your webpage will actually let me send an email.  It just takes me to your contact page.  '),
('262932637E7', 1638294102, 0, 0, 0, 0, 0, 0, 2, 0, 2, 23, 0, 0, 1, 3, 0, 0, 0, '1920 x 1080', 'Krystal Hazen-McCreary', 'kdhazen@blm.gov', '47.5.13.189', 'bf708ddd3c997ca416e018fafa61c710', '', '', '', 'Select Area of Inquiry:-_-Scheduling/Reschedule-cus-Company-_-BLM-cus-', 'I have completed the online portion of the 40 Hr. HAZWOPER and am looking to register for one of the in-person classes. I\'m having a little trouble finding what classes/locations are available and finding where to register. Could you help guide me please?'),
('2629351208K', 1638296585, 12, 10, 711, 1638297308, 1, 0, 0, 0, 1, 23, 0, 0, 1, 1, 0, 0, 1, '1366 x 768', 'Kerry Treacy', 'kerry.treacy@aptim.com', '108.35.156.247', '66352d3511342b60c6bc76b0d1d84306', '', 'livechatimagelink', 'Live Chat Direct Link', 'Question Type:-_-Course Not Working as Expected-cus-Company-_-APTIM-cus-Online Course-_-8 HR HAZWOPER REFRESHER-cus-', 'Won\'t allow me to start second module when it says I completed the first. '),
('2630074649R', 1638368929, 0, 0, 0, 0, 0, 0, 1, 0, 2, 23, 0, 0, 1, 1, 0, 0, 0, '1600 x 900', 'jennifer ', 'Jennifer.monachello@gxo.com', '74.119.111.201', '0e9cec909a5f320a24d0845b9898e353', '', '', '', 'Select Area of Inquiry:-_-New Registration-cus-Company-_-gxo-cus-', 'Can you please tell me if you have a new site for training every time i try to click on the online training to purchase it states it does not exist the link '),
('2630075249Z', 1638368989, 0, 0, 0, 0, 0, 0, 1, 0, 2, 23, 0, 0, 1, 1, 0, 0, 0, '1600 x 900', 'jennifer', 'Jennifer.monachello@gxo.com', '74.119.111.201', '0e9cec909a5f320a24d0845b9898e353', '', '', '', 'Select Area of Inquiry:-_-New Registration-cus-Company-_-gxo -cus-', 'Website is not working '),
('2630123335V', 1638373800, 17, 13, 814, 1638374631, 1, 0, 0, 0, 2, 23, 0, 0, 1, 3, 0, 0, 1, '1366 x 768', 'cody phillips', 'phillipscody49@gmail.com', '216.106.78.101', 'd22f7201b62b2bd80f3195f3c24b1ba9', '', '', '', 'Select Area of Inquiry:-_-New Registration-cus-Company-_-EDI-cus-', 'The site will not allow me to log onto it from my laptop, but it will on my phone. I need to be able to use the laptop'),
('2630159399C', 1638377404, 23, 4, 522, 1638377949, 1, 0, 0, 0, 2, 23, 0, 0, 1, 3, 0, 0, 2, '1680 x 1050', 'Brenda', 'brenda.herrington@dsm.com', '71.14.231.66', '8c72fd04c08cb44fb617cfab5c65acff', '', '', '', 'Select Area of Inquiry:-_-Existing Registration-cus-Company-_-Romer Labs Inc-cus-', 'My email address has changed but an account was created under this new email address but it will not let me log in using this new email'),
('263023325Y7', 1638384790, 36, 17, 2298, 1638387124, 1, 0, 0, 0, 2, 23, 0, 0, 1, 3, 0, 0, 1, '1920 x 1080', 'Alison Adams', 'a.adams@trileaf.com', '71.46.237.210', 'fdfb9b36172425d9cb87f3af9bc350ed', '', '', '', 'Select Area of Inquiry:-_-Other-cus-Company-_-Trileaf-cus-', 'I took my last 8-hr HAZWOPER annual refresher in 2020, and the certificate is dated 10/30/20. I forgot to take this year\'s refresher by that date in 2021; will i still be able to take the refresher by the end of the year and my certification still be valid? Or did i miss the window, since it\'s past 10/30/21? Thanks!'),
('263031843RG', 1638393308, 33, 12, 663, 1638394004, 1, 0, 0, 0, 2, 23, 0, 0, 1, 3, 0, 0, 0, '1920 x 1080', 'Chris Gardner', 'c.gardner@danbury-ct.gov', '71.234.203.34', '664393fc1e1e9734249bbf4a08cfbebe', '', '', '', 'Select Area of Inquiry:-_-Other-cus-Company-_-City of Danbury Public Utilities-cus-', 'I still need to do 8 hours hands on for my 40hr hazwopper. Anything in the northeast coming up?!? My Voucher expires on 12/27'),
('2631895954K', 1638551061, 16, 13, 1034, 1638552111, 1, 0, 0, 0, 2, 23, 0, 0, 1, 1, 0, 0, 1, '1504 x 1003', 'Catrina', 'CAniballi@duccielectrical.com', '71.232.200.97', 'adb0982bbb6174082d7358d1534f0178', '', '', '', 'Select Area of Inquiry:-_-Scheduling/Reschedule-cus-Company-_-Ducci-cus-', 'I need to schedule live hands on training.'),
('263201641HH', 1638563106, 37, 14, 420, 1638563563, 1, 0, 0, 0, 2, 23, 0, 0, 1, 1, 0, 0, 0, '1920 x 1080', 'Jesse Reyes', 'jreyes1819@gmail.com', '12.206.84.68', '426452c5d51a5959ebe3d7944f700675', '', '', '', 'Select Area of Inquiry:-_-Certificate Inquiry-cus-Company-_-Signature Flight Support-cus-', 'Copy of the certificate of completion for fuel safety supervisor'),
('263442070W4', 1638803535, 10, 5, 143, 1638803688, 1, 0, 0, 0, 2, 23, 0, 0, 1, 3, 0, 0, 2, '1920 x 1080', 'Jose Zamora', 'jzamora@index-usa.com', '144.121.190.84', '1d93b05f14ef3102497df2c7830371f0', '', '', '', 'Select Area of Inquiry:-_-Existing Registration-cus-Company-_-INDEX-cus-', 'What time does class start for the course in Indianapolis  on 2/28?'),
('263451648AT', 1638813114, 42, 8, 170, 1638813326, 1, 0, 0, 0, 2, 23, 0, 0, 1, 3, 0, 0, 2, '1536 x 864', 'Hesham El Ganainy', 'helganainy@langan.com', '73.71.59.185', '67d324ddeb5e68f99dc9782fd383c917', '', 'http://www.csregs.com/', 'HAZWOPER OSHA EPA DOT Occupational Safety and Health Administration Environmental Protection Agency Department of Transportation Compliance Solutions ', 'Select Area of Inquiry:-_-Other-cus-Company-_-LANGAN-cus-', 'Hello. I am trying the start next module and it is not allowing me. Thanks.'),
('263462730KK', 1638824195, 6, 4, 795, 1638824996, 1, 0, 0, 0, 1, 23, 0, 0, 5, 3, 0, 0, 1, '412 x 915', 'Anthony spaulding', 'Spauldinganthony1@gmail.com', '172.58.196.49', '9801984c6c62d8e69c14640864a64369', '', 'http://www.csregs.com/', 'HAZWOPER OSHA EPA DOT Occupational Safety and Health Administration Environmental Protection Agency Department of Transportation Compliance Solutions ', 'Question Type:-_-Course Not Working as Expected-cus-Company-_-Advanced vacuum services -cus-Online Course-_-HAZWOPER-cus-', 'On the chemical hazard ID assessment it\'s not letting me continue after answering the first question'),
('2634629513V', 1638824418, 10, 7, 291, 1638824719, 1, 0, 0, 0, 1, 23, 0, 0, 1, 1, 0, 0, 0, '1280 x 720', 'Chad', 'devereauxc@michigan.gov', '136.181.197.184', 'adddf94bbbba08837023026165e81c06', '', 'livechatimagelink', 'Live Chat Direct Link', 'Question Type:-_-Course Not Working as Expected-cus-Company-_-SOM-cus-Online Course-_-Hazwoper-cus-', 'Why won\'t this piece of, let me continue with Lesson 2?'),
('263533601HC', 1638895066, 46, 6, 539, 1638895651, 1, 0, 0, 0, 2, 23, 0, 0, 1, 3, 0, 0, 1, '1920 x 1080', 'Emily ', 'esciarini@blueorigin.com', '192.16.77.32', 'e5ca8bc83656ac69aaa92985d97a0065', '', '', '', 'Select Area of Inquiry:-_-New Registration-cus-Company-_-Blue Origin-cus-', 'Hello, I am looking for a course that meets the requirements of 29 CFR 1910.1450.  It looks like the Lab Safety course is the right selection, but I also saw the Chemical Safety.  I want to make sure that Chemical Safety is covered in the Lab Safety class as it is not specifically listed. '),
('2635474643T', 1638908931, 11, 8, 234, 1638909176, 1, 0, 0, 0, 1, 23, 0, 0, 1, 3, 0, 0, 1, '1920 x 1080', 'David Loewen', 'david.loewen@arcadis.com', '68.174.144.88', '0e0e1a7d1cbabef0c06b019eaf673f6f', '', 'http://www.csregs.com/', 'HAZWOPER OSHA EPA DOT Occupational Safety and Health Administration Environmental Protection Agency Department of Transportation Compliance Solutions ', 'Question Type:-_-Course Not Working as Expected-cus-Company-_-Arcadis-cus-Online Course-_-OSHA 40 HR HAZWOPER-cus-', 'The module froze during the final assessment'),
('2636360313V', 1638997496, 7, 5, 854, 1638998357, 1, 0, 0, 0, 1, 23, 0, 0, 1, 1, 0, 0, 0, '1920 x 1080', 'Rene', 'keiser8251@gmail.com', '24.129.172.74', 'd2d2bb7a43b28db6aa2d2e6113353dac', '', '', '', 'Question Type:-_-Computer/Network Issues-cus-Company-_-Draken International-cus-Online Course-_-DOT Refresher-cus-', 'Cant log onnto the site in the PC, but can loggin on my phone'),
('263787692CR', 1639149157, 22, 3, 1191, 1639150370, 1, 0, 0, 0, 2, 23, 0, 0, 1, 3, 0, 0, 1, '1920 x 1080', 'Chris Swisher', 'chris.swisher@excelitas.com', '107.1.78.94', 'f7b7fc3deb81dc0a62db44d1d00af055', '', '', '', 'Select Area of Inquiry:-_-Scheduling/Reschedule-cus-Company-_-Excelitas -cus-', 'Is the 40 hour Hazwoper class being held next week ? '),
('263801909R4', 1639163374, 43, 5, 348, 1639163765, 1, 0, 0, 0, 2, 23, 0, 0, 1, 1, 0, 0, 2, '1680 x 1050', 'Chelsea', 'wiltsec1@michigan.gov', '136.181.198.40', '625336c61d26e1b49d619023a5fa91eb', '', '', '', 'Select Area of Inquiry:-_-Other-cus-Company-_-State of Michigan-cus-', 'I\'m currently registering staff for a HAZWOPER training and was wondering if any of them decides to reschedule, will that be a complicated process? Would there ben an additional charge?'),
('264045162HQ', 1639406628, 13, 9, 1501, 1639408142, 1, 0, 0, 0, 2, 23, 0, 0, 1, 3, 0, 0, 1, '1536 x 864', 'rebecca alrutz', 'becca.alrutz@amwater.com', '18.235.177.190', '821f5a2fc54c712684c6d70624b6da01', '', '', '', 'Select Area of Inquiry:-_-Existing Registration-cus-Company-_-american water-cus-', 'trying to find where to login for my DOT training today'),
('264227034ZN', 1639588500, 25, 4, 412, 1639588937, 1, 0, 0, 0, 2, 23, 0, 0, 1, 3, 0, 0, 2, '1280 x 720', 'Robert Pelkey', 'robert.pelkey@wsp.com', '47.132.132.149', 'aa45b3b4a8a2eb9d4a49e6035bdd3bd1', '', '', '', 'Select Area of Inquiry:-_-Certificate Inquiry-cus-Company-_-WSP-cus-', 'I was wondering when I will be receiving my certificate?  It has been more then 7-10 days.  Thank you'),
('264660469XQ', 1640021934, 25, 4, 2669, 1640024628, 1, 0, 0, 0, 2, 23, 0, 0, 1, 3, 0, 0, 1, '1920 x 1080', 'Nikki', 'nikki.goodridge@kennedyjenks.com', '72.199.244.8', '992ac6c7a855ad9c59c4eab102e65ac3', '', '', '', 'Select Area of Inquiry:-_-Certificate Inquiry-cus-Company-_-Kennedy Jenks-cus-', 'Two questions:\r\n- Who is the EH&S contact for our company and what address is associated with them?\r\n- Where do I find the Certificate Release Form if I need our certificate sent somewhere else from the EH&S Contact?'),
('2646710169Z', 1640032481, 40, 5, 382, 1640032903, 1, 0, 0, 0, 2, 23, 0, 0, 1, 3, 0, 0, 0, '1920 x 1080', 'Eloisa Medina ', 'ELOISA.MEDINA@CHILDRENS.COM', '64.124.56.254', '046e6a4b1899de01d32e8372b9f7ab3e', '', '', '', 'Select Area of Inquiry:-_-Certificate Inquiry-cus-Company-_-Childrens Health-cus-', 'I would like a copy of my training certificate and would like to know by when I need to complete my HazWoper refresher training.'),
('264752712MT', 1640114176, 0, 0, 0, 0, 0, 0, 0, 0, 2, 19, 12, 0, 1, 3, 0, 0, 0, '', 'Tony', 'tcamper@csregs.com', '50.222.123.98', 'op2op', '', 'op2op', '', '', 'Operator to Operator Chat Request'),
('264838060CX', 1640199525, 25, 5, 909, 1640200459, 1, 0, 0, 0, 2, 23, 0, 0, 1, 1, 0, 0, 2, '1920 x 1080', 'Robin Fryberger', 'rfryberger@sundanceenv.com', '97.118.233.131', 'f6391c0adfdd1c9b6fe183db9719e0a8', '', '', '', 'Select Area of Inquiry:-_-Existing Registration-cus-Company-_-Sundance Environmental-cus-', 'I will not be completing this class.  It did not meet my needs well.  It took too long for me to complete my first session (over an hour to get 30 minutes partial credit) and was very frustrating to click on each sentence.  I have had to get the training elsewhere in-person which I did in November at Red Rocks. \r\nQuestion is: will you refund my fees?\r\n\r\nRobin'),
('265867176BC', 1641228641, 25, 6, 565, 1641229231, 1, 0, 0, 0, 2, 23, 0, 0, 1, 3, 0, 0, 1, '1368 x 912', 'Sarah Mills', 'sarah@oishii.com', '144.121.68.187', '694b123684f61b5c9e2aaebc09e9a689', '', '', '', 'Select Area of Inquiry:-_-Other-cus-Company-_-Oishii-cus-', 'What is the difference between the Lab Safety and Chemical Safety courses? '),
('265868374AZ', 1641229839, 9, 5, 214, 1641230062, 1, 0, 0, 0, 1, 23, 0, 0, 1, 1, 0, 0, 0, '1920 x 1080', 'Tru', 'tdavis@burlesontx.com', '68.113.215.234', 'dbbc04f6ff3c9cb70bae26f27ea89cda', '', 'livechatimagelink', 'Live Chat Direct Link', 'Question Type:-_-Course Not Working as Expected-cus-Company-_-City of Burleson-cus-Online Course-_-8 hour hazwoper-cus-', 'It won\'t let me proceed to lesson 2');

